{"id":99,"date":"2026-04-27T09:13:36","date_gmt":"2026-04-27T12:13:36","guid":{"rendered":"https:\/\/wp.ufpel.edu.br\/sgto\/contato\/"},"modified":"2026-04-29T07:01:51","modified_gmt":"2026-04-29T10:01:51","slug":"contato","status":"publish","type":"page","link":"https:\/\/wp.ufpel.edu.br\/sgto\/contato\/","title":{"rendered":"Contato"},"content":{"rendered":"<div class=\"sgto-page sgto-contato\">\n<section class=\"sgto-section\">\n<div class=\"section-pretitle\">\/\/ CONTATO<\/div>\n<h1>Fale com a organiza\u00e7\u00e3o<\/h1>\n<p class=\"lead\">Entre em contato com a equipe do I SGTO para d\u00favidas sobre inscri\u00e7\u00f5es, chamadas, programa\u00e7\u00e3o, parcerias, imprensa e divulga\u00e7\u00e3o.<\/p>\n<\/section>\n<section class=\"sgto-section\">\n<div class=\"card-grid card-grid-3\">\n<div class=\"sgto-card\"><span class=\"card-pretitle\">\/\/ EVENTO<\/span><\/p>\n<h3>E-mail geral<\/h3>\n<p>Para d\u00favidas sobre inscri\u00e7\u00f5es, programa\u00e7\u00e3o, certificados, localiza\u00e7\u00e3o e informa\u00e7\u00f5es gerais do evento.<\/p>\n<p><a class=\"card-link\" href=\"mailto:sg.ocupacaoetrabalho@gmail.com\">sg.ocupacaoetrabalho@gmail.com<\/a><\/p>\n<\/div>\n<div class=\"sgto-card\"><span class=\"card-pretitle\">\/\/ TRABALHOS<\/span><\/p>\n<h3>Submiss\u00e3o de trabalhos<\/h3>\n<p>Para d\u00favidas sobre envio de resumos expandidos, edital, template, avalia\u00e7\u00e3o e comunica\u00e7\u00e3o com a Comiss\u00e3o Cient\u00edfica.<\/p>\n<p><a class=\"card-link\" href=\"mailto:trabalhos.sgto@gmail.com\">trabalhos.sgto@gmail.com<\/a><\/p>\n<\/div>\n<div class=\"sgto-card\"><span class=\"card-pretitle\">\/\/ INSTAGRAM<\/span><\/p>\n<h3>Acompanhe as atualiza\u00e7\u00f5es<\/h3>\n<p>As principais informa\u00e7\u00f5es do evento tamb\u00e9m ser\u00e3o divulgadas no perfil do curso no Instagram.<\/p>\n<p><a class=\"card-link\" style=\"display: inline-flex; align-items: center; gap: 8px;\" href=\"https:\/\/www.instagram.com\/sgterapiaocupacional\/\" target=\"_blank\" rel=\"noopener\"><\/p>\n<p>@sgterapiaocupacional<br \/>\n<\/a><\/p>\n<\/div>\n<\/div>\n<\/section>\n<section class=\"sgto-section sgto-text\">&nbsp;<\/p>\n<h2>Imprensa e divulga\u00e7\u00e3o<\/h2>\n<p>Para solicita\u00e7\u00f5es de entrevista, divulga\u00e7\u00e3o institucional ou materiais de imprensa, escreva para <a href=\"mailto:sg.ocupacaoetrabalho@gmail.com\">sg.ocupacaoetrabalho@gmail.com<\/a> com o assunto <strong>Imprensa \u2014 I SGTO<\/strong>.<\/p>\n<\/section>\n<p>&nbsp;<\/p>\n<\/div>\n","protected":false},"excerpt":{"rendered":"<p>\/\/ CONTATO Fale com a organiza\u00e7\u00e3o Entre em contato com a equipe do I SGTO para d\u00favidas sobre inscri\u00e7\u00f5es, chamadas, programa\u00e7\u00e3o, parcerias, imprensa e divulga\u00e7\u00e3o. \/\/ EVENTO&hellip; <span class=\"read-more\"><a class=\"more-link\" href=\"https:\/\/wp.ufpel.edu.br\/sgto\/contato\/\" rel=\"bookmark\">Leia Mais <span class=\"screen-reader-text\">&#8220;Contato&#8221;<\/span><\/a><\/span><\/p>\n","protected":false},"author":189,"featured_media":0,"parent":0,"menu_order":8,"comment_status":"closed","ping_status":"closed","template":"","meta":{"footnotes":""},"class_list":["post-99","page","type-page","status-publish","hentry"],"_links":{"self":[{"href":"https:\/\/wp.ufpel.edu.br\/sgto\/wp-json\/wp\/v2\/pages\/99","targetHints":{"allow":["GET"]}}],"collection":[{"href":"https:\/\/wp.ufpel.edu.br\/sgto\/wp-json\/wp\/v2\/pages"}],"about":[{"href":"https:\/\/wp.ufpel.edu.br\/sgto\/wp-json\/wp\/v2\/types\/page"}],"author":[{"embeddable":true,"href":"https:\/\/wp.ufpel.edu.br\/sgto\/wp-json\/wp\/v2\/users\/189"}],"replies":[{"embeddable":true,"href":"https:\/\/wp.ufpel.edu.br\/sgto\/wp-json\/wp\/v2\/comments?post=99"}],"version-history":[{"count":4,"href":"https:\/\/wp.ufpel.edu.br\/sgto\/wp-json\/wp\/v2\/pages\/99\/revisions"}],"predecessor-version":[{"id":335,"href":"https:\/\/wp.ufpel.edu.br\/sgto\/wp-json\/wp\/v2\/pages\/99\/revisions\/335"}],"wp:attachment":[{"href":"https:\/\/wp.ufpel.edu.br\/sgto\/wp-json\/wp\/v2\/media?parent=99"}],"curies":[{"name":"wp","href":"https:\/\/api.w.org\/{rel}","templated":true}]}}