{"id":8,"date":"2026-04-25T16:50:09","date_gmt":"2026-04-25T19:50:09","guid":{"rendered":"https:\/\/wp.ufpel.edu.br\/sgto\/?page_id=8"},"modified":"2026-04-27T14:59:02","modified_gmt":"2026-04-27T17:59:02","slug":"inicio","status":"publish","type":"page","link":"https:\/\/wp.ufpel.edu.br\/sgto\/","title":{"rendered":"I SGTO"},"content":{"rendered":"<div class=\"sgto-page sgto-home\">\n<section class=\"sgto-hero-img\">\n<a class=\"sgto-hero-img__link\" href=\"\/sgto\/inscricoes\/\"><br \/>\n<img decoding=\"async\" class=\"sgto-hero-img__desktop\" src=\"https:\/\/wp.ufpel.edu.br\/sgto\/files\/2026\/04\/hero-desktop@2x-scaled.png\" alt=\"I SGTO \u2014 17, 18 e 19 de junho \u00b7 Pelotas\/RS \u00b7 Semin\u00e1rio Ga\u00facho de Terapia Ocupacional\" \/><br \/>\n<img decoding=\"async\" class=\"sgto-hero-img__mobile\" src=\"https:\/\/wp.ufpel.edu.br\/sgto\/files\/2026\/04\/hero-mobile@2x.png\" alt=\"I SGTO \u2014 17, 18 e 19 de junho \u00b7 Pelotas\/RS\" \/><br \/>\n<\/a><br \/>\n<\/section>\n<section class=\"sgto-resumo\">\n<div class=\"section-pretitle\">\/\/ SOBRE O EVENTO<\/div>\n<h2>Um espa\u00e7o de encontro e <em>articula\u00e7\u00e3o coletiva<\/em>.<\/h2>\n<p>O <strong>I Semin\u00e1rio Ga\u00facho sobre Ocupa\u00e7\u00e3o, Trabalho e Produ\u00e7\u00e3o de Conhecimento<\/strong> \u00e9 um evento cient\u00edfico estadual, presencial e gratuito, promovido pelo Curso de Terapia Ocupacional da Universidade Federal de Pelotas (UFPel), com apoio da FAPERGS.<\/p>\n<p>Tr\u00eas dias para articular ensino, pesquisa, extens\u00e3o e o SUS ga\u00facho em torno da Terapia Ocupacional.<\/p>\n<p><a class=\"sgto-link\" href=\"\/sgto\/sobre\/\">Saiba mais \u2192<\/a><\/p>\n<\/section>\n<\/div>\n","protected":false},"excerpt":{"rendered":"<p>\/\/ SOBRE O EVENTO Um espa\u00e7o de encontro e articula\u00e7\u00e3o coletiva. O I Semin\u00e1rio Ga\u00facho sobre Ocupa\u00e7\u00e3o, Trabalho e Produ\u00e7\u00e3o de Conhecimento \u00e9 um evento cient\u00edfico estadual,&hellip; <span class=\"read-more\"><a class=\"more-link\" href=\"https:\/\/wp.ufpel.edu.br\/sgto\/\" rel=\"bookmark\">Leia Mais <span class=\"screen-reader-text\">&#8220;I SGTO&#8221;<\/span><\/a><\/span><\/p>\n","protected":false},"author":189,"featured_media":0,"parent":0,"menu_order":1,"comment_status":"closed","ping_status":"closed","template":"","meta":{"footnotes":""},"class_list":["post-8","page","type-page","status-publish","hentry"],"_links":{"self":[{"href":"https:\/\/wp.ufpel.edu.br\/sgto\/wp-json\/wp\/v2\/pages\/8","targetHints":{"allow":["GET"]}}],"collection":[{"href":"https:\/\/wp.ufpel.edu.br\/sgto\/wp-json\/wp\/v2\/pages"}],"about":[{"href":"https:\/\/wp.ufpel.edu.br\/sgto\/wp-json\/wp\/v2\/types\/page"}],"author":[{"embeddable":true,"href":"https:\/\/wp.ufpel.edu.br\/sgto\/wp-json\/wp\/v2\/users\/189"}],"replies":[{"embeddable":true,"href":"https:\/\/wp.ufpel.edu.br\/sgto\/wp-json\/wp\/v2\/comments?post=8"}],"version-history":[{"count":4,"href":"https:\/\/wp.ufpel.edu.br\/sgto\/wp-json\/wp\/v2\/pages\/8\/revisions"}],"predecessor-version":[{"id":182,"href":"https:\/\/wp.ufpel.edu.br\/sgto\/wp-json\/wp\/v2\/pages\/8\/revisions\/182"}],"wp:attachment":[{"href":"https:\/\/wp.ufpel.edu.br\/sgto\/wp-json\/wp\/v2\/media?parent=8"}],"curies":[{"name":"wp","href":"https:\/\/api.w.org\/{rel}","templated":true}]}}

<div class="sgto-page sgto-home">
<section class="sgto-hero-img">
<a class="sgto-hero-img__link" href="/sgto/inscricoes/"><br />
<img decoding="async" class="sgto-hero-img__desktop" src="https://wp.ufpel.edu.br/sgto/files/2026/04/hero-desktop@2x-scaled.png" alt="I SGTO — 17, 18 e 19 de junho · Pelotas/RS · Seminário Gaúcho de Terapia Ocupacional" /><br />
<img decoding="async" class="sgto-hero-img__mobile" src="https://wp.ufpel.edu.br/sgto/files/2026/04/hero-mobile@2x.png" alt="I SGTO — 17, 18 e 19 de junho · Pelotas/RS" /><br />
</a><br />
</section>
<section class="sgto-resumo">
<div class="section-pretitle">// SOBRE O EVENTO</div>
<h2>Um espaço de encontro e <em>articulação coletiva</em>.</h2>
<p>O <strong>I Seminário Gaúcho sobre Ocupação, Trabalho e Produção de Conhecimento</strong> é um evento científico estadual, presencial e gratuito, promovido pelo Curso de Terapia Ocupacional da Universidade Federal de Pelotas (UFPel), com apoio da FAPERGS.</p>
<p>Três dias para articular ensino, pesquisa, extensão e o SUS gaúcho em torno da Terapia Ocupacional.</p>
<p><a class="sgto-link" href="/sgto/sobre/">Saiba mais →</a></p>
</section>
</div>

<p>// SOBRE O EVENTO Um espaço de encontro e articulação coletiva. O I Seminário Gaúcho sobre Ocupação, Trabalho e Produção de Conhecimento é um evento científico estadual,&hellip; <span class="read-more"><a class="more-link" href="https://wp.ufpel.edu.br/sgto/" rel="bookmark">Leia Mais <span class="screen-reader-text">&#8220;I SGTO&#8221;</span></a></span></p>
