{"id":228,"date":"2026-04-28T21:00:34","date_gmt":"2026-04-29T00:00:34","guid":{"rendered":"https:\/\/wp.ufpel.edu.br\/sgto\/?page_id=228"},"modified":"2026-04-29T06:42:33","modified_gmt":"2026-04-29T09:42:33","slug":"inscricao-em-oficinas","status":"publish","type":"page","link":"https:\/\/wp.ufpel.edu.br\/sgto\/inscricoes\/inscricao-em-oficinas\/","title":{"rendered":"Inscri\u00e7\u00e3o em oficinas"},"content":{"rendered":"<div class=\"sgto-page sgto-inscricoes\">\n<section class=\"sgto-section\">\n<div class=\"section-pretitle\">\/\/ OFICINAS<\/div>\n<h1>Inscri\u00e7\u00e3o em oficinas<\/h1>\n<p class=\"lead\">A inscri\u00e7\u00e3o nas oficinas ser\u00e1 aberta ap\u00f3s a divulga\u00e7\u00e3o das propostas aprovadas.<\/p>\n<\/section>\n<section class=\"sgto-section sgto-text\">As oficinas, minicursos, rodas de conversa e demais atividades formativas do <strong>I Semin\u00e1rio Ga\u00facho sobre Ocupa\u00e7\u00e3o, Trabalho e Produ\u00e7\u00e3o de Conhecimento<\/strong> ser\u00e3o realizadas no dia <strong>17 de junho de 2026<\/strong>, no turno da manh\u00e3.<\/p>\n<p>Neste momento, a Comiss\u00e3o Organizadora est\u00e1 recebendo propostas de atividades formativas. Ap\u00f3s o encerramento da chamada, as propostas ser\u00e3o avaliadas e a lista de oficinas aprovadas ser\u00e1 divulgada nos canais oficiais do evento.<\/p>\n<p>Somente depois da divulga\u00e7\u00e3o das oficinas aprovadas ser\u00e1 disponibilizado o formul\u00e1rio para inscri\u00e7\u00e3o do p\u00fablico participante nas atividades.<\/p>\n<h2>Etapas<\/h2>\n<ul>\n<li>Submiss\u00e3o de propostas de oficinas, minicursos, rodas de conversa e outras atividades formativas.<\/li>\n<li>Avalia\u00e7\u00e3o das propostas pela Comiss\u00e3o Organizadora.<\/li>\n<li>Divulga\u00e7\u00e3o da lista de oficinas aprovadas.<\/li>\n<li>Abertura das inscri\u00e7\u00f5es do p\u00fablico participante nas oficinas selecionadas.<\/li>\n<\/ul>\n<h2>Datas importantes<\/h2>\n<ul>\n<li><strong>Submiss\u00e3o de propostas:<\/strong> 29\/04\/2026 a 18\/05\/2026<\/li>\n<li><strong>Avalia\u00e7\u00e3o das propostas:<\/strong> 19\/05\/2026 a 28\/05\/2026<\/li>\n<li><strong>Divulga\u00e7\u00e3o das oficinas aprovadas:<\/strong> 29\/05\/2026<\/li>\n<li><strong>Confirma\u00e7\u00e3o pelas pessoas proponentes:<\/strong> at\u00e9 05\/06\/2026<\/li>\n<li><strong>Realiza\u00e7\u00e3o das oficinas:<\/strong> 17\/06\/2026, pela manh\u00e3<\/li>\n<\/ul>\n<p><strong>Aten\u00e7\u00e3o:<\/strong> esta p\u00e1gina ser\u00e1 atualizada com o formul\u00e1rio de inscri\u00e7\u00e3o nas oficinas ap\u00f3s a divulga\u00e7\u00e3o das atividades aprovadas.<\/p>\n<p>Enquanto isso, pessoas interessadas em propor oficinas devem acessar a p\u00e1gina <a href=\"https:\/\/wp.ufpel.edu.br\/sgto\/chamadas-e-submissoes\/chamada-para-oficinas\/\"><strong>Chamada para oficinas<\/strong><\/a>, na se\u00e7\u00e3o <a href=\"https:\/\/wp.ufpel.edu.br\/sgto\/chamadas-e-submissoes\/\"><strong>Chamadas e submiss\u00f5es<\/strong>.<\/a><\/p>\n<\/section>\n<\/div>\n","protected":false},"excerpt":{"rendered":"<p>\/\/ OFICINAS Inscri\u00e7\u00e3o em oficinas A inscri\u00e7\u00e3o nas oficinas ser\u00e1 aberta ap\u00f3s a divulga\u00e7\u00e3o das propostas aprovadas. As oficinas, minicursos, rodas de conversa e demais atividades formativas&hellip; <span class=\"read-more\"><a class=\"more-link\" href=\"https:\/\/wp.ufpel.edu.br\/sgto\/inscricoes\/inscricao-em-oficinas\/\" rel=\"bookmark\">Leia Mais <span class=\"screen-reader-text\">&#8220;Inscri\u00e7\u00e3o em oficinas&#8221;<\/span><\/a><\/span><\/p>\n","protected":false},"author":189,"featured_media":0,"parent":94,"menu_order":2,"comment_status":"closed","ping_status":"closed","template":"","meta":{"footnotes":""},"class_list":["post-228","page","type-page","status-publish","hentry"],"_links":{"self":[{"href":"https:\/\/wp.ufpel.edu.br\/sgto\/wp-json\/wp\/v2\/pages\/228","targetHints":{"allow":["GET"]}}],"collection":[{"href":"https:\/\/wp.ufpel.edu.br\/sgto\/wp-json\/wp\/v2\/pages"}],"about":[{"href":"https:\/\/wp.ufpel.edu.br\/sgto\/wp-json\/wp\/v2\/types\/page"}],"author":[{"embeddable":true,"href":"https:\/\/wp.ufpel.edu.br\/sgto\/wp-json\/wp\/v2\/users\/189"}],"replies":[{"embeddable":true,"href":"https:\/\/wp.ufpel.edu.br\/sgto\/wp-json\/wp\/v2\/comments?post=228"}],"version-history":[{"count":3,"href":"https:\/\/wp.ufpel.edu.br\/sgto\/wp-json\/wp\/v2\/pages\/228\/revisions"}],"predecessor-version":[{"id":320,"href":"https:\/\/wp.ufpel.edu.br\/sgto\/wp-json\/wp\/v2\/pages\/228\/revisions\/320"}],"up":[{"embeddable":true,"href":"https:\/\/wp.ufpel.edu.br\/sgto\/wp-json\/wp\/v2\/pages\/94"}],"wp:attachment":[{"href":"https:\/\/wp.ufpel.edu.br\/sgto\/wp-json\/wp\/v2\/media?parent=228"}],"curies":[{"name":"wp","href":"https:\/\/api.w.org\/{rel}","templated":true}]}}

Inscrição em oficinas

<div class="sgto-page sgto-inscricoes">
<section class="sgto-section">
<div class="section-pretitle">// OFICINAS</div>
<h1>Inscrição em oficinas</h1>
<p class="lead">A inscrição nas oficinas será aberta após a divulgação das propostas aprovadas.</p>
</section>
<section class="sgto-section sgto-text">As oficinas, minicursos, rodas de conversa e demais atividades formativas do <strong>I Seminário Gaúcho sobre Ocupação, Trabalho e Produção de Conhecimento</strong> serão realizadas no dia <strong>17 de junho de 2026</strong>, no turno da manhã.</p>
<p>Neste momento, a Comissão Organizadora está recebendo propostas de atividades formativas. Após o encerramento da chamada, as propostas serão avaliadas e a lista de oficinas aprovadas será divulgada nos canais oficiais do evento.</p>
<p>Somente depois da divulgação das oficinas aprovadas será disponibilizado o formulário para inscrição do público participante nas atividades.</p>
<h2>Etapas</h2>
<ul>
<li>Submissão de propostas de oficinas, minicursos, rodas de conversa e outras atividades formativas.</li>
<li>Avaliação das propostas pela Comissão Organizadora.</li>
<li>Divulgação da lista de oficinas aprovadas.</li>
<li>Abertura das inscrições do público participante nas oficinas selecionadas.</li>
</ul>
<h2>Datas importantes</h2>
<ul>
<li><strong>Submissão de propostas:</strong> 29/04/2026 a 18/05/2026</li>
<li><strong>Avaliação das propostas:</strong> 19/05/2026 a 28/05/2026</li>
<li><strong>Divulgação das oficinas aprovadas:</strong> 29/05/2026</li>
<li><strong>Confirmação pelas pessoas proponentes:</strong> até 05/06/2026</li>
<li><strong>Realização das oficinas:</strong> 17/06/2026, pela manhã</li>
</ul>
<p><strong>Atenção:</strong> esta página será atualizada com o formulário de inscrição nas oficinas após a divulgação das atividades aprovadas.</p>
<p>Enquanto isso, pessoas interessadas em propor oficinas devem acessar a página <a href="https://wp.ufpel.edu.br/sgto/chamadas-e-submissoes/chamada-para-oficinas/"><strong>Chamada para oficinas</strong></a>, na seção <a href="https://wp.ufpel.edu.br/sgto/chamadas-e-submissoes/"><strong>Chamadas e submissões</strong>.</a></p>
</section>
</div>

<p>// OFICINAS Inscrição em oficinas A inscrição nas oficinas será aberta após a divulgação das propostas aprovadas. As oficinas, minicursos, rodas de conversa e demais atividades formativas&hellip; <span class="read-more"><a class="more-link" href="https://wp.ufpel.edu.br/sgto/inscricoes/inscricao-em-oficinas/" rel="bookmark">Leia Mais <span class="screen-reader-text">&#8220;Inscrição em oficinas&#8221;</span></a></span></p>
