{"id":874,"date":"2020-11-23T11:46:34","date_gmt":"2020-11-23T14:46:34","guid":{"rendered":"https:\/\/wp.ufpel.edu.br\/seur\/?page_id=874"},"modified":"2020-11-23T12:14:19","modified_gmt":"2020-11-23T15:14:19","slug":"envio-de-banner","status":"publish","type":"page","link":"https:\/\/wp.ufpel.edu.br\/seur\/envio-de-banner\/","title":{"rendered":"Envio de Banner"},"content":{"rendered":"<p style=\"text-align: justify\">As apresenta\u00e7\u00f5es de trabalhos ocorrer\u00e3o em novo formato, sendo ele <strong>por meio de banner.<\/strong><\/p>\n<p style=\"text-align: justify\">O arquivo deve ser encaminhado \u00e0 Comiss\u00e3o Cient\u00edfica do XVI Semin\u00e1rio de Estudos Urbanos e Regionais em formato PNG.<\/p>\n<p style=\"text-align: justify\">O per\u00edodo para envio de banners estar\u00e1 aberto at\u00e9 29 de novembro de 2020, \u00e0s 23h59.<\/p>\n<p style=\"text-align: justify\">O banner deve ser encaminhado ao e-mail <b>comissaocientificaxvseur@gmail.com <\/b>respeitando as diretrizes dispostas no corpo do arquivo.<\/p>\n<p style=\"text-align: justify\">Os arquivos ser\u00e3o disponibilizados nas p\u00e1ginas oficiais do evento a partir do dia 01 de dezembro de 2020.<\/p>\n<p><a href=\"https:\/\/drive.google.com\/drive\/u\/2\/folders\/1D5xsB7U5_OCR0BLH_NRAq803Af9lzH8_\">Acesse o modelo de banner do XVI SEUR aqui<\/a>.<\/p>\n","protected":false},"excerpt":{"rendered":"<p>As apresenta\u00e7\u00f5es de trabalhos ocorrer\u00e3o em novo formato, sendo ele por meio de banner. O arquivo deve ser encaminhado \u00e0 Comiss\u00e3o Cient\u00edfica do XVI Semin\u00e1rio de Estudos Urbanos e Regionais em formato PNG. O per\u00edodo para envio de banners estar\u00e1 aberto at\u00e9 29 de novembro de 2020, \u00e0s 23h59. O banner deve ser encaminhado ao [&hellip;]<\/p>\n","protected":false},"author":486,"featured_media":0,"parent":0,"menu_order":0,"comment_status":"closed","ping_status":"closed","template":"","meta":{"jetpack_post_was_ever_published":false,"footnotes":""},"class_list":["post-874","page","type-page","status-publish","hentry"],"jetpack_sharing_enabled":true,"jetpack_shortlink":"https:\/\/wp.me\/P6DF1D-e6","_links":{"self":[{"href":"https:\/\/wp.ufpel.edu.br\/seur\/wp-json\/wp\/v2\/pages\/874","targetHints":{"allow":["GET"]}}],"collection":[{"href":"https:\/\/wp.ufpel.edu.br\/seur\/wp-json\/wp\/v2\/pages"}],"about":[{"href":"https:\/\/wp.ufpel.edu.br\/seur\/wp-json\/wp\/v2\/types\/page"}],"author":[{"embeddable":true,"href":"https:\/\/wp.ufpel.edu.br\/seur\/wp-json\/wp\/v2\/users\/486"}],"replies":[{"embeddable":true,"href":"https:\/\/wp.ufpel.edu.br\/seur\/wp-json\/wp\/v2\/comments?post=874"}],"version-history":[{"count":4,"href":"https:\/\/wp.ufpel.edu.br\/seur\/wp-json\/wp\/v2\/pages\/874\/revisions"}],"predecessor-version":[{"id":879,"href":"https:\/\/wp.ufpel.edu.br\/seur\/wp-json\/wp\/v2\/pages\/874\/revisions\/879"}],"wp:attachment":[{"href":"https:\/\/wp.ufpel.edu.br\/seur\/wp-json\/wp\/v2\/media?parent=874"}],"curies":[{"name":"wp","href":"https:\/\/api.w.org\/{rel}","templated":true}]}}