{"id":157,"date":"2015-06-29T16:54:46","date_gmt":"2015-06-29T19:54:46","guid":{"rendered":"https:\/\/wp.ufpel.edu.br\/seur\/?page_id=157"},"modified":"2020-11-30T16:16:05","modified_gmt":"2020-11-30T19:16:05","slug":"inscricoes","status":"publish","type":"page","link":"https:\/\/wp.ufpel.edu.br\/seur\/inscricoes\/","title":{"rendered":"Inscri\u00e7\u00f5es"},"content":{"rendered":"<p style=\"text-align: center\"><strong>Per\u00edodo de inscri\u00e7\u00f5es <\/strong><\/p>\n<p style=\"text-align: justify\">Ouvinte: <a href=\"https:\/\/forms.gle\/ACgw3e3t8ZVhsTj1A\">acesse aqui o formul\u00e1rio para inscri\u00e7\u00e3o de ouvinte<\/a>;<\/p>\n<p style=\"text-align: justify\">Envio de trabalhos: de 14 de setembro de 2020 a 19 de outubro de 2020;<\/p>\n<table width=\"652\">\n<tbody>\n<tr>\n<td width=\"652\">\n<p style=\"text-align: center\"><strong>\u00a0Valores de inscri\u00e7\u00f5es<\/strong><\/p>\n<p style=\"text-align: justify\"><strong>Todas as inscri\u00e7\u00f5es acontecer\u00e3o de forma gratuita para a edi\u00e7\u00e3o online do XVI SEUR que ocorrer\u00e1 nos dias 01, 02 e 03 de dezembro de 2020<\/strong><\/p>\n<\/td>\n<\/tr>\n<\/tbody>\n<\/table>\n<p>&nbsp;<\/p>\n","protected":false},"excerpt":{"rendered":"<p>Per\u00edodo de inscri\u00e7\u00f5es Ouvinte: acesse aqui o formul\u00e1rio para inscri\u00e7\u00e3o de ouvinte; Envio de trabalhos: de 14 de setembro de 2020 a 19 de outubro de 2020; \u00a0Valores de inscri\u00e7\u00f5es Todas as inscri\u00e7\u00f5es acontecer\u00e3o de forma gratuita para a edi\u00e7\u00e3o online do XVI SEUR que ocorrer\u00e1 nos dias 01, 02 e 03 de dezembro de [&hellip;]<\/p>\n","protected":false},"author":486,"featured_media":0,"parent":0,"menu_order":0,"comment_status":"closed","ping_status":"closed","template":"","meta":{"jetpack_post_was_ever_published":false,"footnotes":""},"class_list":["post-157","page","type-page","status-publish","hentry"],"jetpack_sharing_enabled":true,"jetpack_shortlink":"https:\/\/wp.me\/P6DF1D-2x","_links":{"self":[{"href":"https:\/\/wp.ufpel.edu.br\/seur\/wp-json\/wp\/v2\/pages\/157","targetHints":{"allow":["GET"]}}],"collection":[{"href":"https:\/\/wp.ufpel.edu.br\/seur\/wp-json\/wp\/v2\/pages"}],"about":[{"href":"https:\/\/wp.ufpel.edu.br\/seur\/wp-json\/wp\/v2\/types\/page"}],"author":[{"embeddable":true,"href":"https:\/\/wp.ufpel.edu.br\/seur\/wp-json\/wp\/v2\/users\/486"}],"replies":[{"embeddable":true,"href":"https:\/\/wp.ufpel.edu.br\/seur\/wp-json\/wp\/v2\/comments?post=157"}],"version-history":[{"count":61,"href":"https:\/\/wp.ufpel.edu.br\/seur\/wp-json\/wp\/v2\/pages\/157\/revisions"}],"predecessor-version":[{"id":895,"href":"https:\/\/wp.ufpel.edu.br\/seur\/wp-json\/wp\/v2\/pages\/157\/revisions\/895"}],"wp:attachment":[{"href":"https:\/\/wp.ufpel.edu.br\/seur\/wp-json\/wp\/v2\/media?parent=157"}],"curies":[{"name":"wp","href":"https:\/\/api.w.org\/{rel}","templated":true}]}}