{"id":155,"date":"2015-06-29T16:54:20","date_gmt":"2015-06-29T19:54:20","guid":{"rendered":"https:\/\/wp.ufpel.edu.br\/seur\/?page_id=155"},"modified":"2020-12-03T16:43:28","modified_gmt":"2020-12-03T19:43:28","slug":"programacao","status":"publish","type":"page","link":"https:\/\/wp.ufpel.edu.br\/seur\/programacao\/","title":{"rendered":"Programa\u00e7\u00e3o"},"content":{"rendered":"<p>O XVI SEUR acontecer\u00e1 de 01 a 03 de dezembro, trazendo consigo 3 dias de evento e muitas discuss\u00f5es urbanas e regionais. Acompanhe a programa\u00e7\u00e3o:<\/p>\n<table style=\"width: 102.265%;border-collapse: collapse;background-color: #db76ce;height: 835px\" border=\"1\">\n<tbody>\n<tr style=\"height: 24px\">\n<td style=\"width: 75.8408%;background-color: #c2fffa;text-align: center;height: 24px\" colspan=\"4\"><span style=\"font-family: 'book antiqua', palatino, serif\">XVI Semin\u00e1rio de Estudos Urbanos e Regionais &#8211; 2020<\/span><\/td>\n<\/tr>\n<tr style=\"height: 23px\">\n<td style=\"width: 11.7466%;height: 23px;text-align: center;background-color: #cdf7f4\"><\/td>\n<td style=\"width: 22.1605%;background-color: #9e8b9c;height: 23px;text-align: center\"><span style=\"font-family: 'times new roman', times, serif;font-size: 12pt\">01 de dezembro<\/span><\/td>\n<td style=\"width: 21.2525%;height: 23px;text-align: center;background-color: #cdf7f4\"><span style=\"font-family: 'times new roman', times, serif;font-size: 12pt\">02 de dezembro<\/span><\/td>\n<td style=\"width: 20.6812%;background-color: #9e8b9c;height: 23px;text-align: center\"><span style=\"font-family: 'times new roman', times, serif;font-size: 12pt\">03 de dezembro<\/span><\/td>\n<\/tr>\n<tr style=\"height: 24px\">\n<td style=\"width: 11.7466%;height: 24px;text-align: center;background-color: #cdf7f4\"><span style=\"font-family: 'book antiqua', palatino, serif\">Noite<\/span><\/td>\n<td style=\"width: 22.1605%;background-color: #9e8b9c;height: 24px;text-align: center\">\n<p><span style=\"font-family: 'book antiqua', palatino, serif\">(19h) Cerim\u00f4nia de abertura do XVI Semin\u00e1rio de Estudos Urbanos e Regionais<\/span><\/p>\n<p><span style=\"font-family: 'book antiqua', palatino, serif\">&#8211;<\/span><\/p>\n<p><span style=\"font-family: 'book antiqua', palatino, serif\">(19h10) Solenidade de entrega do IX Pr\u00eamio Professor M\u00e1rio Rosa do M\u00e9rito Acad\u00eamico em Geografia<\/span><\/p>\n<p>&#8211;<\/p>\n<p><span style=\"font-family: 'book antiqua', palatino, serif\">(19h30) Apresenta\u00e7\u00e3o da obra A Cidade e Seu Centro, Prof. Dr. Sidney Gon\u00e7alves Vieira<\/span><\/p>\n<p><span style=\"font-family: 'book antiqua', palatino, serif\">&#8211;<\/span><\/p>\n<p><span style=\"font-family: 'book antiqua', palatino, serif\">(19h50) Palestra de abertura do XVI SEUR.<\/span><\/p>\n<p><span style=\"font-family: 'book antiqua', palatino, serif\">Tem\u00e1tica: Crises, conflitos e alternativas no espa\u00e7o urbano brasileiro<\/span><\/p>\n<p><strong><span style=\"font-family: 'book antiqua', palatino, serif\">Profa. Dra. Maria Ad\u00e9lia Aparecida de Souza (Geografia\/USP)<\/span><\/strong><\/td>\n<td style=\"width: 21.2525%;height: 24px;text-align: center;background-color: #cdf7f4\">\n<p><span style=\"font-family: 'book antiqua', palatino, serif\">(19h30) Palestra II<\/span><\/p>\n<p>&nbsp;<\/p>\n<p>&nbsp;<\/p>\n<p><span style=\"font-family: 'book antiqua', palatino, serif\">MARGENS: M\u00faltiplas Formas de Ocupar, Habitar e Resistir no Espa\u00e7o Urbano<\/span><\/p>\n<p><strong><span style=\"font-family: 'book antiqua', palatino, serif\">Prof\u00aa Dra. Louise Prado Alfonso (Antropologia\/ UFPel)<\/span><\/strong><\/p>\n<p>&nbsp;<\/td>\n<td style=\"width: 20.6812%;height: 24px;background-color: #9e8b9c;text-align: center\">\n<p>&nbsp;<\/p>\n<p><span style=\"font-family: 'book antiqua', palatino, serif\">(19h30) Palestra III<\/span><\/p>\n<p>&nbsp;<\/p>\n<p>&nbsp;<\/p>\n<p>&nbsp;<\/p>\n<p><span style=\"font-family: 'book antiqua', palatino, serif\">Prostitui\u00e7\u00e3o, Espa\u00e7o Urbano e Pr\u00e1ticas Cotidianas de Resist\u00eancia Travesti<\/span><\/p>\n<p><strong><span style=\"font-family: 'book antiqua', palatino, serif\">Prof. Dr. Marcio Jose Ornat (Geografia\/UEPG)<\/span><\/strong><\/p>\n<p>&nbsp;<\/td>\n<\/tr>\n<\/tbody>\n<\/table>\n<p>&nbsp;<\/p>\n<p><span style=\"font-family: 'times new roman', times, serif;font-size: 12pt\">Para acessar,<\/span><\/p>\n<ol>\n<li style=\"text-align: justify\"><span style=\"font-family: 'book antiqua', palatino, serif\">Palestra de abertura do XVI SEUR. <\/span><span style=\"font-family: 'book antiqua', palatino, serif\">Tem\u00e1tica: Crises, conflitos e alternativas no espa\u00e7o urbano brasileiro. <\/span><strong><span style=\"font-family: 'book antiqua', palatino, serif\">Profa. Dra. Maria Ad\u00e9lia Aparecida de Souza (Geografia\/USP), <\/span><\/strong><a href=\"https:\/\/www.youtube.com\/watch?v=M3sM0YVHoug\" target=\"_blank\" rel=\"noopener noreferrer\"><span style=\"font-family: 'book antiqua', palatino, serif\">clique aqui<\/span><\/a><strong><span style=\"font-family: 'book antiqua', palatino, serif\">.<\/span><\/strong><\/li>\n<li style=\"text-align: justify\"><span style=\"font-family: 'book antiqua', palatino, serif\">Palestra II. <\/span><span style=\"font-family: 'book antiqua', palatino, serif\">MARGENS: M\u00faltiplas Formas de Ocupar, Habitar e Resistir no Espa\u00e7o Urbano. <\/span><strong><span style=\"font-family: 'book antiqua', palatino, serif\">Prof\u00aa Dra. Louise Prado Alfonso (Antropologia\/ UFPel), <\/span><\/strong><span style=\"font-family: 'book antiqua', palatino, serif\"><a href=\"https:\/\/youtu.be\/3BRzyLSEGMs\" target=\"_blank\" rel=\"noopener noreferrer\">clique aqui<\/a>.<\/span><\/li>\n<li>\n<p style=\"text-align: justify\"><span style=\"font-family: 'book antiqua', palatino, serif\">Palestra III. <\/span><span style=\"font-family: 'book antiqua', palatino, serif\">Prostitui\u00e7\u00e3o, Espa\u00e7o Urbano e Pr\u00e1ticas Cotidianas de Resist\u00eancia Travesti. <\/span><strong><span style=\"font-family: 'book antiqua', palatino, serif\">Prof. Dr. Marcio Jose Ornat (Geografia\/UEPG), <\/span><\/strong><span style=\"font-family: 'book antiqua', palatino, serif\"><a href=\"https:\/\/www.youtube.com\/watch?v=33-OtBGal6A\" target=\"_blank\" rel=\"noopener noreferrer\">clique aqui<\/a>.<\/span><\/p>\n<\/li>\n<\/ol>\n<p style=\"text-align: justify\">Para acessar todas as atividades realizadas no XVI Semin\u00e1rio de Estudos Urbanos e Regionais (Pr\u00e9-SEUR, Pr\u00eamio Professor Mario Rosa de M\u00e9rito Acad\u00eamico em Geografia e as atividades do SEUR), <a href=\"https:\/\/www.youtube.com\/channel\/UC818uKI0WFD8laydeCfK8yQ\" target=\"_blank\" rel=\"noopener noreferrer\">clique aqui<\/a> e inscreva-se no canal do LEUR no Youtube.<\/p>\n","protected":false},"excerpt":{"rendered":"<p>O XVI SEUR acontecer\u00e1 de 01 a 03 de dezembro, trazendo consigo 3 dias de evento e muitas discuss\u00f5es urbanas e regionais. Acompanhe a programa\u00e7\u00e3o: XVI Semin\u00e1rio de Estudos Urbanos e Regionais &#8211; 2020 01 de dezembro 02 de dezembro 03 de dezembro Noite (19h) Cerim\u00f4nia de abertura do XVI Semin\u00e1rio de Estudos Urbanos e [&hellip;]<\/p>\n","protected":false},"author":486,"featured_media":0,"parent":0,"menu_order":0,"comment_status":"closed","ping_status":"closed","template":"","meta":{"jetpack_post_was_ever_published":false,"footnotes":""},"class_list":["post-155","page","type-page","status-publish","hentry"],"jetpack_sharing_enabled":true,"jetpack_shortlink":"https:\/\/wp.me\/P6DF1D-2v","_links":{"self":[{"href":"https:\/\/wp.ufpel.edu.br\/seur\/wp-json\/wp\/v2\/pages\/155","targetHints":{"allow":["GET"]}}],"collection":[{"href":"https:\/\/wp.ufpel.edu.br\/seur\/wp-json\/wp\/v2\/pages"}],"about":[{"href":"https:\/\/wp.ufpel.edu.br\/seur\/wp-json\/wp\/v2\/types\/page"}],"author":[{"embeddable":true,"href":"https:\/\/wp.ufpel.edu.br\/seur\/wp-json\/wp\/v2\/users\/486"}],"replies":[{"embeddable":true,"href":"https:\/\/wp.ufpel.edu.br\/seur\/wp-json\/wp\/v2\/comments?post=155"}],"version-history":[{"count":101,"href":"https:\/\/wp.ufpel.edu.br\/seur\/wp-json\/wp\/v2\/pages\/155\/revisions"}],"predecessor-version":[{"id":947,"href":"https:\/\/wp.ufpel.edu.br\/seur\/wp-json\/wp\/v2\/pages\/155\/revisions\/947"}],"wp:attachment":[{"href":"https:\/\/wp.ufpel.edu.br\/seur\/wp-json\/wp\/v2\/media?parent=155"}],"curies":[{"name":"wp","href":"https:\/\/api.w.org\/{rel}","templated":true}]}}