{"id":153,"date":"2015-06-29T16:53:51","date_gmt":"2015-06-29T19:53:51","guid":{"rendered":"https:\/\/wp.ufpel.edu.br\/seur\/?page_id=153"},"modified":"2020-09-08T18:25:29","modified_gmt":"2020-09-08T21:25:29","slug":"apresentacao-3","status":"publish","type":"page","link":"https:\/\/wp.ufpel.edu.br\/seur\/apresentacao-3\/","title":{"rendered":"Comiss\u00e3o Organizadora"},"content":{"rendered":"<p style=\"text-align: center\"><span style=\"font-size: 14pt\"><strong>XVI Semin\u00e1rio de Estudos Urbanos e Regionais SEUR<\/strong><\/span><\/p>\n<p style=\"text-align: center\"><strong>Comiss\u00e3o Organizadora (Ordem Alfab\u00e9tica)<\/strong><\/p>\n<p style=\"text-align: center\">Adriel Costa da Silva<\/p>\n<p style=\"text-align: center\">Ant\u00f4nio Lourence Kila de Queiroz<\/p>\n<p style=\"text-align: center\">Dione Dutra Lihtnov<\/p>\n<p style=\"text-align: center\">Everson Gabriel Mesquita da Martha<\/p>\n<p style=\"text-align: center\">Kauana Silveira Cardoso<\/p>\n<p style=\"text-align: center\">Leonardo Kegles<\/p>\n<p style=\"text-align: center\">Marceli Teixeira dos Santos<\/p>\n<p style=\"text-align: center\">Martha Rodrigues Ferreira<\/p>\n<p style=\"text-align: center\">Nath\u00e1lia Bonow<\/p>\n<p style=\"text-align: center\">Pedro de Moura Alves<\/p>\n<p style=\"text-align: center\">Tiaraju Salini Duarte (Coordenador Geral do XVI SEUR)<\/p>\n<p style=\"text-align: center\">Sidney Gon\u00e7alves Vieira<\/p>\n<p style=\"text-align: center\">William Louren\u00e7o<\/p>\n","protected":false},"excerpt":{"rendered":"<p>XVI Semin\u00e1rio de Estudos Urbanos e Regionais SEUR Comiss\u00e3o Organizadora (Ordem Alfab\u00e9tica) Adriel Costa da Silva Ant\u00f4nio Lourence Kila de Queiroz Dione Dutra Lihtnov Everson Gabriel Mesquita da Martha Kauana Silveira Cardoso Leonardo Kegles Marceli Teixeira dos Santos Martha Rodrigues Ferreira Nath\u00e1lia Bonow Pedro de Moura Alves Tiaraju Salini Duarte (Coordenador Geral do XVI SEUR) [&hellip;]<\/p>\n","protected":false},"author":486,"featured_media":0,"parent":0,"menu_order":0,"comment_status":"closed","ping_status":"closed","template":"","meta":{"jetpack_post_was_ever_published":false,"footnotes":""},"class_list":["post-153","page","type-page","status-publish","hentry"],"jetpack_sharing_enabled":true,"jetpack_shortlink":"https:\/\/wp.me\/P6DF1D-2t","_links":{"self":[{"href":"https:\/\/wp.ufpel.edu.br\/seur\/wp-json\/wp\/v2\/pages\/153","targetHints":{"allow":["GET"]}}],"collection":[{"href":"https:\/\/wp.ufpel.edu.br\/seur\/wp-json\/wp\/v2\/pages"}],"about":[{"href":"https:\/\/wp.ufpel.edu.br\/seur\/wp-json\/wp\/v2\/types\/page"}],"author":[{"embeddable":true,"href":"https:\/\/wp.ufpel.edu.br\/seur\/wp-json\/wp\/v2\/users\/486"}],"replies":[{"embeddable":true,"href":"https:\/\/wp.ufpel.edu.br\/seur\/wp-json\/wp\/v2\/comments?post=153"}],"version-history":[{"count":62,"href":"https:\/\/wp.ufpel.edu.br\/seur\/wp-json\/wp\/v2\/pages\/153\/revisions"}],"predecessor-version":[{"id":866,"href":"https:\/\/wp.ufpel.edu.br\/seur\/wp-json\/wp\/v2\/pages\/153\/revisions\/866"}],"wp:attachment":[{"href":"https:\/\/wp.ufpel.edu.br\/seur\/wp-json\/wp\/v2\/media?parent=153"}],"curies":[{"name":"wp","href":"https:\/\/api.w.org\/{rel}","templated":true}]}}