{"id":8,"date":"2019-06-11T16:24:54","date_gmt":"2019-06-11T19:24:54","guid":{"rendered":"https:\/\/wp.ufpel.edu.br\/sep\/?page_id=8"},"modified":"2024-09-18T09:33:44","modified_gmt":"2024-09-18T12:33:44","slug":"introducao","status":"publish","type":"page","link":"https:\/\/wp.ufpel.edu.br\/sep\/","title":{"rendered":"GERAL"},"content":{"rendered":"<p><img class=\"wp-image-137 aligncenter\" src=\"https:\/\/wp.ufpel.edu.br\/sep\/files\/2019\/07\/logo_SEP_gimp_experi\u00eancias-400x383.png\" alt=\"\" width=\"150\" height=\"144\" srcset=\"https:\/\/wp.ufpel.edu.br\/sep\/files\/2019\/07\/logo_SEP_gimp_experi\u00eancias-400x383.png 400w, https:\/\/wp.ufpel.edu.br\/sep\/files\/2019\/07\/logo_SEP_gimp_experi\u00eancias.png 599w\" sizes=\"(max-width: 150px) 100vw, 150px\" \/><\/p>\n<p>O Servi\u00e7o-Escola de Psicologia (SEP) \u00e9 um bra\u00e7o do Curso de Gradua\u00e7\u00e3o em Psicologia da UFPel e um espa\u00e7o em que se articulam os est\u00e1gios supervisionados que comp\u00f5em a forma\u00e7\u00e3o em psicologia.<\/p>\n<p><strong>As fun\u00e7\u00f5es principais do SEP s\u00e3o:<\/strong><\/p>\n<ul>\n<li>criar condi\u00e7\u00f5es para o desenvolvimento profissional e sociocultural dos estudantes, atrav\u00e9s da pr\u00e1tica orientada; e<\/li>\n<li>oferecer servi\u00e7os psicol\u00f3gicos \u00e0 comunidade.<\/li>\n<\/ul>\n<p>Al\u00e9m disso, busca explorar seu potencial como campo de aplica\u00e7\u00e3o e produ\u00e7\u00e3o do conhecimento cient\u00edfico por meio da extens\u00e3o e da pesquisa.<\/p>\n","protected":false},"excerpt":{"rendered":"<p>O Servi\u00e7o-Escola de Psicologia (SEP) \u00e9 um bra\u00e7o do Curso de Gradua\u00e7\u00e3o em Psicologia da UFPel e um espa\u00e7o em que se articulam os est\u00e1gios supervisionados que comp\u00f5em a forma\u00e7\u00e3o em psicologia. As fun\u00e7\u00f5es principais do SEP s\u00e3o: criar condi\u00e7\u00f5es para o desenvolvimento profissional e sociocultural dos estudantes, atrav\u00e9s da pr\u00e1tica orientada; e oferecer servi\u00e7os [&hellip;]<\/p>\n","protected":false},"author":946,"featured_media":0,"parent":0,"menu_order":1,"comment_status":"closed","ping_status":"closed","template":"","meta":{"footnotes":""},"class_list":["post-8","page","type-page","status-publish","hentry"],"_links":{"self":[{"href":"https:\/\/wp.ufpel.edu.br\/sep\/wp-json\/wp\/v2\/pages\/8","targetHints":{"allow":["GET"]}}],"collection":[{"href":"https:\/\/wp.ufpel.edu.br\/sep\/wp-json\/wp\/v2\/pages"}],"about":[{"href":"https:\/\/wp.ufpel.edu.br\/sep\/wp-json\/wp\/v2\/types\/page"}],"author":[{"embeddable":true,"href":"https:\/\/wp.ufpel.edu.br\/sep\/wp-json\/wp\/v2\/users\/946"}],"replies":[{"embeddable":true,"href":"https:\/\/wp.ufpel.edu.br\/sep\/wp-json\/wp\/v2\/comments?post=8"}],"version-history":[{"count":19,"href":"https:\/\/wp.ufpel.edu.br\/sep\/wp-json\/wp\/v2\/pages\/8\/revisions"}],"predecessor-version":[{"id":307,"href":"https:\/\/wp.ufpel.edu.br\/sep\/wp-json\/wp\/v2\/pages\/8\/revisions\/307"}],"wp:attachment":[{"href":"https:\/\/wp.ufpel.edu.br\/sep\/wp-json\/wp\/v2\/media?parent=8"}],"curies":[{"name":"wp","href":"https:\/\/api.w.org\/{rel}","templated":true}]}}