{"id":697,"date":"2026-02-10T14:24:11","date_gmt":"2026-02-10T17:24:11","guid":{"rendered":"https:\/\/wp.ufpel.edu.br\/sensorial\/?page_id=697"},"modified":"2026-02-10T14:24:11","modified_gmt":"2026-02-10T17:24:11","slug":"regimento","status":"publish","type":"page","link":"https:\/\/wp.ufpel.edu.br\/sensorial\/regimento\/","title":{"rendered":"Regimento"},"content":{"rendered":"<p><strong data-start=\"320\" data-end=\"377\">Regimento do Laborat\u00f3rio de An\u00e1lise Sensorial \u2013 UFPel<\/strong><\/p>\n<p><br data-start=\"377\" data-end=\"380\" \/>Documento que estabelece as normas de utiliza\u00e7\u00e3o, crit\u00e9rios de agendamento, responsabilidades dos usu\u00e1rios e diretrizes para o funcionamento do Laborat\u00f3rio de An\u00e1lise Sensorial da Universidade Federal de Pelotas, garantindo organiza\u00e7\u00e3o, seguran\u00e7a e qualidade nas atividades de ensino, pesquisa e extens\u00e3o.<\/p>\n<p>Dispon\u00edvel no link: <span style=\"background-color: #ffffff\"><a style=\"background-color: #ffffff\" href=\"https:\/\/wp.ufpel.edu.br\/sensorial\/files\/2026\/02\/Regimento-labsensorial.docx.pdf\">REGIMENTO LABSENSORIAL<\/a><\/span><\/p>\n<p>&nbsp;<\/p>\n<p>&nbsp;<\/p>\n","protected":false},"excerpt":{"rendered":"<p>Regimento do Laborat\u00f3rio de An\u00e1lise Sensorial \u2013 UFPel Documento que estabelece as normas de utiliza\u00e7\u00e3o, crit\u00e9rios de agendamento, responsabilidades dos usu\u00e1rios e diretrizes para o funcionamento do Laborat\u00f3rio de An\u00e1lise Sensorial da Universidade Federal de Pelotas, garantindo organiza\u00e7\u00e3o, seguran\u00e7a e qualidade nas atividades de ensino, pesquisa e extens\u00e3o. Dispon\u00edvel no link: REGIMENTO LABSENSORIAL &nbsp; &nbsp;<\/p>\n","protected":false},"author":28,"featured_media":0,"parent":0,"menu_order":0,"comment_status":"closed","ping_status":"closed","template":"","meta":{"footnotes":""},"class_list":["post-697","page","type-page","status-publish","hentry"],"_links":{"self":[{"href":"https:\/\/wp.ufpel.edu.br\/sensorial\/wp-json\/wp\/v2\/pages\/697","targetHints":{"allow":["GET"]}}],"collection":[{"href":"https:\/\/wp.ufpel.edu.br\/sensorial\/wp-json\/wp\/v2\/pages"}],"about":[{"href":"https:\/\/wp.ufpel.edu.br\/sensorial\/wp-json\/wp\/v2\/types\/page"}],"author":[{"embeddable":true,"href":"https:\/\/wp.ufpel.edu.br\/sensorial\/wp-json\/wp\/v2\/users\/28"}],"replies":[{"embeddable":true,"href":"https:\/\/wp.ufpel.edu.br\/sensorial\/wp-json\/wp\/v2\/comments?post=697"}],"version-history":[{"count":1,"href":"https:\/\/wp.ufpel.edu.br\/sensorial\/wp-json\/wp\/v2\/pages\/697\/revisions"}],"predecessor-version":[{"id":699,"href":"https:\/\/wp.ufpel.edu.br\/sensorial\/wp-json\/wp\/v2\/pages\/697\/revisions\/699"}],"wp:attachment":[{"href":"https:\/\/wp.ufpel.edu.br\/sensorial\/wp-json\/wp\/v2\/media?parent=697"}],"curies":[{"name":"wp","href":"https:\/\/api.w.org\/{rel}","templated":true}]}}