{"id":64,"date":"2021-02-18T23:08:29","date_gmt":"2021-02-19T02:08:29","guid":{"rendered":"https:\/\/wp.ufpel.edu.br\/senseofplace\/?page_id=64"},"modified":"2021-02-19T00:41:06","modified_gmt":"2021-02-19T03:41:06","slug":"a-poluicao-visual-e-as-leis-de-ordenamento-do-aparato-publicitario","status":"publish","type":"page","link":"https:\/\/wp.ufpel.edu.br\/senseofplace\/a-poluicao-visual-e-as-leis-de-ordenamento-do-aparato-publicitario\/","title":{"rendered":"A Polui\u00e7\u00e3o Visual e as Leis de Ordenamento do Aparato Publicit\u00e1rio"},"content":{"rendered":"<p><img loading=\"lazy\" decoding=\"async\" class=\"size-full wp-image-66 aligncenter\" src=\"https:\/\/wp.ufpel.edu.br\/senseofplace\/files\/2021\/02\/architecture-1845728_1920.jpg\" alt=\"\" width=\"1920\" height=\"977\" srcset=\"https:\/\/wp.ufpel.edu.br\/senseofplace\/files\/2021\/02\/architecture-1845728_1920.jpg 1920w, https:\/\/wp.ufpel.edu.br\/senseofplace\/files\/2021\/02\/architecture-1845728_1920-400x204.jpg 400w, https:\/\/wp.ufpel.edu.br\/senseofplace\/files\/2021\/02\/architecture-1845728_1920-1024x521.jpg 1024w, https:\/\/wp.ufpel.edu.br\/senseofplace\/files\/2021\/02\/architecture-1845728_1920-768x391.jpg 768w, https:\/\/wp.ufpel.edu.br\/senseofplace\/files\/2021\/02\/architecture-1845728_1920-1536x782.jpg 1536w, https:\/\/wp.ufpel.edu.br\/senseofplace\/files\/2021\/02\/architecture-1845728_1920-393x200.jpg 393w\" sizes=\"auto, (max-width: 1920px) 100vw, 1920px\" \/><\/p>\n<p style=\"text-align: justify\">A a\u00e7\u00e3o tem como objetivo definir diretrizes para a cria\u00e7\u00e3o de uma metodologia participativa para a implementa\u00e7\u00e3o de leis de ordenamento do aparato publicit\u00e1rio, que prezem pela percep\u00e7\u00e3o do usu\u00e1rio, em cidades de diferentes escalas urban\u00edsticas. Para a concretiza\u00e7\u00e3o do exposto, dois objetivos espec\u00edficos foram criados: (i) questionar grupos de mun\u00edcipes e identificar os n\u00edveis de aprova\u00e7\u00e3o, conhecimento sobre o assunto e entendimento da import\u00e2ncia de legisla\u00e7\u00f5es de ordenamento dos aparatos publicit\u00e1rios em suas respectivas cidades, levando em conta as diferentes escalas e movimenta\u00e7\u00f5es sociais sobre a problem\u00e1tica, e (ii) analisar a percep\u00e7\u00e3o de moradores de diferentes cidades, relacionando com a forma que foi feito o ordenamento do aparato publicit\u00e1rio nesses munic\u00edpios, a fim de entender quais as prefer\u00eancias das pessoas para tratativa do problema.<\/p>\n<p style=\"text-align: justify\">A a\u00e7\u00e3o \u00e9 de natureza mista, sendo quantitativa e qualitativa e adota estudos de caso para atingir os objetivos. Visto que a investiga\u00e7\u00e3o procura uma no\u00e7\u00e3o abrangente do problema exposto, divide o estudo de caso em principal e secund\u00e1rios, sendo o principal a cidade de Santo \u00c2ngelo, e os secund\u00e1rios as cidades de S\u00e3o Paulo e Caxias do Sul, todos no Brasil.<\/p>\n<p style=\"text-align: justify\">Dentre a metodologia escolhida, al\u00e9m do estudo bibliogr\u00e1fico sobre o tema tratado, diferentes abordagens s\u00e3o realizadas no que se refere ao estudo de caso principal e os secund\u00e1rios. Entretanto, o estudo da legisla\u00e7\u00e3o urbana vigente dos tr\u00eas locais \u00e9 realizado separadamente, al\u00e9m da aplica\u00e7\u00e3o de um question\u00e1rio comum aos moradores desses centros. Outra etapa \u00e9 a de aplica\u00e7\u00e3o de entrevista a amostras pertinentes ao estudo, como legisladores, apoiadores e interessados desse tipo de pol\u00edtica p\u00fablica, a fim de entender a percep\u00e7\u00e3o dos mesmos. Em termos do estudo de caso principal, haver\u00e1 tamb\u00e9m o levantamento f\u00edsico de determinado recorte da cidade para triangula\u00e7\u00e3o dos dados obtidos. Salienta-se que, mesmo com o desenvolvimento da pesquisa em plena pandemia do COVID-19, os m\u00e9todos escolhidos s\u00e3o passiveis de realiza\u00e7\u00e3o inteiramente online. Por fim, a realiza\u00e7\u00e3o de um f\u00f3rum de pol\u00edticas p\u00fablicas tamb\u00e9m faz parte do escopo da a\u00e7\u00e3o, atentando que o resultado obtido do mesmo sirva de incentivo a popula\u00e7\u00e3o e fomente o entendimento da import\u00e2ncia de tal tipo de pol\u00edtica p\u00fablica.<\/p>\n<h5 style=\"text-align: justify\">Pesquisadores<\/h5>\n<p style=\"text-align: justify\">Giovanni Rotta, Faculdade de Arquitetura e Urbanismo, Universidade Federal de Pelotas. gioorotta@gmail.com<\/p>\n<p style=\"text-align: justify\">Adriana Portella, Faculdade de Arquitetura e Urbanismo, Universidade Federal de Pelotas. adrianaportella@yahoo.com.br<\/p>\n<p>&nbsp;<\/p>\n","protected":false},"excerpt":{"rendered":"<p>A a\u00e7\u00e3o tem como objetivo definir diretrizes para a cria\u00e7\u00e3o de uma metodologia participativa para a implementa\u00e7\u00e3o de leis de ordenamento do aparato publicit\u00e1rio, que prezem pela&hellip; <span class=\"read-more\"><a class=\"more-link\" href=\"https:\/\/wp.ufpel.edu.br\/senseofplace\/a-poluicao-visual-e-as-leis-de-ordenamento-do-aparato-publicitario\/\" rel=\"bookmark\">Leia Mais <span class=\"screen-reader-text\">&#8220;A Polui\u00e7\u00e3o Visual e as Leis de Ordenamento do Aparato Publicit\u00e1rio&#8221;<\/span><\/a><\/span><\/p>\n","protected":false},"author":956,"featured_media":0,"parent":0,"menu_order":0,"comment_status":"closed","ping_status":"closed","template":"","meta":{"footnotes":""},"class_list":["post-64","page","type-page","status-publish","hentry"],"_links":{"self":[{"href":"https:\/\/wp.ufpel.edu.br\/senseofplace\/wp-json\/wp\/v2\/pages\/64","targetHints":{"allow":["GET"]}}],"collection":[{"href":"https:\/\/wp.ufpel.edu.br\/senseofplace\/wp-json\/wp\/v2\/pages"}],"about":[{"href":"https:\/\/wp.ufpel.edu.br\/senseofplace\/wp-json\/wp\/v2\/types\/page"}],"author":[{"embeddable":true,"href":"https:\/\/wp.ufpel.edu.br\/senseofplace\/wp-json\/wp\/v2\/users\/956"}],"replies":[{"embeddable":true,"href":"https:\/\/wp.ufpel.edu.br\/senseofplace\/wp-json\/wp\/v2\/comments?post=64"}],"version-history":[{"count":4,"href":"https:\/\/wp.ufpel.edu.br\/senseofplace\/wp-json\/wp\/v2\/pages\/64\/revisions"}],"predecessor-version":[{"id":119,"href":"https:\/\/wp.ufpel.edu.br\/senseofplace\/wp-json\/wp\/v2\/pages\/64\/revisions\/119"}],"wp:attachment":[{"href":"https:\/\/wp.ufpel.edu.br\/senseofplace\/wp-json\/wp\/v2\/media?parent=64"}],"curies":[{"name":"wp","href":"https:\/\/api.w.org\/{rel}","templated":true}]}}