{"id":40,"date":"2021-02-18T22:52:01","date_gmt":"2021-02-19T01:52:01","guid":{"rendered":"https:\/\/wp.ufpel.edu.br\/senseofplace\/?page_id=40"},"modified":"2021-02-19T00:32:12","modified_gmt":"2021-02-19T03:32:12","slug":"criando-lacos-com-o-patrimonio-moderno-no-contexto-amazonico","status":"publish","type":"page","link":"https:\/\/wp.ufpel.edu.br\/senseofplace\/criando-lacos-com-o-patrimonio-moderno-no-contexto-amazonico\/","title":{"rendered":"Criando La\u00e7os com o Patrim\u00f4nio Moderno no Contexto Amaz\u00f4nico"},"content":{"rendered":"<p><img loading=\"lazy\" decoding=\"async\" class=\"size-full wp-image-44 aligncenter\" src=\"https:\/\/wp.ufpel.edu.br\/senseofplace\/files\/2021\/02\/rio-1841419_1920.jpg\" alt=\"\" width=\"1920\" height=\"1079\" srcset=\"https:\/\/wp.ufpel.edu.br\/senseofplace\/files\/2021\/02\/rio-1841419_1920.jpg 1920w, https:\/\/wp.ufpel.edu.br\/senseofplace\/files\/2021\/02\/rio-1841419_1920-400x225.jpg 400w, https:\/\/wp.ufpel.edu.br\/senseofplace\/files\/2021\/02\/rio-1841419_1920-1024x575.jpg 1024w, https:\/\/wp.ufpel.edu.br\/senseofplace\/files\/2021\/02\/rio-1841419_1920-768x432.jpg 768w, https:\/\/wp.ufpel.edu.br\/senseofplace\/files\/2021\/02\/rio-1841419_1920-1536x863.jpg 1536w, https:\/\/wp.ufpel.edu.br\/senseofplace\/files\/2021\/02\/rio-1841419_1920-356x200.jpg 356w\" sizes=\"auto, (max-width: 1920px) 100vw, 1920px\" \/><\/p>\n<p style=\"text-align: justify\">A presente a\u00e7\u00e3o tem como objetivo geral indicar caminhos ou mecanismos, capazes de propiciar um maior envolvimento da comunidade nos processos de conserva\u00e7\u00e3o e interven\u00e7\u00e3o no patrim\u00f4nio ambiental urbano e arquitet\u00f4nico moderno, no contexto amaz\u00f4nico. Utiliza-se do aporte te\u00f3rico da \u00e1rea da psicologia ambiental, com foco espec\u00edfico no conceito de senso de lugar, apego ao lugar e identidade do lugar.<\/p>\n<p style=\"text-align: justify\">Afim de atingir o objetivo proposto, tra\u00e7ou-se o seguinte caminho: (i) elaborar uma narrativa reflexiva sobre a import\u00e2ncia do papel da comunidade nos processos de conserva\u00e7\u00e3o e interven\u00e7\u00e3o no patrim\u00f4nio ambiental urbano e arquitet\u00f4nico moderno, considerando a especificidade do contexto amaz\u00f4nico; (ii) avaliar in loco a situa\u00e7\u00e3o atual do patrim\u00f4nio moderno \u2013 que ser\u00e1 analisado atrav\u00e9s de um estudo de caso \u2013 quanto a sua conserva\u00e7\u00e3o e grau de envolvimento da comunidade nos processos conserva\u00e7\u00e3o e interven\u00e7\u00e3o, (iii) avaliar a percep\u00e7\u00e3o da comunidade sobre o patrim\u00f4nio moderno estudado, com foco nas quest\u00f5es do senso de lugar, apego ao lugar e identidade do lugar, e (iv) verificar quais as principais dificuldades que implicam a inter-rela\u00e7\u00e3o comunidade \u2013 patrim\u00f4nio moderno no contexto amaz\u00f4nico e que interferem na conserva\u00e7\u00e3o da mesma.<\/p>\n<p style=\"text-align: justify\">A a\u00e7\u00e3o possui car\u00e1ter qualitativo e est\u00e1 sendo realizada a partir de um estudo de caso. Como crit\u00e9rio de sele\u00e7\u00e3o para a escolha do campo, buscou-se por: (i) um conjunto urbano modernista, (ii) localizado no contexto amaz\u00f4nico, (iii) tombado a n\u00edvel federal, e (iv) que apresentasse consider\u00e1vel \u00edndice de degrada\u00e7\u00e3o e deteriora\u00e7\u00e3o. Atualmente, existem quatro conjuntos modernistas tombados em n\u00edvel nacional (IPHAN, 2018), por\u00e9m somente um na regi\u00e3o amaz\u00f4nica e que atende todos os crit\u00e9rios. Portanto, o campo escolhido consiste no <strong>Conjunto Urbano Serra do Navio<\/strong>, projetado por Oswaldo Arthur Bratke, localizado no munic\u00edpio de Serra do Navio no estado do Amap\u00e1, Brasil. Esse conjunto foi concebido e constru\u00eddo em meados dos anos 1950 para abrigar os funcion\u00e1rios de uma empresa mineradora, tornou-se munic\u00edpio somente no ano de 1992 \u2013 ap\u00f3s a empresa iniciar o processo de encerramento de suas atividades \u2013 e foi tombado pelo IPHAN no ano de 2010 (IPHAN, 2010). Os m\u00e9todos escolhidos para atingir os objetivos propostos se pautaram em pesquisa bibliogr\u00e1fica e documental, levantamento f\u00edsico e entrevistas semiestruturadas com habitantes da regi\u00e3o, entre eles: (i) moradores do per\u00edodo ICOMI (Ind\u00fastria e Com\u00e9rcio de Min\u00e9rios S.A.), (ii) moradores do per\u00edodo ICOMI e Munic\u00edpio Serra do Navio e (iii) moradores do per\u00edodo Munic\u00edpio Serra do Navio.<\/p>\n<h5 style=\"text-align: justify\">Pesquisadores<\/h5>\n<p style=\"text-align: justify\">B\u00e1rbara Ribeiro Couto, Faculdade de Arquitetura e Urbanismo, Universidade Federal de Pelotas, Brasil. bfribeiro.au@gmail.com<\/p>\n<p style=\"text-align: justify\">Adriana Portella, Faculdade de Arquitetura e Urbanismo, Universidade Federal de Pelotas, Brasil. adrianaportella@yahoo.com.br<\/p>\n","protected":false},"excerpt":{"rendered":"<p>A presente a\u00e7\u00e3o tem como objetivo geral indicar caminhos ou mecanismos, capazes de propiciar um maior envolvimento da comunidade nos processos de conserva\u00e7\u00e3o e interven\u00e7\u00e3o no patrim\u00f4nio&hellip; <span class=\"read-more\"><a class=\"more-link\" href=\"https:\/\/wp.ufpel.edu.br\/senseofplace\/criando-lacos-com-o-patrimonio-moderno-no-contexto-amazonico\/\" rel=\"bookmark\">Leia Mais <span class=\"screen-reader-text\">&#8220;Criando La\u00e7os com o Patrim\u00f4nio Moderno no Contexto Amaz\u00f4nico&#8221;<\/span><\/a><\/span><\/p>\n","protected":false},"author":956,"featured_media":0,"parent":0,"menu_order":0,"comment_status":"closed","ping_status":"closed","template":"","meta":{"footnotes":""},"class_list":["post-40","page","type-page","status-publish","hentry"],"_links":{"self":[{"href":"https:\/\/wp.ufpel.edu.br\/senseofplace\/wp-json\/wp\/v2\/pages\/40","targetHints":{"allow":["GET"]}}],"collection":[{"href":"https:\/\/wp.ufpel.edu.br\/senseofplace\/wp-json\/wp\/v2\/pages"}],"about":[{"href":"https:\/\/wp.ufpel.edu.br\/senseofplace\/wp-json\/wp\/v2\/types\/page"}],"author":[{"embeddable":true,"href":"https:\/\/wp.ufpel.edu.br\/senseofplace\/wp-json\/wp\/v2\/users\/956"}],"replies":[{"embeddable":true,"href":"https:\/\/wp.ufpel.edu.br\/senseofplace\/wp-json\/wp\/v2\/comments?post=40"}],"version-history":[{"count":12,"href":"https:\/\/wp.ufpel.edu.br\/senseofplace\/wp-json\/wp\/v2\/pages\/40\/revisions"}],"predecessor-version":[{"id":115,"href":"https:\/\/wp.ufpel.edu.br\/senseofplace\/wp-json\/wp\/v2\/pages\/40\/revisions\/115"}],"wp:attachment":[{"href":"https:\/\/wp.ufpel.edu.br\/senseofplace\/wp-json\/wp\/v2\/media?parent=40"}],"curies":[{"name":"wp","href":"https:\/\/api.w.org\/{rel}","templated":true}]}}