{"id":931,"date":"2023-08-29T14:53:52","date_gmt":"2023-08-29T17:53:52","guid":{"rendered":"https:\/\/wp.ufpel.edu.br\/sempias2023\/?page_id=931"},"modified":"2023-09-20T10:27:29","modified_gmt":"2023-09-20T13:27:29","slug":"publicacoes","status":"publish","type":"page","link":"https:\/\/wp.ufpel.edu.br\/sempias2023\/publicacoes\/","title":{"rendered":"Publica\u00e7\u00f5es"},"content":{"rendered":"<h3 style=\"text-align: center;\"><strong><span style=\"font-family: helvetica, arial, sans-serif; font-size: 36pt; color: #993366;\">Publica\u00e7\u00f5es<\/span><\/strong><\/h3>\n<p><img loading=\"lazy\" decoding=\"async\" class=\"size-medium wp-image-955 aligncenter\" src=\"https:\/\/wp.ufpel.edu.br\/sempias2023\/files\/2023\/09\/livro-SEMPIAS-v3-1-1-281x400.png\" alt=\"\" width=\"281\" height=\"400\" srcset=\"https:\/\/wp.ufpel.edu.br\/sempias2023\/files\/2023\/09\/livro-SEMPIAS-v3-1-1-281x400.png 281w, https:\/\/wp.ufpel.edu.br\/sempias2023\/files\/2023\/09\/livro-SEMPIAS-v3-1-1-719x1024.png 719w, https:\/\/wp.ufpel.edu.br\/sempias2023\/files\/2023\/09\/livro-SEMPIAS-v3-1-1-768x1094.png 768w, https:\/\/wp.ufpel.edu.br\/sempias2023\/files\/2023\/09\/livro-SEMPIAS-v3-1-1-1079x1536.png 1079w, https:\/\/wp.ufpel.edu.br\/sempias2023\/files\/2023\/09\/livro-SEMPIAS-v3-1-1.png 1300w\" sizes=\"auto, (max-width: 281px) 100vw, 281px\" \/><\/p>\n<p style=\"text-align: center;\"><a href=\"https:\/\/wp.ufpel.edu.br\/sempias2023\/files\/2023\/09\/livro-SEMPIAS-v3.pdf\">Baixe Aqui<\/a><\/p>\n<p style=\"text-align: justify;\"><strong><span style=\"color: #993366;\">Anais do Semin\u00e1rio Internacional do Patrim\u00f4nio Industrial, Alimentos e Sustentabilidade:\u00a0<\/span><\/strong><\/p>\n<hr \/>\n<p><img loading=\"lazy\" decoding=\"async\" class=\" wp-image-942 aligncenter\" src=\"https:\/\/wp.ufpel.edu.br\/sempias2023\/files\/2023\/08\/WhatsApp-Image-2023-08-23-at-12.04.28-400x375.jpeg\" alt=\"\" width=\"209\" height=\"196\" srcset=\"https:\/\/wp.ufpel.edu.br\/sempias2023\/files\/2023\/08\/WhatsApp-Image-2023-08-23-at-12.04.28-400x375.jpeg 400w, https:\/\/wp.ufpel.edu.br\/sempias2023\/files\/2023\/08\/WhatsApp-Image-2023-08-23-at-12.04.28-1024x960.jpeg 1024w, https:\/\/wp.ufpel.edu.br\/sempias2023\/files\/2023\/08\/WhatsApp-Image-2023-08-23-at-12.04.28-768x720.jpeg 768w, https:\/\/wp.ufpel.edu.br\/sempias2023\/files\/2023\/08\/WhatsApp-Image-2023-08-23-at-12.04.28.jpeg 1050w\" sizes=\"auto, (max-width: 209px) 100vw, 209px\" \/><\/p>\n<p style=\"text-align: center;\"><a href=\"https:\/\/wp.ufpel.edu.br\/sempias2023\/files\/2023\/08\/norteSUL.pdf\">Baixe Aqui<\/a><\/p>\n<p style=\"text-align: justify;\"><strong><span style=\"color: #993366;\">Nuestro norte es el sur:<\/span> <\/strong>Livro de acesso aberto realizado a partir dos estudos desenvolvidos ou em desenvolvimento nas Universidades de Sevilha e C\u00e1diz, Espanha e \u00c9vora, Portugal, sob orienta\u00e7\u00e3o e supervis\u00e3o dos professores pesquisadores Enrique Larive Lopez e Vicente Juli\u00e1n Sobrino Simal (Universidade de Sevilha), Santiago Amaya-Corchelo (Universidade de C\u00e1diz) e Ana Cardoso de Mattos (Universidade de \u00c9vora). Os autores s\u00e3o p\u00f3s-doutores, doutores, doutorandos e mestrandos que estiveram nas referidas universidades desenvolvendo trabalhos de pesquisa nos anos de 2022 e 2023. Tratam de diferentes aspectos do patrim\u00f4nio cultural e industrial do Brasil, Chile, Cuba, Portugal e Espanha. Os cap\u00edtulos decorrem da apresenta\u00e7\u00e3o dessas pesquisas em um Semin\u00e1rio ocorrido na Universidade de Sevilha em mar\u00e7o de 2023, cujo t\u00edtulo \u00e9 hom\u00f4nimo ao livro.<\/p>\n<hr \/>\n<p><img loading=\"lazy\" decoding=\"async\" class=\" wp-image-944 aligncenter\" src=\"https:\/\/wp.ufpel.edu.br\/sempias2023\/files\/2023\/08\/THV-282x400.png\" alt=\"\" width=\"166\" height=\"235\" srcset=\"https:\/\/wp.ufpel.edu.br\/sempias2023\/files\/2023\/08\/THV-282x400.png 282w, https:\/\/wp.ufpel.edu.br\/sempias2023\/files\/2023\/08\/THV.png 370w\" sizes=\"auto, (max-width: 166px) 100vw, 166px\" \/><\/p>\n<p style=\"text-align: center;\"><a href=\"https:\/\/wp.ufpel.edu.br\/sempias2023\/files\/2023\/08\/THV-Final.pdf\">Baixe Aqui<\/a><\/p>\n<p style=\"text-align: justify;\"><strong><span style=\"color: #993366;\">Folder Tesouros Humanos Vivos:<\/span><\/strong> informativo resultante de um trabalho de pesquisa de mestrado de autoria de Giane Trovo Belmonte com a comunidade de fam\u00edlias doceiras tradicionais de Morro Redondo\/RS.<\/p>\n<hr \/>\n<p><strong><span style=\"color: #993366;\"><img loading=\"lazy\" decoding=\"async\" class=\" wp-image-950 aligncenter\" src=\"https:\/\/wp.ufpel.edu.br\/sempias2023\/files\/2023\/08\/WhatsApp-Image-2023-08-30-at-13.01.13.jpeg\" alt=\"\" width=\"159\" height=\"210\" \/><\/span><\/strong><\/p>\n<p style=\"text-align: center;\"><span style=\"color: #993366;\"><a style=\"color: #993366;\" href=\"https:\/\/wp.ufpel.edu.br\/sempias2023\/files\/2023\/08\/4.-Carta-de-Sevilha.pdf\">Baixe Aqui<\/a><\/span><\/p>\n<p style=\"text-align: justify;\"><strong><span style=\"color: #993366;\">Carta de Sevilha traduzida para o portugu\u00eas:\u00a0 <\/span><\/strong>Carta de Sevilla de Patrimonio Industrial 2018. Los retos del siglo XXI . Juli\u00e1n Sobrino Simal y Marina Sanz Carlos (ed.)<\/p>\n<p style=\"text-align: justify;\">El documento plantea recomendaciones para el conocimiento y puesta en valor del legado del patrimonio industrial, as\u00ed como estrategias integrales para su gesti\u00f3n. Fue suscrita por m\u00e1s de una veintena de expertos de diferentes disciplinas cient\u00edficas \u2013arquitectos, ingenieros, urbanistas, soci\u00f3logos, etc.\u2013 la finalidad de la Carta de Sevilla de Patrimonio Industrial 2018 es acotar los diferentes enfoques que afectan al patrimonio industrial, de modo que se posibilite un avance de su conocimiento y el planteamiento de estrategias coordinadas e integrales que den respuesta a los problemas derivados de su mantenimiento y conservaci\u00f3n.<\/p>\n<hr \/>\n<p>&nbsp;<\/p>\n","protected":false},"excerpt":{"rendered":"<p>Publica\u00e7\u00f5es Baixe Aqui Anais do Semin\u00e1rio Internacional do Patrim\u00f4nio Industrial, Alimentos e Sustentabilidade:\u00a0 Baixe Aqui Nuestro norte es el sur: Livro de acesso aberto realizado a partir dos estudos desenvolvidos ou em desenvolvimento nas Universidades de Sevilha e C\u00e1diz, Espanha e \u00c9vora, Portugal, sob orienta\u00e7\u00e3o e supervis\u00e3o dos professores pesquisadores Enrique Larive Lopez e Vicente &hellip; <\/p>\n<p class=\"link-more\"><a href=\"https:\/\/wp.ufpel.edu.br\/sempias2023\/publicacoes\/\" class=\"more-link\">Continue lendo<span class=\"screen-reader-text\"> &#8220;Publica\u00e7\u00f5es&#8221;<\/span><\/a><\/p>\n","protected":false},"author":616,"featured_media":0,"parent":0,"menu_order":0,"comment_status":"closed","ping_status":"closed","template":"","meta":{"footnotes":""},"class_list":["post-931","page","type-page","status-publish","hentry"],"yoast_head":"<!-- This site is optimized with the Yoast SEO plugin v26.7 - https:\/\/yoast.com\/wordpress\/plugins\/seo\/ -->\n<title>Publica\u00e7\u00f5es - SEMPIAS 2023 | Semin\u00e1rio Internacional Patrim\u00f4nio Industrial, Alimento e Sustentabilidade<\/title>\n<meta name=\"robots\" content=\"index, follow, max-snippet:-1, max-image-preview:large, max-video-preview:-1\" \/>\n<link rel=\"canonical\" href=\"https:\/\/wp.ufpel.edu.br\/sempias2023\/publicacoes\/\" \/>\n<meta property=\"og:locale\" content=\"pt_BR\" \/>\n<meta property=\"og:type\" content=\"article\" \/>\n<meta property=\"og:title\" content=\"Publica\u00e7\u00f5es - SEMPIAS 2023 | Semin\u00e1rio Internacional Patrim\u00f4nio Industrial, Alimento e Sustentabilidade\" \/>\n<meta property=\"og:description\" content=\"Publica\u00e7\u00f5es Baixe Aqui Anais do Semin\u00e1rio Internacional do Patrim\u00f4nio Industrial, Alimentos e Sustentabilidade:\u00a0 Baixe Aqui Nuestro norte es el sur: Livro de acesso aberto realizado a partir dos estudos desenvolvidos ou em desenvolvimento nas Universidades de Sevilha e C\u00e1diz, Espanha e \u00c9vora, Portugal, sob orienta\u00e7\u00e3o e supervis\u00e3o dos professores pesquisadores Enrique Larive Lopez e Vicente &hellip; Continue lendo &quot;Publica\u00e7\u00f5es&quot;\" \/>\n<meta property=\"og:url\" content=\"https:\/\/wp.ufpel.edu.br\/sempias2023\/publicacoes\/\" \/>\n<meta property=\"og:site_name\" content=\"SEMPIAS 2023 | Semin\u00e1rio Internacional Patrim\u00f4nio Industrial, Alimento e Sustentabilidade\" \/>\n<meta property=\"article:modified_time\" content=\"2023-09-20T13:27:29+00:00\" \/>\n<meta property=\"og:image\" content=\"https:\/\/wp.ufpel.edu.br\/sempias2023\/files\/2023\/09\/livro-SEMPIAS-v3-1-1-281x400.png\" \/>\n<meta name=\"twitter:card\" content=\"summary_large_image\" \/>\n<meta name=\"twitter:label1\" content=\"Est. tempo de leitura\" \/>\n\t<meta name=\"twitter:data1\" content=\"3 minutos\" \/>\n<script type=\"application\/ld+json\" class=\"yoast-schema-graph\">{\"@context\":\"https:\/\/schema.org\",\"@graph\":[{\"@type\":\"WebPage\",\"@id\":\"https:\/\/wp.ufpel.edu.br\/sempias2023\/publicacoes\/\",\"url\":\"https:\/\/wp.ufpel.edu.br\/sempias2023\/publicacoes\/\",\"name\":\"Publica\u00e7\u00f5es - SEMPIAS 2023 | Semin\u00e1rio Internacional Patrim\u00f4nio Industrial, Alimento e Sustentabilidade\",\"isPartOf\":{\"@id\":\"https:\/\/wp.ufpel.edu.br\/sempias2023\/#website\"},\"primaryImageOfPage\":{\"@id\":\"https:\/\/wp.ufpel.edu.br\/sempias2023\/publicacoes\/#primaryimage\"},\"image\":{\"@id\":\"https:\/\/wp.ufpel.edu.br\/sempias2023\/publicacoes\/#primaryimage\"},\"thumbnailUrl\":\"https:\/\/wp.ufpel.edu.br\/sempias2023\/files\/2023\/09\/livro-SEMPIAS-v3-1-1-281x400.png\",\"datePublished\":\"2023-08-29T17:53:52+00:00\",\"dateModified\":\"2023-09-20T13:27:29+00:00\",\"breadcrumb\":{\"@id\":\"https:\/\/wp.ufpel.edu.br\/sempias2023\/publicacoes\/#breadcrumb\"},\"inLanguage\":\"pt-BR\",\"potentialAction\":[{\"@type\":\"ReadAction\",\"target\":[\"https:\/\/wp.ufpel.edu.br\/sempias2023\/publicacoes\/\"]}]},{\"@type\":\"ImageObject\",\"inLanguage\":\"pt-BR\",\"@id\":\"https:\/\/wp.ufpel.edu.br\/sempias2023\/publicacoes\/#primaryimage\",\"url\":\"https:\/\/wp.ufpel.edu.br\/sempias2023\/files\/2023\/09\/livro-SEMPIAS-v3-1-1.png\",\"contentUrl\":\"https:\/\/wp.ufpel.edu.br\/sempias2023\/files\/2023\/09\/livro-SEMPIAS-v3-1-1.png\",\"width\":1300,\"height\":1851},{\"@type\":\"BreadcrumbList\",\"@id\":\"https:\/\/wp.ufpel.edu.br\/sempias2023\/publicacoes\/#breadcrumb\",\"itemListElement\":[{\"@type\":\"ListItem\",\"position\":1,\"name\":\"In\u00edcio\",\"item\":\"https:\/\/wp.ufpel.edu.br\/sempias2023\/\"},{\"@type\":\"ListItem\",\"position\":2,\"name\":\"Publica\u00e7\u00f5es\"}]},{\"@type\":\"WebSite\",\"@id\":\"https:\/\/wp.ufpel.edu.br\/sempias2023\/#website\",\"url\":\"https:\/\/wp.ufpel.edu.br\/sempias2023\/\",\"name\":\"SEMPIAS 2023 | Semin\u00e1rio Internacional Patrim\u00f4nio Industrial, Alimento e Sustentabilidade\",\"description\":\"Projeto F\u00e1brica de Mem\u00f3rias apresenta: Semin\u00e1rio Internacional Patrim\u00f4nio Industrial Alimento Sustentabilidade \u2013 FAPERGS \u2013 UFPEL \u2013 2023\",\"potentialAction\":[{\"@type\":\"SearchAction\",\"target\":{\"@type\":\"EntryPoint\",\"urlTemplate\":\"https:\/\/wp.ufpel.edu.br\/sempias2023\/?s={search_term_string}\"},\"query-input\":{\"@type\":\"PropertyValueSpecification\",\"valueRequired\":true,\"valueName\":\"search_term_string\"}}],\"inLanguage\":\"pt-BR\"}]}<\/script>\n<!-- \/ Yoast SEO plugin. -->","yoast_head_json":{"title":"Publica\u00e7\u00f5es - SEMPIAS 2023 | Semin\u00e1rio Internacional Patrim\u00f4nio Industrial, Alimento e Sustentabilidade","robots":{"index":"index","follow":"follow","max-snippet":"max-snippet:-1","max-image-preview":"max-image-preview:large","max-video-preview":"max-video-preview:-1"},"canonical":"https:\/\/wp.ufpel.edu.br\/sempias2023\/publicacoes\/","og_locale":"pt_BR","og_type":"article","og_title":"Publica\u00e7\u00f5es - SEMPIAS 2023 | Semin\u00e1rio Internacional Patrim\u00f4nio Industrial, Alimento e Sustentabilidade","og_description":"Publica\u00e7\u00f5es Baixe Aqui Anais do Semin\u00e1rio Internacional do Patrim\u00f4nio Industrial, Alimentos e Sustentabilidade:\u00a0 Baixe Aqui Nuestro norte es el sur: Livro de acesso aberto realizado a partir dos estudos desenvolvidos ou em desenvolvimento nas Universidades de Sevilha e C\u00e1diz, Espanha e \u00c9vora, Portugal, sob orienta\u00e7\u00e3o e supervis\u00e3o dos professores pesquisadores Enrique Larive Lopez e Vicente &hellip; Continue lendo \"Publica\u00e7\u00f5es\"","og_url":"https:\/\/wp.ufpel.edu.br\/sempias2023\/publicacoes\/","og_site_name":"SEMPIAS 2023 | Semin\u00e1rio Internacional Patrim\u00f4nio Industrial, Alimento e Sustentabilidade","article_modified_time":"2023-09-20T13:27:29+00:00","og_image":[{"url":"https:\/\/wp.ufpel.edu.br\/sempias2023\/files\/2023\/09\/livro-SEMPIAS-v3-1-1-281x400.png","type":"","width":"","height":""}],"twitter_card":"summary_large_image","twitter_misc":{"Est. tempo de leitura":"3 minutos"},"schema":{"@context":"https:\/\/schema.org","@graph":[{"@type":"WebPage","@id":"https:\/\/wp.ufpel.edu.br\/sempias2023\/publicacoes\/","url":"https:\/\/wp.ufpel.edu.br\/sempias2023\/publicacoes\/","name":"Publica\u00e7\u00f5es - SEMPIAS 2023 | Semin\u00e1rio Internacional Patrim\u00f4nio Industrial, Alimento e Sustentabilidade","isPartOf":{"@id":"https:\/\/wp.ufpel.edu.br\/sempias2023\/#website"},"primaryImageOfPage":{"@id":"https:\/\/wp.ufpel.edu.br\/sempias2023\/publicacoes\/#primaryimage"},"image":{"@id":"https:\/\/wp.ufpel.edu.br\/sempias2023\/publicacoes\/#primaryimage"},"thumbnailUrl":"https:\/\/wp.ufpel.edu.br\/sempias2023\/files\/2023\/09\/livro-SEMPIAS-v3-1-1-281x400.png","datePublished":"2023-08-29T17:53:52+00:00","dateModified":"2023-09-20T13:27:29+00:00","breadcrumb":{"@id":"https:\/\/wp.ufpel.edu.br\/sempias2023\/publicacoes\/#breadcrumb"},"inLanguage":"pt-BR","potentialAction":[{"@type":"ReadAction","target":["https:\/\/wp.ufpel.edu.br\/sempias2023\/publicacoes\/"]}]},{"@type":"ImageObject","inLanguage":"pt-BR","@id":"https:\/\/wp.ufpel.edu.br\/sempias2023\/publicacoes\/#primaryimage","url":"https:\/\/wp.ufpel.edu.br\/sempias2023\/files\/2023\/09\/livro-SEMPIAS-v3-1-1.png","contentUrl":"https:\/\/wp.ufpel.edu.br\/sempias2023\/files\/2023\/09\/livro-SEMPIAS-v3-1-1.png","width":1300,"height":1851},{"@type":"BreadcrumbList","@id":"https:\/\/wp.ufpel.edu.br\/sempias2023\/publicacoes\/#breadcrumb","itemListElement":[{"@type":"ListItem","position":1,"name":"In\u00edcio","item":"https:\/\/wp.ufpel.edu.br\/sempias2023\/"},{"@type":"ListItem","position":2,"name":"Publica\u00e7\u00f5es"}]},{"@type":"WebSite","@id":"https:\/\/wp.ufpel.edu.br\/sempias2023\/#website","url":"https:\/\/wp.ufpel.edu.br\/sempias2023\/","name":"SEMPIAS 2023 | Semin\u00e1rio Internacional Patrim\u00f4nio Industrial, Alimento e Sustentabilidade","description":"Projeto F\u00e1brica de Mem\u00f3rias apresenta: Semin\u00e1rio Internacional Patrim\u00f4nio Industrial Alimento Sustentabilidade \u2013 FAPERGS \u2013 UFPEL \u2013 2023","potentialAction":[{"@type":"SearchAction","target":{"@type":"EntryPoint","urlTemplate":"https:\/\/wp.ufpel.edu.br\/sempias2023\/?s={search_term_string}"},"query-input":{"@type":"PropertyValueSpecification","valueRequired":true,"valueName":"search_term_string"}}],"inLanguage":"pt-BR"}]}},"jetpack_sharing_enabled":true,"publishpress_future_action":{"enabled":false,"date":"2026-04-23 20:25:18","action":"change-status","newStatus":"draft","terms":[],"taxonomy":"language","extraData":[]},"publishpress_future_workflow_manual_trigger":{"enabledWorkflows":[]},"_links":{"self":[{"href":"https:\/\/wp.ufpel.edu.br\/sempias2023\/wp-json\/wp\/v2\/pages\/931","targetHints":{"allow":["GET"]}}],"collection":[{"href":"https:\/\/wp.ufpel.edu.br\/sempias2023\/wp-json\/wp\/v2\/pages"}],"about":[{"href":"https:\/\/wp.ufpel.edu.br\/sempias2023\/wp-json\/wp\/v2\/types\/page"}],"author":[{"embeddable":true,"href":"https:\/\/wp.ufpel.edu.br\/sempias2023\/wp-json\/wp\/v2\/users\/616"}],"replies":[{"embeddable":true,"href":"https:\/\/wp.ufpel.edu.br\/sempias2023\/wp-json\/wp\/v2\/comments?post=931"}],"version-history":[{"count":14,"href":"https:\/\/wp.ufpel.edu.br\/sempias2023\/wp-json\/wp\/v2\/pages\/931\/revisions"}],"predecessor-version":[{"id":958,"href":"https:\/\/wp.ufpel.edu.br\/sempias2023\/wp-json\/wp\/v2\/pages\/931\/revisions\/958"}],"wp:attachment":[{"href":"https:\/\/wp.ufpel.edu.br\/sempias2023\/wp-json\/wp\/v2\/media?parent=931"}],"curies":[{"name":"wp","href":"https:\/\/api.w.org\/{rel}","templated":true}]}}