{"id":40,"date":"2025-06-13T18:00:40","date_gmt":"2025-06-13T21:00:40","guid":{"rendered":"https:\/\/wp.ufpel.edu.br\/sempgeoufpel\/?page_id=40"},"modified":"2026-02-25T12:56:03","modified_gmt":"2026-02-25T15:56:03","slug":"sobre","status":"publish","type":"page","link":"https:\/\/wp.ufpel.edu.br\/sempgeoufpel\/","title":{"rendered":"Sobre"},"content":{"rendered":"<p>De 19 a 22 de agosto de 2026, a Universidade Federal de Pelotas ser\u00e1 palco do II F\u00f3rum Ga\u00facho-Catarinense dos Programas de P\u00f3s-Gradua\u00e7\u00e3o em Geografia, realizado conjuntamente ao XIII Semin\u00e1rio do Programa de P\u00f3s-Gradua\u00e7\u00e3o em Geografia da UFPel (XIII SEMPGEO).<\/p>\n<p><a href=\"https:\/\/wp.ufpel.edu.br\/ppgeo\/files\/2026\/02\/II-Forum-Publicacoes.png\"><img loading=\"lazy\" decoding=\"async\" class=\"aligncenter wp-image-3614\" src=\"https:\/\/wp.ufpel.edu.br\/ppgeo\/files\/2026\/02\/II-Forum-Publicacoes.png\" sizes=\"auto, (max-width: 491px) 100vw, 491px\" srcset=\"https:\/\/wp.ufpel.edu.br\/ppgeo\/files\/2026\/02\/II-Forum-Publicacoes.png 1080w, https:\/\/wp.ufpel.edu.br\/ppgeo\/files\/2026\/02\/II-Forum-Publicacoes-320x400.png 320w, https:\/\/wp.ufpel.edu.br\/ppgeo\/files\/2026\/02\/II-Forum-Publicacoes-819x1024.png 819w, https:\/\/wp.ufpel.edu.br\/ppgeo\/files\/2026\/02\/II-Forum-Publicacoes-768x960.png 768w\" alt=\"\" width=\"491\" height=\"614\" \/><\/a><br \/>\nNesta edi\u00e7\u00e3o, celebramos um marco hist\u00f3rico: a abertura do Curso de Doutorado em Geografia da UFPel, consolidando o fortalecimento e a interioriza\u00e7\u00e3o da p\u00f3s-gradua\u00e7\u00e3o em Geografia no sul do Brasil.<\/p>\n<p>O evento re\u00fane os Programas de P\u00f3s-Gradua\u00e7\u00e3o em Geografia do RS e de SC \u2014 entre eles Universidade Federal de Santa Catarina, Universidade Federal de Santa Maria, Universidade Federal do Rio Grande do Sul, Universidade Federal da Fronteira Sul, Universidade Federal do Rio Grande e Instituto Federal Catarinense \u2014 fortalecendo o di\u00e1logo interinstitucional e regional.<\/p>\n<p><img decoding=\"async\" class=\"emoji\" role=\"img\" draggable=\"false\" src=\"https:\/\/s.w.org\/images\/core\/emoji\/17.0.2\/svg\/1f50e.svg\" alt=\"\ud83d\udd0e\" \/>\u00a0O que vamos debater?<br \/>\n\u2022 Avalia\u00e7\u00e3o e rumos da p\u00f3s-gradua\u00e7\u00e3o em Geografia<br \/>\n\u2022 Compromisso social, a\u00e7\u00f5es afirmativas e inclus\u00e3o<br \/>\n\u2022 Di\u00e1logo com a Educa\u00e7\u00e3o B\u00e1sica<br \/>\n\u2022 Diversidade epistemol\u00f3gica e metodol\u00f3gica<br \/>\n\u2022 Quest\u00f5es ambientais, territoriais, educacionais e sociais<\/p>\n<p><img decoding=\"async\" class=\"emoji\" role=\"img\" draggable=\"false\" src=\"https:\/\/s.w.org\/images\/core\/emoji\/17.0.2\/svg\/1f4dd.svg\" alt=\"\ud83d\udcdd\" \/>\u00a0Submiss\u00f5es<br \/>\n<img decoding=\"async\" class=\"emoji\" role=\"img\" draggable=\"false\" src=\"https:\/\/s.w.org\/images\/core\/emoji\/17.0.2\/svg\/2714.svg\" alt=\"\u2714\" \/>\u00a0Artigos publicados na Revista Estrab\u00e3o (Qualis A4)<br \/>\n<img decoding=\"async\" class=\"emoji\" role=\"img\" draggable=\"false\" src=\"https:\/\/s.w.org\/images\/core\/emoji\/17.0.2\/svg\/2714.svg\" alt=\"\u2714\" \/>\u00a0Resumos expandidos para o XIII SEMPGEO (gradua\u00e7\u00e3o)<br \/>\n<img decoding=\"async\" class=\"emoji\" role=\"img\" draggable=\"false\" src=\"https:\/\/s.w.org\/images\/core\/emoji\/17.0.2\/svg\/2714.svg\" alt=\"\u2714\" \/>\u00a0Trabalhos vinculados \u00e0s linhas: An\u00e1lise Territorial; An\u00e1lise Ambiental; Educa\u00e7\u00e3o Geogr\u00e1fica<\/p>\n<p><img decoding=\"async\" class=\"emoji\" role=\"img\" draggable=\"false\" src=\"https:\/\/s.w.org\/images\/core\/emoji\/17.0.2\/svg\/1f4bb.svg\" alt=\"\ud83d\udcbb\" \/>\u00a0Inscri\u00e7\u00f5es via Even3<br \/>\nValores acess\u00edveis e organizados por categoria.<br \/>\nAten\u00e7\u00e3o: todos(as) os(as) autores(as) e coautores(as) devem estar inscritos(as).<\/p>\n<p>Um espa\u00e7o de planejamento, reflex\u00e3o e constru\u00e7\u00e3o coletiva da Geografia que queremos \u2014 cr\u00edtica, plural e socialmente comprometida.<\/p>\n<p>Para mais informa\u00e7\u00f5es, acesse o\u00a0<a href=\"https:\/\/sites.google.com\/view\/ii-fgppggeo\/p%C3%A1gina-inicial\">Site Oficial do Evento<\/a>\u00a0ou o Perfil Oficial do F\u00f3rum no\u00a0<a href=\"https:\/\/www.instagram.com\/fgpggeo\/\">Instagram.<\/a><\/p>\n<p><img decoding=\"async\" class=\"emoji\" role=\"img\" draggable=\"false\" src=\"https:\/\/s.w.org\/images\/core\/emoji\/17.0.2\/svg\/1f4cd.svg\" alt=\"\ud83d\udccd\" \/>\u00a0Pelotas\/RS<br \/>\n<img decoding=\"async\" class=\"emoji\" role=\"img\" draggable=\"false\" src=\"https:\/\/s.w.org\/images\/core\/emoji\/17.0.2\/svg\/1f4c5.svg\" alt=\"\ud83d\udcc5\" \/>\u00a019 a 22 de agosto de 2026<\/p>\n","protected":false},"excerpt":{"rendered":"<p>De 19 a 22 de agosto de 2026, a Universidade Federal de Pelotas ser\u00e1 palco do II F\u00f3rum Ga\u00facho-Catarinense dos Programas de P\u00f3s-Gradua\u00e7\u00e3o em Geografia, realizado conjuntamente ao XIII Semin\u00e1rio do Programa de P\u00f3s-Gradua\u00e7\u00e3o em Geografia da UFPel (XIII SEMPGEO). Nesta edi\u00e7\u00e3o, celebramos um marco hist\u00f3rico: a abertura do Curso de Doutorado em Geografia da [&hellip;]<\/p>\n","protected":false},"author":202,"featured_media":0,"parent":0,"menu_order":1,"comment_status":"closed","ping_status":"closed","template":"","meta":{"footnotes":""},"class_list":["post-40","page","type-page","status-publish","hentry","post"],"jetpack-related-posts":[],"jetpack_sharing_enabled":true,"_links":{"self":[{"href":"https:\/\/wp.ufpel.edu.br\/sempgeoufpel\/wp-json\/wp\/v2\/pages\/40","targetHints":{"allow":["GET"]}}],"collection":[{"href":"https:\/\/wp.ufpel.edu.br\/sempgeoufpel\/wp-json\/wp\/v2\/pages"}],"about":[{"href":"https:\/\/wp.ufpel.edu.br\/sempgeoufpel\/wp-json\/wp\/v2\/types\/page"}],"author":[{"embeddable":true,"href":"https:\/\/wp.ufpel.edu.br\/sempgeoufpel\/wp-json\/wp\/v2\/users\/202"}],"replies":[{"embeddable":true,"href":"https:\/\/wp.ufpel.edu.br\/sempgeoufpel\/wp-json\/wp\/v2\/comments?post=40"}],"version-history":[{"count":3,"href":"https:\/\/wp.ufpel.edu.br\/sempgeoufpel\/wp-json\/wp\/v2\/pages\/40\/revisions"}],"predecessor-version":[{"id":1272,"href":"https:\/\/wp.ufpel.edu.br\/sempgeoufpel\/wp-json\/wp\/v2\/pages\/40\/revisions\/1272"}],"wp:attachment":[{"href":"https:\/\/wp.ufpel.edu.br\/sempgeoufpel\/wp-json\/wp\/v2\/media?parent=40"}],"curies":[{"name":"wp","href":"https:\/\/api.w.org\/{rel}","templated":true}]}}

<p>De 19 a 22 de agosto de 2026, a Universidade Federal de Pelotas será palco do II Fórum Gaúcho-Catarinense dos Programas de Pós-Graduação em Geografia, realizado conjuntamente ao XIII Seminário do Programa de Pós-Graduação em Geografia da UFPel (XIII SEMPGEO).</p>
<p><a href="https://wp.ufpel.edu.br/ppgeo/files/2026/02/II-Forum-Publicacoes.png"><img loading="lazy" decoding="async" class="aligncenter wp-image-3614" src="https://wp.ufpel.edu.br/ppgeo/files/2026/02/II-Forum-Publicacoes.png" sizes="auto, (max-width: 491px) 100vw, 491px" srcset="https://wp.ufpel.edu.br/ppgeo/files/2026/02/II-Forum-Publicacoes.png 1080w, https://wp.ufpel.edu.br/ppgeo/files/2026/02/II-Forum-Publicacoes-320x400.png 320w, https://wp.ufpel.edu.br/ppgeo/files/2026/02/II-Forum-Publicacoes-819x1024.png 819w, https://wp.ufpel.edu.br/ppgeo/files/2026/02/II-Forum-Publicacoes-768x960.png 768w" alt="" width="491" height="614" /></a><br />
Nesta edição, celebramos um marco histórico: a abertura do Curso de Doutorado em Geografia da UFPel, consolidando o fortalecimento e a interiorização da pós-graduação em Geografia no sul do Brasil.</p>
<p>O evento reúne os Programas de Pós-Graduação em Geografia do RS e de SC — entre eles Universidade Federal de Santa Catarina, Universidade Federal de Santa Maria, Universidade Federal do Rio Grande do Sul, Universidade Federal da Fronteira Sul, Universidade Federal do Rio Grande e Instituto Federal Catarinense — fortalecendo o diálogo interinstitucional e regional.</p>
<p><img decoding="async" class="emoji" role="img" draggable="false" src="https://s.w.org/images/core/emoji/17.0.2/svg/1f50e.svg" alt="🔎" /> O que vamos debater?<br />
• Avaliação e rumos da pós-graduação em Geografia<br />
• Compromisso social, ações afirmativas e inclusão<br />
• Diálogo com a Educação Básica<br />
• Diversidade epistemológica e metodológica<br />
• Questões ambientais, territoriais, educacionais e sociais</p>
<p><img decoding="async" class="emoji" role="img" draggable="false" src="https://s.w.org/images/core/emoji/17.0.2/svg/1f4dd.svg" alt="📝" /> Submissões<br />
<img decoding="async" class="emoji" role="img" draggable="false" src="https://s.w.org/images/core/emoji/17.0.2/svg/2714.svg" alt="✔" /> Artigos publicados na Revista Estrabão (Qualis A4)<br />
<img decoding="async" class="emoji" role="img" draggable="false" src="https://s.w.org/images/core/emoji/17.0.2/svg/2714.svg" alt="✔" /> Resumos expandidos para o XIII SEMPGEO (graduação)<br />
<img decoding="async" class="emoji" role="img" draggable="false" src="https://s.w.org/images/core/emoji/17.0.2/svg/2714.svg" alt="✔" /> Trabalhos vinculados às linhas: Análise Territorial; Análise Ambiental; Educação Geográfica</p>
<p><img decoding="async" class="emoji" role="img" draggable="false" src="https://s.w.org/images/core/emoji/17.0.2/svg/1f4bb.svg" alt="💻" /> Inscrições via Even3<br />
Valores acessíveis e organizados por categoria.<br />
Atenção: todos(as) os(as) autores(as) e coautores(as) devem estar inscritos(as).</p>
<p>Um espaço de planejamento, reflexão e construção coletiva da Geografia que queremos — crítica, plural e socialmente comprometida.</p>
<p>Para mais informações, acesse o <a href="https://sites.google.com/view/ii-fgppggeo/p%C3%A1gina-inicial">Site Oficial do Evento</a> ou o Perfil Oficial do Fórum no <a href="https://www.instagram.com/fgpggeo/">Instagram.</a></p>
<p><img decoding="async" class="emoji" role="img" draggable="false" src="https://s.w.org/images/core/emoji/17.0.2/svg/1f4cd.svg" alt="📍" /> Pelotas/RS<br />
<img decoding="async" class="emoji" role="img" draggable="false" src="https://s.w.org/images/core/emoji/17.0.2/svg/1f4c5.svg" alt="📅" /> 19 a 22 de agosto de 2026</p>

<p>De 19 a 22 de agosto de 2026, a Universidade Federal de Pelotas será palco do II Fórum Gaúcho-Catarinense dos Programas de Pós-Graduação em Geografia, realizado conjuntamente ao XIII Seminário do Programa de Pós-Graduação em Geografia da UFPel (XIII SEMPGEO). Nesta edição, celebramos um marco histórico: a abertura do Curso de Doutorado em Geografia da [&hellip;]</p>
