{"id":85,"date":"2026-08-26T21:44:51","date_gmt":"2026-08-27T00:44:51","guid":{"rendered":"https:\/\/wp.ufpel.edu.br\/seminarioppgd\/?page_id=85"},"modified":"2026-08-26T22:25:00","modified_gmt":"2026-08-27T01:25:00","slug":"edital","status":"publish","type":"page","link":"https:\/\/wp.ufpel.edu.br\/seminarioppgd\/edital\/","title":{"rendered":"Edital"},"content":{"rendered":"<p><img class=\"alignnone size-medium wp-image-69\" src=\"https:\/\/wp.ufpel.edu.br\/seminarioppgd\/files\/2026\/08\/PHOTO-2026-08-22-15-42-11-320x400.jpg\" alt=\"\" width=\"320\" height=\"400\" srcset=\"https:\/\/wp.ufpel.edu.br\/seminarioppgd\/files\/2026\/08\/PHOTO-2026-08-22-15-42-11-320x400.jpg 320w, https:\/\/wp.ufpel.edu.br\/seminarioppgd\/files\/2026\/08\/PHOTO-2026-08-22-15-42-11-819x1024.jpg 819w, https:\/\/wp.ufpel.edu.br\/seminarioppgd\/files\/2026\/08\/PHOTO-2026-08-22-15-42-11-768x960.jpg 768w, https:\/\/wp.ufpel.edu.br\/seminarioppgd\/files\/2026\/08\/PHOTO-2026-08-22-15-42-11.jpg 1080w\" sizes=\"(max-width: 320px) 100vw, 320px\" \/><\/p>\n<p>Leia o edital completo: <a href=\"https:\/\/wp.ufpel.edu.br\/seminarioppgd\/files\/2026\/08\/2026-Edital-VII-SEMINARIO-DIREITOS-FUNDAMENTAIS-E-VULNERABILIDADE-SOCIAL-E-I-ENCONTRO-INTERNACIONAL-DO-OBSERVATORIO-DE-DIREITOS-SOCIAIS-novo-1.pdf\">Edital VII Semin\u00e1rio Direitos Fundamentais e Vulnerabilidade Social e do I Encontro Internacional do Observat\u00f3rio de Direitos Sociais<\/a><\/p>\n<p>Submiss\u00e3o: https:\/\/forms.gle\/ArgHKHaFXeADKgdM7<\/p>\n<p dir=\"auto\">Per\u00edodo de submiss\u00e3o: 20\/08\/2026 a 20\/10\/2026, 23h59.<\/p>\n<p dir=\"auto\">Cada resumo pode ter at\u00e9 tr\u00eas autores. Extens\u00e3o m\u00e1xima: 400 palavras (t\u00edtulo + texto + palavras-chave). Fonte Arial 11; t\u00edtulo em caixa alta, negrito, tamanho 12.<\/p>\n<p dir=\"auto\">Resultado: 25 de outubro de 2026, ap\u00f3s as 20h, nesta p\u00e1gina e por e-mail.<\/p>\n<p dir=\"auto\">D\u00favidas: seminariodfppgdufpel@gmail.com<\/p>\n","protected":false},"excerpt":{"rendered":"<p>Leia o edital completo: Edital VII Semin\u00e1rio Direitos Fundamentais e Vulnerabilidade Social e do I Encontro Internacional do Observat\u00f3rio de Direitos Sociais Submiss\u00e3o: https:\/\/forms.gle\/ArgHKHaFXeADKgdM7 Per\u00edodo de submiss\u00e3o: 20\/08\/2026 a 20\/10\/2026, 23h59. Cada resumo pode ter at\u00e9 tr\u00eas autores. Extens\u00e3o m\u00e1xima: 400 palavras (t\u00edtulo + texto + palavras-chave). Fonte Arial 11; t\u00edtulo em caixa alta, negrito, [&hellip;]<\/p>\n","protected":false},"author":97,"featured_media":0,"parent":0,"menu_order":4,"comment_status":"closed","ping_status":"closed","template":"","meta":{"footnotes":""},"class_list":["post-85","page","type-page","status-publish","hentry"],"_links":{"self":[{"href":"https:\/\/wp.ufpel.edu.br\/seminarioppgd\/wp-json\/wp\/v2\/pages\/85","targetHints":{"allow":["GET"]}}],"collection":[{"href":"https:\/\/wp.ufpel.edu.br\/seminarioppgd\/wp-json\/wp\/v2\/pages"}],"about":[{"href":"https:\/\/wp.ufpel.edu.br\/seminarioppgd\/wp-json\/wp\/v2\/types\/page"}],"author":[{"embeddable":true,"href":"https:\/\/wp.ufpel.edu.br\/seminarioppgd\/wp-json\/wp\/v2\/users\/97"}],"replies":[{"embeddable":true,"href":"https:\/\/wp.ufpel.edu.br\/seminarioppgd\/wp-json\/wp\/v2\/comments?post=85"}],"version-history":[{"count":3,"href":"https:\/\/wp.ufpel.edu.br\/seminarioppgd\/wp-json\/wp\/v2\/pages\/85\/revisions"}],"predecessor-version":[{"id":133,"href":"https:\/\/wp.ufpel.edu.br\/seminarioppgd\/wp-json\/wp\/v2\/pages\/85\/revisions\/133"}],"wp:attachment":[{"href":"https:\/\/wp.ufpel.edu.br\/seminarioppgd\/wp-json\/wp\/v2\/media?parent=85"}],"curies":[{"name":"wp","href":"https:\/\/api.w.org\/{rel}","templated":true}]}}

<p><img class="alignnone size-medium wp-image-69" src="https://wp.ufpel.edu.br/seminarioppgd/files/2026/08/PHOTO-2026-08-22-15-42-11-320x400.jpg" alt="" width="320" height="400" srcset="https://wp.ufpel.edu.br/seminarioppgd/files/2026/08/PHOTO-2026-08-22-15-42-11-320x400.jpg 320w, https://wp.ufpel.edu.br/seminarioppgd/files/2026/08/PHOTO-2026-08-22-15-42-11-819x1024.jpg 819w, https://wp.ufpel.edu.br/seminarioppgd/files/2026/08/PHOTO-2026-08-22-15-42-11-768x960.jpg 768w, https://wp.ufpel.edu.br/seminarioppgd/files/2026/08/PHOTO-2026-08-22-15-42-11.jpg 1080w" sizes="(max-width: 320px) 100vw, 320px" /></p>
<p>Leia o edital completo: <a href="https://wp.ufpel.edu.br/seminarioppgd/files/2026/08/2026-Edital-VII-SEMINARIO-DIREITOS-FUNDAMENTAIS-E-VULNERABILIDADE-SOCIAL-E-I-ENCONTRO-INTERNACIONAL-DO-OBSERVATORIO-DE-DIREITOS-SOCIAIS-novo-1.pdf">Edital VII Seminário Direitos Fundamentais e Vulnerabilidade Social e do I Encontro Internacional do Observatório de Direitos Sociais</a></p>
<p>Submissão: https://forms.gle/ArgHKHaFXeADKgdM7</p>
<p dir="auto">Período de submissão: 20/08/2026 a 20/10/2026, 23h59.</p>
<p dir="auto">Cada resumo pode ter até três autores. Extensão máxima: 400 palavras (título + texto + palavras-chave). Fonte Arial 11; título em caixa alta, negrito, tamanho 12.</p>
<p dir="auto">Resultado: 25 de outubro de 2026, após as 20h, nesta página e por e-mail.</p>
<p dir="auto">Dúvidas: seminariodfppgdufpel@gmail.com</p>

<p>Leia o edital completo: Edital VII Seminário Direitos Fundamentais e Vulnerabilidade Social e do I Encontro Internacional do Observatório de Direitos Sociais Submissão: https://forms.gle/ArgHKHaFXeADKgdM7 Período de submissão: 20/08/2026 a 20/10/2026, 23h59. Cada resumo pode ter até três autores. Extensão máxima: 400 palavras (título + texto + palavras-chave). Fonte Arial 11; título em caixa alta, negrito, [&hellip;]</p>
