{"id":8,"date":"2026-08-08T15:42:40","date_gmt":"2026-08-08T18:42:40","guid":{"rendered":"https:\/\/wp.ufpel.edu.br\/seminarioppgd\/?page_id=8"},"modified":"2026-08-26T21:48:54","modified_gmt":"2026-08-27T00:48:54","slug":"vii-seminario-direitos-fundamentais-e-vulnerabilidade-social-e-i-encontro-internacional-do-observatorio-de-direitos-sociais","status":"publish","type":"page","link":"https:\/\/wp.ufpel.edu.br\/seminarioppgd\/vii-seminario-direitos-fundamentais-e-vulnerabilidade-social-e-i-encontro-internacional-do-observatorio-de-direitos-sociais\/","title":{"rendered":"Evento"},"content":{"rendered":"<p><img class=\"alignnone wp-image-69\" src=\"https:\/\/wp.ufpel.edu.br\/seminarioppgd\/files\/2026\/08\/PHOTO-2026-08-22-15-42-11-320x400.jpg\" alt=\"\" width=\"503\" height=\"629\" srcset=\"https:\/\/wp.ufpel.edu.br\/seminarioppgd\/files\/2026\/08\/PHOTO-2026-08-22-15-42-11-320x400.jpg 320w, https:\/\/wp.ufpel.edu.br\/seminarioppgd\/files\/2026\/08\/PHOTO-2026-08-22-15-42-11-819x1024.jpg 819w, https:\/\/wp.ufpel.edu.br\/seminarioppgd\/files\/2026\/08\/PHOTO-2026-08-22-15-42-11-768x960.jpg 768w, https:\/\/wp.ufpel.edu.br\/seminarioppgd\/files\/2026\/08\/PHOTO-2026-08-22-15-42-11.jpg 1080w\" sizes=\"(max-width: 503px) 100vw, 503px\" \/><\/p>\n<p>&nbsp;<\/p>\n<p><strong>Comiss\u00e3o organizadora:<\/strong><\/p>\n<p>Profa. Dra. Antonia Espindola Longoni Klee<\/p>\n<p>Prof. Dr. Fernando Costa de Azevedo<\/p>\n<p>Prof. Dr. Guilherme Camargo Massa\u00fa<\/p>\n<p>Prof. Dr. Jo\u00e3o Pedro Seefeldt Pessoa<\/p>\n<p>Endere\u00e7o eletr\u00f4nico: <strong>seminariodfppgdufpel@gmail.com<\/strong><\/p>\n","protected":false},"excerpt":{"rendered":"<p>&nbsp; Comiss\u00e3o organizadora: Profa. Dra. Antonia Espindola Longoni Klee Prof. Dr. Fernando Costa de Azevedo Prof. Dr. Guilherme Camargo Massa\u00fa Prof. Dr. Jo\u00e3o Pedro Seefeldt Pessoa Endere\u00e7o eletr\u00f4nico: seminariodfppgdufpel@gmail.com<\/p>\n","protected":false},"author":1609,"featured_media":0,"parent":0,"menu_order":2,"comment_status":"closed","ping_status":"closed","template":"","meta":{"footnotes":""},"class_list":["post-8","page","type-page","status-publish","hentry"],"_links":{"self":[{"href":"https:\/\/wp.ufpel.edu.br\/seminarioppgd\/wp-json\/wp\/v2\/pages\/8","targetHints":{"allow":["GET"]}}],"collection":[{"href":"https:\/\/wp.ufpel.edu.br\/seminarioppgd\/wp-json\/wp\/v2\/pages"}],"about":[{"href":"https:\/\/wp.ufpel.edu.br\/seminarioppgd\/wp-json\/wp\/v2\/types\/page"}],"author":[{"embeddable":true,"href":"https:\/\/wp.ufpel.edu.br\/seminarioppgd\/wp-json\/wp\/v2\/users\/1609"}],"replies":[{"embeddable":true,"href":"https:\/\/wp.ufpel.edu.br\/seminarioppgd\/wp-json\/wp\/v2\/comments?post=8"}],"version-history":[{"count":4,"href":"https:\/\/wp.ufpel.edu.br\/seminarioppgd\/wp-json\/wp\/v2\/pages\/8\/revisions"}],"predecessor-version":[{"id":97,"href":"https:\/\/wp.ufpel.edu.br\/seminarioppgd\/wp-json\/wp\/v2\/pages\/8\/revisions\/97"}],"wp:attachment":[{"href":"https:\/\/wp.ufpel.edu.br\/seminarioppgd\/wp-json\/wp\/v2\/media?parent=8"}],"curies":[{"name":"wp","href":"https:\/\/api.w.org\/{rel}","templated":true}]}}

<p><img class="alignnone wp-image-69" src="https://wp.ufpel.edu.br/seminarioppgd/files/2026/08/PHOTO-2026-08-22-15-42-11-320x400.jpg" alt="" width="503" height="629" srcset="https://wp.ufpel.edu.br/seminarioppgd/files/2026/08/PHOTO-2026-08-22-15-42-11-320x400.jpg 320w, https://wp.ufpel.edu.br/seminarioppgd/files/2026/08/PHOTO-2026-08-22-15-42-11-819x1024.jpg 819w, https://wp.ufpel.edu.br/seminarioppgd/files/2026/08/PHOTO-2026-08-22-15-42-11-768x960.jpg 768w, https://wp.ufpel.edu.br/seminarioppgd/files/2026/08/PHOTO-2026-08-22-15-42-11.jpg 1080w" sizes="(max-width: 503px) 100vw, 503px" /></p>
<p>&nbsp;</p>
<p><strong>Comissão organizadora:</strong></p>
<p>Profa. Dra. Antonia Espindola Longoni Klee</p>
<p>Prof. Dr. Fernando Costa de Azevedo</p>
<p>Prof. Dr. Guilherme Camargo Massaú</p>
<p>Prof. Dr. João Pedro Seefeldt Pessoa</p>
<p>Endereço eletrônico: <strong>seminariodfppgdufpel@gmail.com</strong></p>

<p>&nbsp; Comissão organizadora: Profa. Dra. Antonia Espindola Longoni Klee Prof. Dr. Fernando Costa de Azevedo Prof. Dr. Guilherme Camargo Massaú Prof. Dr. João Pedro Seefeldt Pessoa Endereço eletrônico: seminariodfppgdufpel@gmail.com</p>
