{"id":76,"date":"2026-08-26T21:43:11","date_gmt":"2026-08-27T00:43:11","guid":{"rendered":"https:\/\/wp.ufpel.edu.br\/seminarioppgd\/?page_id=76"},"modified":"2026-08-26T22:15:04","modified_gmt":"2026-08-27T01:15:04","slug":"inicio","status":"publish","type":"page","link":"https:\/\/wp.ufpel.edu.br\/seminarioppgd\/","title":{"rendered":"In\u00edcio"},"content":{"rendered":"<p><img class=\"alignnone size-medium wp-image-69\" src=\"https:\/\/wp.ufpel.edu.br\/seminarioppgd\/files\/2026\/08\/PHOTO-2026-08-22-15-42-11-320x400.jpg\" alt=\"\" width=\"320\" height=\"400\" srcset=\"https:\/\/wp.ufpel.edu.br\/seminarioppgd\/files\/2026\/08\/PHOTO-2026-08-22-15-42-11-320x400.jpg 320w, https:\/\/wp.ufpel.edu.br\/seminarioppgd\/files\/2026\/08\/PHOTO-2026-08-22-15-42-11-819x1024.jpg 819w, https:\/\/wp.ufpel.edu.br\/seminarioppgd\/files\/2026\/08\/PHOTO-2026-08-22-15-42-11-768x960.jpg 768w, https:\/\/wp.ufpel.edu.br\/seminarioppgd\/files\/2026\/08\/PHOTO-2026-08-22-15-42-11.jpg 1080w\" sizes=\"(max-width: 320px) 100vw, 320px\" \/><\/p>\n<p>Est\u00e3o abertas as submiss\u00f5es de resumos para os Grupos de Trabalho do VII Semin\u00e1rio Direitos Fundamentais e Vulnerabilidade Social e do I Encontro Internacional do Observat\u00f3rio de Direitos Sociais.<\/p>\n<p>Prazo: 20 de agosto a 20 de outubro de 2026, at\u00e9 23h59.<\/p>\n<p>As sess\u00f5es dos GTs ocorrer\u00e3o on-line nos dias 4, 5 e 6 de novembro de 2026.<\/p>\n<p><a href=\"https:\/\/wp.ufpel.edu.br\/seminarioppgd\/edital\/\">Ler o Edital<\/a><\/p>\n","protected":false},"excerpt":{"rendered":"<p>Est\u00e3o abertas as submiss\u00f5es de resumos para os Grupos de Trabalho do VII Semin\u00e1rio Direitos Fundamentais e Vulnerabilidade Social e do I Encontro Internacional do Observat\u00f3rio de Direitos Sociais. Prazo: 20 de agosto a 20 de outubro de 2026, at\u00e9 23h59. As sess\u00f5es dos GTs ocorrer\u00e3o on-line nos dias 4, 5 e 6 de novembro [&hellip;]<\/p>\n","protected":false},"author":97,"featured_media":0,"parent":0,"menu_order":1,"comment_status":"closed","ping_status":"closed","template":"","meta":{"footnotes":""},"class_list":["post-76","page","type-page","status-publish","hentry"],"_links":{"self":[{"href":"https:\/\/wp.ufpel.edu.br\/seminarioppgd\/wp-json\/wp\/v2\/pages\/76","targetHints":{"allow":["GET"]}}],"collection":[{"href":"https:\/\/wp.ufpel.edu.br\/seminarioppgd\/wp-json\/wp\/v2\/pages"}],"about":[{"href":"https:\/\/wp.ufpel.edu.br\/seminarioppgd\/wp-json\/wp\/v2\/types\/page"}],"author":[{"embeddable":true,"href":"https:\/\/wp.ufpel.edu.br\/seminarioppgd\/wp-json\/wp\/v2\/users\/97"}],"replies":[{"embeddable":true,"href":"https:\/\/wp.ufpel.edu.br\/seminarioppgd\/wp-json\/wp\/v2\/comments?post=76"}],"version-history":[{"count":3,"href":"https:\/\/wp.ufpel.edu.br\/seminarioppgd\/wp-json\/wp\/v2\/pages\/76\/revisions"}],"predecessor-version":[{"id":125,"href":"https:\/\/wp.ufpel.edu.br\/seminarioppgd\/wp-json\/wp\/v2\/pages\/76\/revisions\/125"}],"wp:attachment":[{"href":"https:\/\/wp.ufpel.edu.br\/seminarioppgd\/wp-json\/wp\/v2\/media?parent=76"}],"curies":[{"name":"wp","href":"https:\/\/api.w.org\/{rel}","templated":true}]}}

Início

<p><img class="alignnone size-medium wp-image-69" src="https://wp.ufpel.edu.br/seminarioppgd/files/2026/08/PHOTO-2026-08-22-15-42-11-320x400.jpg" alt="" width="320" height="400" srcset="https://wp.ufpel.edu.br/seminarioppgd/files/2026/08/PHOTO-2026-08-22-15-42-11-320x400.jpg 320w, https://wp.ufpel.edu.br/seminarioppgd/files/2026/08/PHOTO-2026-08-22-15-42-11-819x1024.jpg 819w, https://wp.ufpel.edu.br/seminarioppgd/files/2026/08/PHOTO-2026-08-22-15-42-11-768x960.jpg 768w, https://wp.ufpel.edu.br/seminarioppgd/files/2026/08/PHOTO-2026-08-22-15-42-11.jpg 1080w" sizes="(max-width: 320px) 100vw, 320px" /></p>
<p>Estão abertas as submissões de resumos para os Grupos de Trabalho do VII Seminário Direitos Fundamentais e Vulnerabilidade Social e do I Encontro Internacional do Observatório de Direitos Sociais.</p>
<p>Prazo: 20 de agosto a 20 de outubro de 2026, até 23h59.</p>
<p>As sessões dos GTs ocorrerão on-line nos dias 4, 5 e 6 de novembro de 2026.</p>
<p><a href="https://wp.ufpel.edu.br/seminarioppgd/edital/">Ler o Edital</a></p>

<p>Estão abertas as submissões de resumos para os Grupos de Trabalho do VII Seminário Direitos Fundamentais e Vulnerabilidade Social e do I Encontro Internacional do Observatório de Direitos Sociais. Prazo: 20 de agosto a 20 de outubro de 2026, até 23h59. As sessões dos GTs ocorrerão on-line nos dias 4, 5 e 6 de novembro [&hellip;]</p>
