{"id":36,"date":"2024-09-23T17:24:07","date_gmt":"2024-09-23T20:24:07","guid":{"rendered":"https:\/\/wp.ufpel.edu.br\/seminariodiscenteppgs\/?page_id=36"},"modified":"2024-12-03T21:00:05","modified_gmt":"2024-12-04T00:00:05","slug":"mesas-redondas","status":"publish","type":"page","link":"https:\/\/wp.ufpel.edu.br\/seminariodiscenteppgs\/atividades\/mesas-redondas\/","title":{"rendered":"Mesas redondas"},"content":{"rendered":"<p><img class=\"alignleft wp-image-346\" src=\"https:\/\/wp.ufpel.edu.br\/seminariodiscenteppgs\/files\/2024\/11\/mesa_Rodrigo_Cantu.jpg\" alt=\"\" width=\"600\" height=\"600\" srcset=\"https:\/\/wp.ufpel.edu.br\/seminariodiscenteppgs\/files\/2024\/11\/mesa_Rodrigo_Cantu.jpg 1080w, https:\/\/wp.ufpel.edu.br\/seminariodiscenteppgs\/files\/2024\/11\/mesa_Rodrigo_Cantu-400x400.jpg 400w, https:\/\/wp.ufpel.edu.br\/seminariodiscenteppgs\/files\/2024\/11\/mesa_Rodrigo_Cantu-1024x1024.jpg 1024w, https:\/\/wp.ufpel.edu.br\/seminariodiscenteppgs\/files\/2024\/11\/mesa_Rodrigo_Cantu-200x200.jpg 200w, https:\/\/wp.ufpel.edu.br\/seminariodiscenteppgs\/files\/2024\/11\/mesa_Rodrigo_Cantu-768x768.jpg 768w\" sizes=\"(max-width: 600px) 100vw, 600px\" \/>A mesa visa apresentar os resultados parciais dos trabalhos dos estudantes participantes do projeto de ensino &#8220;An\u00e1lise Geom\u00e9trica de Dados e suas aplica\u00e7\u00f5es nas Ci\u00eancias Sociais&#8221;. O projeto busca discutir com estudantes de gradua\u00e7\u00e3o e p\u00f3s-gradua\u00e7\u00e3o das \u00e1reas de ci\u00eancias sociais e afins, em uma sequ\u00eancia de semin\u00e1rios, as t\u00e9cnicas de an\u00e1lise geom\u00e9trica de dados (AGD). Entre as t\u00e9cnicas da AGD, destacam-se a an\u00e1lise de componentes principais (ACP, para vari\u00e1veis quantitativas) e a an\u00e1lise de correspond\u00eancias m\u00faltiplas (ACM, para vari\u00e1veis categ\u00f3ricas). Por meio das atividades do projeto, os participantes realizaram an\u00e1lise de dados de seus projetos de TCC, disserta\u00e7\u00e3o e tese, al\u00e9m de outros dados de temas de seus interesses, que ser\u00e3o apresentadas nesta mesa do Semin\u00e1rio Discente.<br \/>\n<img class=\"wp-image-308 size-large aligncenter\" src=\"https:\/\/wp.ufpel.edu.br\/seminariodiscenteppgs\/files\/2024\/11\/mesa_r_1-1024x1024.jpg\" alt=\"\" width=\"1024\" height=\"1024\" srcset=\"https:\/\/wp.ufpel.edu.br\/seminariodiscenteppgs\/files\/2024\/11\/mesa_r_1-1024x1024.jpg 1024w, https:\/\/wp.ufpel.edu.br\/seminariodiscenteppgs\/files\/2024\/11\/mesa_r_1-400x400.jpg 400w, https:\/\/wp.ufpel.edu.br\/seminariodiscenteppgs\/files\/2024\/11\/mesa_r_1-200x200.jpg 200w, https:\/\/wp.ufpel.edu.br\/seminariodiscenteppgs\/files\/2024\/11\/mesa_r_1-768x768.jpg 768w, https:\/\/wp.ufpel.edu.br\/seminariodiscenteppgs\/files\/2024\/11\/mesa_r_1.jpg 1080w\" sizes=\"(max-width: 1024px) 100vw, 1024px\" \/> <img class=\"aligncenter wp-image-309 size-full\" src=\"https:\/\/wp.ufpel.edu.br\/seminariodiscenteppgs\/files\/2024\/11\/mesa_r_2.jpg\" alt=\"\" width=\"1080\" height=\"1080\" srcset=\"https:\/\/wp.ufpel.edu.br\/seminariodiscenteppgs\/files\/2024\/11\/mesa_r_2.jpg 1080w, https:\/\/wp.ufpel.edu.br\/seminariodiscenteppgs\/files\/2024\/11\/mesa_r_2-400x400.jpg 400w, https:\/\/wp.ufpel.edu.br\/seminariodiscenteppgs\/files\/2024\/11\/mesa_r_2-1024x1024.jpg 1024w, https:\/\/wp.ufpel.edu.br\/seminariodiscenteppgs\/files\/2024\/11\/mesa_r_2-200x200.jpg 200w, https:\/\/wp.ufpel.edu.br\/seminariodiscenteppgs\/files\/2024\/11\/mesa_r_2-768x768.jpg 768w\" sizes=\"(max-width: 1080px) 100vw, 1080px\" \/> <img class=\"aligncenter wp-image-311 size-full\" src=\"https:\/\/wp.ufpel.edu.br\/seminariodiscenteppgs\/files\/2024\/11\/mesa_r_4.jpg\" alt=\"\" width=\"1080\" height=\"1080\" srcset=\"https:\/\/wp.ufpel.edu.br\/seminariodiscenteppgs\/files\/2024\/11\/mesa_r_4.jpg 1080w, https:\/\/wp.ufpel.edu.br\/seminariodiscenteppgs\/files\/2024\/11\/mesa_r_4-400x400.jpg 400w, https:\/\/wp.ufpel.edu.br\/seminariodiscenteppgs\/files\/2024\/11\/mesa_r_4-1024x1024.jpg 1024w, https:\/\/wp.ufpel.edu.br\/seminariodiscenteppgs\/files\/2024\/11\/mesa_r_4-200x200.jpg 200w, https:\/\/wp.ufpel.edu.br\/seminariodiscenteppgs\/files\/2024\/11\/mesa_r_4-768x768.jpg 768w\" sizes=\"(max-width: 1080px) 100vw, 1080px\" \/><\/p>\n","protected":false},"excerpt":{"rendered":"<p>A mesa visa apresentar os resultados parciais dos trabalhos dos estudantes participantes do projeto de ensino &#8220;An\u00e1lise Geom\u00e9trica de Dados e suas aplica\u00e7\u00f5es nas Ci\u00eancias Sociais&#8221;. O projeto busca discutir com estudantes de gradua\u00e7\u00e3o e p\u00f3s-gradua\u00e7\u00e3o das \u00e1reas de ci\u00eancias sociais e afins, em uma sequ\u00eancia de semin\u00e1rios, as t\u00e9cnicas de an\u00e1lise geom\u00e9trica de dados [&hellip;]<\/p>\n","protected":false},"author":1400,"featured_media":0,"parent":18,"menu_order":0,"comment_status":"closed","ping_status":"closed","template":"","meta":{"footnotes":""},"class_list":["post-36","page","type-page","status-publish","hentry"],"_links":{"self":[{"href":"https:\/\/wp.ufpel.edu.br\/seminariodiscenteppgs\/wp-json\/wp\/v2\/pages\/36","targetHints":{"allow":["GET"]}}],"collection":[{"href":"https:\/\/wp.ufpel.edu.br\/seminariodiscenteppgs\/wp-json\/wp\/v2\/pages"}],"about":[{"href":"https:\/\/wp.ufpel.edu.br\/seminariodiscenteppgs\/wp-json\/wp\/v2\/types\/page"}],"author":[{"embeddable":true,"href":"https:\/\/wp.ufpel.edu.br\/seminariodiscenteppgs\/wp-json\/wp\/v2\/users\/1400"}],"replies":[{"embeddable":true,"href":"https:\/\/wp.ufpel.edu.br\/seminariodiscenteppgs\/wp-json\/wp\/v2\/comments?post=36"}],"version-history":[{"count":13,"href":"https:\/\/wp.ufpel.edu.br\/seminariodiscenteppgs\/wp-json\/wp\/v2\/pages\/36\/revisions"}],"predecessor-version":[{"id":402,"href":"https:\/\/wp.ufpel.edu.br\/seminariodiscenteppgs\/wp-json\/wp\/v2\/pages\/36\/revisions\/402"}],"up":[{"embeddable":true,"href":"https:\/\/wp.ufpel.edu.br\/seminariodiscenteppgs\/wp-json\/wp\/v2\/pages\/18"}],"wp:attachment":[{"href":"https:\/\/wp.ufpel.edu.br\/seminariodiscenteppgs\/wp-json\/wp\/v2\/media?parent=36"}],"curies":[{"name":"wp","href":"https:\/\/api.w.org\/{rel}","templated":true}]}}