{"id":490,"date":"2019-06-06T17:17:56","date_gmt":"2019-06-06T20:17:56","guid":{"rendered":"https:\/\/wp.ufpel.edu.br\/semanamatematica\/?page_id=490"},"modified":"2019-06-07T17:47:37","modified_gmt":"2019-06-07T20:47:37","slug":"apresentacao","status":"publish","type":"page","link":"https:\/\/wp.ufpel.edu.br\/semanamatematica\/apresentacao\/","title":{"rendered":"Apresenta\u00e7\u00e3o"},"content":{"rendered":"<p><span style=\"font-family: 'book antiqua', palatino, serif;font-size: 18pt\"><strong>A Semana Acad\u00eamica dos Cursos de Licenciatura em Matem\u00e1tica da UFPel \u00e9 um evento cient\u00edfico-cultural promovido pelos cursos de Licenciatura em Matem\u00e1tica e Licenciatura em Matem\u00e1tica Noturno, juntamente com o Instituto de F\u00edsica e Matem\u00e1tica, o Departamento de Educa\u00e7\u00e3o Matem\u00e1tica e o Departamento de Matem\u00e1tica e Estat\u00edstica.<\/strong><\/span><br \/>\n<span style=\"font-family: 'book antiqua', palatino, serif;font-size: 18pt\"><strong>A Semana Acad\u00eamica, ao mesmo tempo em que abre espa\u00e7o para divulgar os Cursos de Licenciatura em Matem\u00e1tica da UFPel e diversas a\u00e7\u00f5es de seus estudantes e docentes, fomenta as discuss\u00f5es relacionadas \u00e0 atua\u00e7\u00e3o profissional nas \u00e1reas de ensino e de pesquisa de Matem\u00e1tica. \u00c9 uma oportunidade para que professores em forma\u00e7\u00e3o e professores em servi\u00e7o das escolas da Educa\u00e7\u00e3o B\u00e1sica possam trocar experi\u00eancias e aprofundar quest\u00f5es relacionadas aos desafios da profiss\u00e3o. O evento justifica-se, tamb\u00e9m, por ser organizado pelos pr\u00f3prios estudantes dos cursos de gradua\u00e7\u00e3o, contribuindo para sua forma\u00e7\u00e3o cr\u00edtica.<\/strong><\/span><\/p>\n","protected":false},"excerpt":{"rendered":"<p>A Semana Acad\u00eamica dos Cursos de Licenciatura em Matem\u00e1tica da UFPel \u00e9 um evento cient\u00edfico-cultural promovido pelos cursos de Licenciatura em Matem\u00e1tica e Licenciatura em Matem\u00e1tica Noturno, juntamente com o Instituto de F\u00edsica e Matem\u00e1tica, o Departamento de Educa\u00e7\u00e3o Matem\u00e1tica e o Departamento de Matem\u00e1tica e Estat\u00edstica. A Semana Acad\u00eamica, ao mesmo tempo em que [&hellip;]<\/p>\n","protected":false},"author":734,"featured_media":0,"parent":0,"menu_order":0,"comment_status":"closed","ping_status":"closed","template":"","meta":{"footnotes":""},"class_list":["post-490","page","type-page","status-publish","hentry"],"jetpack_sharing_enabled":true,"_links":{"self":[{"href":"https:\/\/wp.ufpel.edu.br\/semanamatematica\/wp-json\/wp\/v2\/pages\/490","targetHints":{"allow":["GET"]}}],"collection":[{"href":"https:\/\/wp.ufpel.edu.br\/semanamatematica\/wp-json\/wp\/v2\/pages"}],"about":[{"href":"https:\/\/wp.ufpel.edu.br\/semanamatematica\/wp-json\/wp\/v2\/types\/page"}],"author":[{"embeddable":true,"href":"https:\/\/wp.ufpel.edu.br\/semanamatematica\/wp-json\/wp\/v2\/users\/734"}],"replies":[{"embeddable":true,"href":"https:\/\/wp.ufpel.edu.br\/semanamatematica\/wp-json\/wp\/v2\/comments?post=490"}],"version-history":[{"count":3,"href":"https:\/\/wp.ufpel.edu.br\/semanamatematica\/wp-json\/wp\/v2\/pages\/490\/revisions"}],"predecessor-version":[{"id":521,"href":"https:\/\/wp.ufpel.edu.br\/semanamatematica\/wp-json\/wp\/v2\/pages\/490\/revisions\/521"}],"wp:attachment":[{"href":"https:\/\/wp.ufpel.edu.br\/semanamatematica\/wp-json\/wp\/v2\/media?parent=490"}],"curies":[{"name":"wp","href":"https:\/\/api.w.org\/{rel}","templated":true}]}}

Apresentação

<p><span style="font-family: 'book antiqua', palatino, serif;font-size: 18pt"><strong>A Semana Acadêmica dos Cursos de Licenciatura em Matemática da UFPel é um evento científico-cultural promovido pelos cursos de Licenciatura em Matemática e Licenciatura em Matemática Noturno, juntamente com o Instituto de Física e Matemática, o Departamento de Educação Matemática e o Departamento de Matemática e Estatística.</strong></span><br />
<span style="font-family: 'book antiqua', palatino, serif;font-size: 18pt"><strong>A Semana Acadêmica, ao mesmo tempo em que abre espaço para divulgar os Cursos de Licenciatura em Matemática da UFPel e diversas ações de seus estudantes e docentes, fomenta as discussões relacionadas à atuação profissional nas áreas de ensino e de pesquisa de Matemática. É uma oportunidade para que professores em formação e professores em serviço das escolas da Educação Básica possam trocar experiências e aprofundar questões relacionadas aos desafios da profissão. O evento justifica-se, também, por ser organizado pelos próprios estudantes dos cursos de graduação, contribuindo para sua formação crítica.</strong></span></p>

<p>A Semana Acadêmica dos Cursos de Licenciatura em Matemática da UFPel é um evento científico-cultural promovido pelos cursos de Licenciatura em Matemática e Licenciatura em Matemática Noturno, juntamente com o Instituto de Física e Matemática, o Departamento de Educação Matemática e o Departamento de Matemática e Estatística. A Semana Acadêmica, ao mesmo tempo em que [&hellip;]</p>
