{"id":41,"date":"2017-05-17T08:00:55","date_gmt":"2017-05-17T11:00:55","guid":{"rendered":"https:\/\/wp.ufpel.edu.br\/semanamatematica\/?page_id=41"},"modified":"2018-10-04T09:27:58","modified_gmt":"2018-10-04T12:27:58","slug":"data","status":"publish","type":"page","link":"https:\/\/wp.ufpel.edu.br\/semanamatematica\/data\/","title":{"rendered":"Local e Data"},"content":{"rendered":"<h2 style=\"text-align: center\"><span style=\"text-decoration: underline;color: #000000\"><strong>CEHUS\/UFPel<\/strong><\/span><\/h2>\n<h2 style=\"text-align: center\"><span style=\"color: #000000\"><strong>Centro de P\u00f3s-Gradua\u00e7\u00e3o e Pesquisas em Ci\u00eancias<br \/>\nHumanas, Sociais, Sociais Aplicadas, Artes e Linguagem\u00a0<\/strong><\/span><\/h2>\n<h2 style=\"text-align: center\"><span style=\"color: #000000\"><strong> (Rua Alberto Rosa, 155 \u2013 Centro \u2013 Pelotas)<\/strong><\/span><\/h2>\n<p>&nbsp;<\/p>\n<h2 style=\"text-align: center\"><span style=\"color: #000000\"><strong>12 a 14 de Novembro de 2018<\/strong><\/span><\/h2>\n<h2 style=\"text-align: center\"><\/h2>\n","protected":false},"excerpt":{"rendered":"<p>CEHUS\/UFPel Centro de P\u00f3s-Gradua\u00e7\u00e3o e Pesquisas em Ci\u00eancias Humanas, Sociais, Sociais Aplicadas, Artes e Linguagem\u00a0 (Rua Alberto Rosa, 155 \u2013 Centro \u2013 Pelotas) &nbsp; 12 a 14 de Novembro de 2018<\/p>\n","protected":false},"author":734,"featured_media":0,"parent":0,"menu_order":0,"comment_status":"closed","ping_status":"closed","template":"","meta":{"footnotes":""},"class_list":["post-41","page","type-page","status-publish","hentry"],"jetpack_sharing_enabled":true,"_links":{"self":[{"href":"https:\/\/wp.ufpel.edu.br\/semanamatematica\/wp-json\/wp\/v2\/pages\/41","targetHints":{"allow":["GET"]}}],"collection":[{"href":"https:\/\/wp.ufpel.edu.br\/semanamatematica\/wp-json\/wp\/v2\/pages"}],"about":[{"href":"https:\/\/wp.ufpel.edu.br\/semanamatematica\/wp-json\/wp\/v2\/types\/page"}],"author":[{"embeddable":true,"href":"https:\/\/wp.ufpel.edu.br\/semanamatematica\/wp-json\/wp\/v2\/users\/734"}],"replies":[{"embeddable":true,"href":"https:\/\/wp.ufpel.edu.br\/semanamatematica\/wp-json\/wp\/v2\/comments?post=41"}],"version-history":[{"count":11,"href":"https:\/\/wp.ufpel.edu.br\/semanamatematica\/wp-json\/wp\/v2\/pages\/41\/revisions"}],"predecessor-version":[{"id":229,"href":"https:\/\/wp.ufpel.edu.br\/semanamatematica\/wp-json\/wp\/v2\/pages\/41\/revisions\/229"}],"wp:attachment":[{"href":"https:\/\/wp.ufpel.edu.br\/semanamatematica\/wp-json\/wp\/v2\/media?parent=41"}],"curies":[{"name":"wp","href":"https:\/\/api.w.org\/{rel}","templated":true}]}}

<h2 style="text-align: center"><span style="text-decoration: underline;color: #000000"><strong>CEHUS/UFPel</strong></span></h2>
<h2 style="text-align: center"><span style="color: #000000"><strong>Centro de Pós-Graduação e Pesquisas em Ciências<br />
Humanas, Sociais, Sociais Aplicadas, Artes e Linguagem </strong></span></h2>
<h2 style="text-align: center"><span style="color: #000000"><strong> (Rua Alberto Rosa, 155 – Centro – Pelotas)</strong></span></h2>
<p>&nbsp;</p>
<h2 style="text-align: center"><span style="color: #000000"><strong>12 a 14 de Novembro de 2018</strong></span></h2>
<h2 style="text-align: center"></h2>

<p>CEHUS/UFPel Centro de Pós-Graduação e Pesquisas em Ciências Humanas, Sociais, Sociais Aplicadas, Artes e Linguagem  (Rua Alberto Rosa, 155 – Centro – Pelotas) &nbsp; 12 a 14 de Novembro de 2018</p>
