{"id":283,"date":"2018-10-18T23:12:15","date_gmt":"2018-10-19T02:12:15","guid":{"rendered":"https:\/\/wp.ufpel.edu.br\/semanamatematica\/?page_id=283"},"modified":"2019-06-06T16:42:04","modified_gmt":"2019-06-06T19:42:04","slug":"camisetas","status":"publish","type":"page","link":"https:\/\/wp.ufpel.edu.br\/semanamatematica\/2018-2\/camisetas\/","title":{"rendered":"Camisetas"},"content":{"rendered":"<p>A semana Acad\u00eamica dos Cursos de Licenciatura em Matem\u00e1tica ter\u00e1 camisetas do evento. Para adquirir esta, fa\u00e7a sua pr\u00e9 inscri\u00e7\u00e3o\u00a0clicando em Pr\u00e9-inscri\u00e7\u00e3o abaixo.<\/p>\n<p style=\"text-align: center\"><span style=\"font-size: 18pt\">\u00a0<span style=\"color: #0000ff\">\u00a0<\/span><a href=\"https:\/\/docs.google.com\/forms\/d\/13APfHSiwHvyuua9ViI4e6EhVApm2x4NZR9b-_5aWmvs\/edit\"><span style=\"color: #0000ff\">Pr\u00e9-inscri\u00e7\u00e3o<\/span><\/a><\/span><\/p>\n<p>\u00a0A camiseta\u00a0 ser\u00e1 vendida no valor inicial de R$ 18,00. O valor da camiseta pode mudar de acordo o n\u00famero de pedidos, mas ser\u00e1 no m\u00e1ximo R$ 25,00. Pedimos que o valor inicial de R$ 18,00 seja entregue junto com o valor do material de apoio e, se necess\u00e1rio, o valor restante no momento de entrega das camisetas. O pedido das camisetas vai de 15 a 26 de outubro de 2018.<\/p>\n","protected":false},"excerpt":{"rendered":"<p>A semana Acad\u00eamica dos Cursos de Licenciatura em Matem\u00e1tica ter\u00e1 camisetas do evento. Para adquirir esta, fa\u00e7a sua pr\u00e9 inscri\u00e7\u00e3o\u00a0clicando em Pr\u00e9-inscri\u00e7\u00e3o abaixo. \u00a0\u00a0Pr\u00e9-inscri\u00e7\u00e3o \u00a0A camiseta\u00a0 ser\u00e1 vendida no valor inicial de R$ 18,00. O valor da camiseta pode mudar de acordo o n\u00famero de pedidos, mas ser\u00e1 no m\u00e1ximo R$ 25,00. Pedimos que o [&hellip;]<\/p>\n","protected":false},"author":734,"featured_media":0,"parent":361,"menu_order":0,"comment_status":"closed","ping_status":"closed","template":"","meta":{"footnotes":""},"class_list":["post-283","page","type-page","status-publish","hentry"],"jetpack_sharing_enabled":true,"_links":{"self":[{"href":"https:\/\/wp.ufpel.edu.br\/semanamatematica\/wp-json\/wp\/v2\/pages\/283","targetHints":{"allow":["GET"]}}],"collection":[{"href":"https:\/\/wp.ufpel.edu.br\/semanamatematica\/wp-json\/wp\/v2\/pages"}],"about":[{"href":"https:\/\/wp.ufpel.edu.br\/semanamatematica\/wp-json\/wp\/v2\/types\/page"}],"author":[{"embeddable":true,"href":"https:\/\/wp.ufpel.edu.br\/semanamatematica\/wp-json\/wp\/v2\/users\/734"}],"replies":[{"embeddable":true,"href":"https:\/\/wp.ufpel.edu.br\/semanamatematica\/wp-json\/wp\/v2\/comments?post=283"}],"version-history":[{"count":1,"href":"https:\/\/wp.ufpel.edu.br\/semanamatematica\/wp-json\/wp\/v2\/pages\/283\/revisions"}],"predecessor-version":[{"id":285,"href":"https:\/\/wp.ufpel.edu.br\/semanamatematica\/wp-json\/wp\/v2\/pages\/283\/revisions\/285"}],"up":[{"embeddable":true,"href":"https:\/\/wp.ufpel.edu.br\/semanamatematica\/wp-json\/wp\/v2\/pages\/361"}],"wp:attachment":[{"href":"https:\/\/wp.ufpel.edu.br\/semanamatematica\/wp-json\/wp\/v2\/media?parent=283"}],"curies":[{"name":"wp","href":"https:\/\/api.w.org\/{rel}","templated":true}]}}

<p>A semana Acadêmica dos Cursos de Licenciatura em Matemática terá camisetas do evento. Para adquirir esta, faça sua pré inscrição clicando em Pré-inscrição abaixo.</p>
<p style="text-align: center"><span style="font-size: 18pt"> <span style="color: #0000ff"> </span><a href="https://docs.google.com/forms/d/13APfHSiwHvyuua9ViI4e6EhVApm2x4NZR9b-_5aWmvs/edit"><span style="color: #0000ff">Pré-inscrição</span></a></span></p>
<p> A camiseta  será vendida no valor inicial de R$ 18,00. O valor da camiseta pode mudar de acordo o número de pedidos, mas será no máximo R$ 25,00. Pedimos que o valor inicial de R$ 18,00 seja entregue junto com o valor do material de apoio e, se necessário, o valor restante no momento de entrega das camisetas. O pedido das camisetas vai de 15 a 26 de outubro de 2018.</p>

<p>A semana Acadêmica dos Cursos de Licenciatura em Matemática terá camisetas do evento. Para adquirir esta, faça sua pré inscrição clicando em Pré-inscrição abaixo.   Pré-inscrição  A camiseta  será vendida no valor inicial de R$ 18,00. O valor da camiseta pode mudar de acordo o número de pedidos, mas será no máximo R$ 25,00. Pedimos que o [&hellip;]</p>
