{"id":183,"date":"2018-09-26T17:14:28","date_gmt":"2018-09-26T20:14:28","guid":{"rendered":"https:\/\/wp.ufpel.edu.br\/semanamatematica\/?page_id=183"},"modified":"2019-06-06T17:00:46","modified_gmt":"2019-06-06T20:00:46","slug":"comissao","status":"publish","type":"page","link":"https:\/\/wp.ufpel.edu.br\/semanamatematica\/2018-2\/comissao\/","title":{"rendered":"Comiss\u00e3o Organizadora"},"content":{"rendered":"<h1 style=\"text-align: center\"><strong>Comiss\u00e3o Organizadora<\/strong><\/h1>\n<h3>Coordenadora:<\/h3>\n<p>Andrea Morgado<\/p>\n<h3>Docentes:<\/h3>\n<p>Leslie Darien Perez Fernandez<\/p>\n<p>Patricia da Concei\u00e7\u00e3o Fantinel<\/p>\n<h3>Servidores:<\/h3>\n<p>Glaucia Potenza Soares<\/p>\n<h3>Discentes:<\/h3>\n<p>Ana Natiele Islabao Furtado<\/p>\n<p>Andre Felipe Nawroski<\/p>\n<p>Angela Beatriz Borchhardt Beloni<\/p>\n<p>Camila Devos Bauer<\/p>\n<p>Daniele Pereira Ferreira<\/p>\n<p>Douglas Machado da Silva<\/p>\n<p>Douglas Wendler de Andrade<\/p>\n<p>Eduardo de S\u00e1 Bueno N\u00f3brega<\/p>\n<p>Francisco Dias Franco<\/p>\n<p>Heloisa Tavares da Silveira Schramm<\/p>\n<p>Jonathan Ribeiro da Costa<\/p>\n<p>Juliana Peil Kruger<\/p>\n<p>Kermelin de Bittencourt Dias<\/p>\n<p>Kevin Bisso Kunde<\/p>\n<p>Leticia Altenburg Stallbaum<\/p>\n<p>Lucas Ferreira da Silva<\/p>\n<p>Miriam Nunes Gutierres<\/p>\n<p>Pedro Augusto Vieira da Silva<\/p>\n<p>Pedro Victor Madeira Rodrigues<\/p>\n<p>Rodrigo Marques Queiroga<\/p>\n<p>Shaiane de Freitas Ferreira<\/p>\n<p>Tainara Porto da Silva<\/p>\n<p>&nbsp;<\/p>\n<p>&nbsp;<\/p>\n<p>&nbsp;<\/p>\n","protected":false},"excerpt":{"rendered":"<p>Comiss\u00e3o Organizadora Coordenadora: Andrea Morgado Docentes: Leslie Darien Perez Fernandez Patricia da Concei\u00e7\u00e3o Fantinel Servidores: Glaucia Potenza Soares Discentes: Ana Natiele Islabao Furtado Andre Felipe Nawroski Angela Beatriz Borchhardt Beloni Camila Devos Bauer Daniele Pereira Ferreira Douglas Machado da Silva Douglas Wendler de Andrade Eduardo de S\u00e1 Bueno N\u00f3brega Francisco Dias Franco Heloisa Tavares da [&hellip;]<\/p>\n","protected":false},"author":734,"featured_media":0,"parent":361,"menu_order":0,"comment_status":"closed","ping_status":"closed","template":"","meta":{"footnotes":""},"class_list":["post-183","page","type-page","status-publish","hentry"],"jetpack_sharing_enabled":true,"_links":{"self":[{"href":"https:\/\/wp.ufpel.edu.br\/semanamatematica\/wp-json\/wp\/v2\/pages\/183","targetHints":{"allow":["GET"]}}],"collection":[{"href":"https:\/\/wp.ufpel.edu.br\/semanamatematica\/wp-json\/wp\/v2\/pages"}],"about":[{"href":"https:\/\/wp.ufpel.edu.br\/semanamatematica\/wp-json\/wp\/v2\/types\/page"}],"author":[{"embeddable":true,"href":"https:\/\/wp.ufpel.edu.br\/semanamatematica\/wp-json\/wp\/v2\/users\/734"}],"replies":[{"embeddable":true,"href":"https:\/\/wp.ufpel.edu.br\/semanamatematica\/wp-json\/wp\/v2\/comments?post=183"}],"version-history":[{"count":9,"href":"https:\/\/wp.ufpel.edu.br\/semanamatematica\/wp-json\/wp\/v2\/pages\/183\/revisions"}],"predecessor-version":[{"id":277,"href":"https:\/\/wp.ufpel.edu.br\/semanamatematica\/wp-json\/wp\/v2\/pages\/183\/revisions\/277"}],"up":[{"embeddable":true,"href":"https:\/\/wp.ufpel.edu.br\/semanamatematica\/wp-json\/wp\/v2\/pages\/361"}],"wp:attachment":[{"href":"https:\/\/wp.ufpel.edu.br\/semanamatematica\/wp-json\/wp\/v2\/media?parent=183"}],"curies":[{"name":"wp","href":"https:\/\/api.w.org\/{rel}","templated":true}]}}

Comissão Organizadora

<h1 style="text-align: center"><strong>Comissão Organizadora</strong></h1>
<h3>Coordenadora:</h3>
<p>Andrea Morgado</p>
<h3>Docentes:</h3>
<p>Leslie Darien Perez Fernandez</p>
<p>Patricia da Conceição Fantinel</p>
<h3>Servidores:</h3>
<p>Glaucia Potenza Soares</p>
<h3>Discentes:</h3>
<p>Ana Natiele Islabao Furtado</p>
<p>Andre Felipe Nawroski</p>
<p>Angela Beatriz Borchhardt Beloni</p>
<p>Camila Devos Bauer</p>
<p>Daniele Pereira Ferreira</p>
<p>Douglas Machado da Silva</p>
<p>Douglas Wendler de Andrade</p>
<p>Eduardo de Sá Bueno Nóbrega</p>
<p>Francisco Dias Franco</p>
<p>Heloisa Tavares da Silveira Schramm</p>
<p>Jonathan Ribeiro da Costa</p>
<p>Juliana Peil Kruger</p>
<p>Kermelin de Bittencourt Dias</p>
<p>Kevin Bisso Kunde</p>
<p>Leticia Altenburg Stallbaum</p>
<p>Lucas Ferreira da Silva</p>
<p>Miriam Nunes Gutierres</p>
<p>Pedro Augusto Vieira da Silva</p>
<p>Pedro Victor Madeira Rodrigues</p>
<p>Rodrigo Marques Queiroga</p>
<p>Shaiane de Freitas Ferreira</p>
<p>Tainara Porto da Silva</p>
<p>&nbsp;</p>
<p>&nbsp;</p>
<p>&nbsp;</p>

<p>Comissão Organizadora Coordenadora: Andrea Morgado Docentes: Leslie Darien Perez Fernandez Patricia da Conceição Fantinel Servidores: Glaucia Potenza Soares Discentes: Ana Natiele Islabao Furtado Andre Felipe Nawroski Angela Beatriz Borchhardt Beloni Camila Devos Bauer Daniele Pereira Ferreira Douglas Machado da Silva Douglas Wendler de Andrade Eduardo de Sá Bueno Nóbrega Francisco Dias Franco Heloisa Tavares da [&hellip;]</p>
