{"id":19,"date":"2023-02-09T17:34:20","date_gmt":"2023-02-09T20:34:20","guid":{"rendered":"https:\/\/wp.ufpel.edu.br\/semanaacademicafaurb\/?page_id=19"},"modified":"2023-02-09T18:44:10","modified_gmt":"2023-02-09T21:44:10","slug":"evento","status":"publish","type":"page","link":"https:\/\/wp.ufpel.edu.br\/semanaacademicafaurb\/evento\/","title":{"rendered":"Evento"},"content":{"rendered":"<p>A Semana Acad\u00eamica do curso de Arquitetura e Urbanismo da UFPel em 2023 visa o desenvolvimento e execu\u00e7\u00e3o de um evento de cunho educativo organizado pelos alunos da Faculdade de Arquitetura e Urbanismo da UFPel, com a supervis\u00e3o e participa\u00e7\u00e3o do corpo docente e coordena\u00e7\u00e3o do curso. A Semana Acad\u00eamica vai acontecer em conjunto com o Simp\u00f3sio de Direito \u00e0 Cidade, intercalando suas atividades ao longo do per\u00edodo de uma semana letiva. Busca-se, ainda, durante os dias da Semana Acad\u00eamica e Simp\u00f3sio de Direito \u00e0 Cidade, possibilitar o compartilhamento de conhecimento sobre os temas em pauta, os quais complementam o curr\u00edculo do curso e colocam em evid\u00eancia temas como: direito \u00e0 cidade, mercado de trabalho, criatividade, inova\u00e7\u00e3o, gr\u00e1fica, patrim\u00f4nio, sustentabilidade e os distintos campos de atua\u00e7\u00e3o da arquitetura e urbanismo.<\/p>\n<p><img loading=\"lazy\" decoding=\"async\" class=\"alignnone size-full wp-image-73\" src=\"https:\/\/wp.ufpel.edu.br\/semanaacademicafaurb\/files\/2023\/02\/foto.jpg\" alt=\"\" width=\"1440\" height=\"1170\" srcset=\"https:\/\/wp.ufpel.edu.br\/semanaacademicafaurb\/files\/2023\/02\/foto.jpg 1440w, https:\/\/wp.ufpel.edu.br\/semanaacademicafaurb\/files\/2023\/02\/foto-400x325.jpg 400w, https:\/\/wp.ufpel.edu.br\/semanaacademicafaurb\/files\/2023\/02\/foto-1024x832.jpg 1024w, https:\/\/wp.ufpel.edu.br\/semanaacademicafaurb\/files\/2023\/02\/foto-768x624.jpg 768w, https:\/\/wp.ufpel.edu.br\/semanaacademicafaurb\/files\/2023\/02\/foto-624x507.jpg 624w\" sizes=\"auto, (max-width: 1440px) 100vw, 1440px\" \/><\/p>\n<p>Foto: Em 20 de outubro de 2022 os alunos da Faculdade de Arquitetura e Urbanismo organizaram a sala do antigo CEAU, dando vida a este lugar com tantas hist\u00f3rias.<\/p>\n","protected":false},"excerpt":{"rendered":"<p>A Semana Acad\u00eamica do curso de Arquitetura e Urbanismo da UFPel em 2023 visa o desenvolvimento e execu\u00e7\u00e3o de um evento de cunho educativo organizado pelos alunos da Faculdade de Arquitetura e Urbanismo da UFPel, com a supervis\u00e3o e participa\u00e7\u00e3o do corpo docente e coordena\u00e7\u00e3o do curso. A Semana Acad\u00eamica vai acontecer em conjunto com [&hellip;]<\/p>\n","protected":false},"author":956,"featured_media":0,"parent":0,"menu_order":0,"comment_status":"closed","ping_status":"closed","template":"","meta":{"footnotes":""},"class_list":["post-19","page","type-page","status-publish","hentry"],"_links":{"self":[{"href":"https:\/\/wp.ufpel.edu.br\/semanaacademicafaurb\/wp-json\/wp\/v2\/pages\/19","targetHints":{"allow":["GET"]}}],"collection":[{"href":"https:\/\/wp.ufpel.edu.br\/semanaacademicafaurb\/wp-json\/wp\/v2\/pages"}],"about":[{"href":"https:\/\/wp.ufpel.edu.br\/semanaacademicafaurb\/wp-json\/wp\/v2\/types\/page"}],"author":[{"embeddable":true,"href":"https:\/\/wp.ufpel.edu.br\/semanaacademicafaurb\/wp-json\/wp\/v2\/users\/956"}],"replies":[{"embeddable":true,"href":"https:\/\/wp.ufpel.edu.br\/semanaacademicafaurb\/wp-json\/wp\/v2\/comments?post=19"}],"version-history":[{"count":5,"href":"https:\/\/wp.ufpel.edu.br\/semanaacademicafaurb\/wp-json\/wp\/v2\/pages\/19\/revisions"}],"predecessor-version":[{"id":72,"href":"https:\/\/wp.ufpel.edu.br\/semanaacademicafaurb\/wp-json\/wp\/v2\/pages\/19\/revisions\/72"}],"wp:attachment":[{"href":"https:\/\/wp.ufpel.edu.br\/semanaacademicafaurb\/wp-json\/wp\/v2\/media?parent=19"}],"curies":[{"name":"wp","href":"https:\/\/api.w.org\/{rel}","templated":true}]}}