{"id":600,"date":"2017-09-18T09:24:39","date_gmt":"2017-09-18T12:24:39","guid":{"rendered":"https:\/\/wp.ufpel.edu.br\/sei\/?page_id=600"},"modified":"2024-07-29T16:44:49","modified_gmt":"2024-07-29T19:44:49","slug":"capacitacoes","status":"publish","type":"page","link":"https:\/\/wp.ufpel.edu.br\/sei\/?page_id=600","title":{"rendered":"Capacita\u00e7\u00f5es"},"content":{"rendered":"<p style=\"text-align: justify;\">Informa\u00e7\u00f5es sobre a\u00e7\u00f5es de capacita\u00e7\u00e3o na UFPel s\u00e3o encontradas na p\u00e1gina da PROGEP, neste <a href=\"https:\/\/wp.ufpel.edu.br\/progep\/cdp\/sfs\/acoes-de-capacitacao\/\" target=\"_blank\" rel=\"noopener\">link<\/a>. Abaixo voc\u00ea ter\u00e1 acesso ao link para inscri\u00e7\u00f5es na Roda de Conversa que trata da atualiza\u00e7\u00e3o do SEI para a vers\u00e3o 4:<\/p>\n<p><span style=\"font-size: 18.6667px;\"><b>Roda de Conversa: Publicidade dos Processos P\u00fablicos e Vers\u00e3o 4 do SEI<\/b><\/span><\/p>\n<p>Informa\u00e7\u00f5es sobre inscri\u00e7\u00e3o, data, hor\u00e1rio, local e ementa, voc\u00ea encontra no site da PROGEP, clicando <a href=\"https:\/\/wp.ufpel.edu.br\/progep\/26182-2\/\" target=\"_blank\" rel=\"noopener\"><strong>AQUI<\/strong><\/a>.<\/p>\n","protected":false},"excerpt":{"rendered":"<p>Informa\u00e7\u00f5es sobre a\u00e7\u00f5es de capacita\u00e7\u00e3o na UFPel s\u00e3o encontradas na p\u00e1gina da PROGEP, neste link. Abaixo voc\u00ea ter\u00e1 acesso ao link para inscri\u00e7\u00f5es na Roda de Conversa que trata da atualiza\u00e7\u00e3o do SEI para a vers\u00e3o 4: Roda de Conversa: Publicidade dos Processos P\u00fablicos e Vers\u00e3o 4 do SEI Informa\u00e7\u00f5es sobre inscri\u00e7\u00e3o, data, hor\u00e1rio, local [&hellip;]<\/p>\n","protected":false},"author":765,"featured_media":0,"parent":0,"menu_order":0,"comment_status":"closed","ping_status":"closed","template":"","meta":{"footnotes":""},"class_list":["post-600","page","type-page","status-publish","hentry"],"jetpack_sharing_enabled":true,"_links":{"self":[{"href":"https:\/\/wp.ufpel.edu.br\/sei\/index.php?rest_route=\/wp\/v2\/pages\/600","targetHints":{"allow":["GET"]}}],"collection":[{"href":"https:\/\/wp.ufpel.edu.br\/sei\/index.php?rest_route=\/wp\/v2\/pages"}],"about":[{"href":"https:\/\/wp.ufpel.edu.br\/sei\/index.php?rest_route=\/wp\/v2\/types\/page"}],"author":[{"embeddable":true,"href":"https:\/\/wp.ufpel.edu.br\/sei\/index.php?rest_route=\/wp\/v2\/users\/765"}],"replies":[{"embeddable":true,"href":"https:\/\/wp.ufpel.edu.br\/sei\/index.php?rest_route=%2Fwp%2Fv2%2Fcomments&post=600"}],"version-history":[{"count":12,"href":"https:\/\/wp.ufpel.edu.br\/sei\/index.php?rest_route=\/wp\/v2\/pages\/600\/revisions"}],"predecessor-version":[{"id":1749,"href":"https:\/\/wp.ufpel.edu.br\/sei\/index.php?rest_route=\/wp\/v2\/pages\/600\/revisions\/1749"}],"wp:attachment":[{"href":"https:\/\/wp.ufpel.edu.br\/sei\/index.php?rest_route=%2Fwp%2Fv2%2Fmedia&parent=600"}],"curies":[{"name":"wp","href":"https:\/\/api.w.org\/{rel}","templated":true}]}}