{"id":237,"date":"2016-06-20T09:22:30","date_gmt":"2016-06-20T12:22:30","guid":{"rendered":"https:\/\/wp.ufpel.edu.br\/seginfo\/?page_id=237"},"modified":"2016-06-20T09:33:27","modified_gmt":"2016-06-20T12:33:27","slug":"controle-para-os-pais","status":"publish","type":"page","link":"https:\/\/wp.ufpel.edu.br\/seginfo\/controle-para-os-pais\/","title":{"rendered":"Controle para os Pais"},"content":{"rendered":"<p>Conforme apresentado na se\u00e7\u00e3o &#8220;Material Educativo&#8221;\/&#8221;Crian\u00e7as na Internet&#8221;, a melhor forma de proteger as crian\u00e7as dos riscos envolvidos ao se utilizar a Internet \u00e9 a EDUCA\u00c7\u00c3O. No entanto, existem algumas ferramentas\u00a0que podem auxiliar nessa prote\u00e7\u00e3o.\u00a0Grande parte dessas ferramentas pode ser facilmente encontradas na Internet pesquisando pelo nome do aplicativo ou sistema que \u00e9 utilizado pela crian\u00e7a adicionado do termo &#8220;controle para os pais&#8221;, por exemplo, &#8220;netflix\u00a0controle para os pais&#8221;. A seguir \u00e9 apresentada um lista n\u00e3o exaustiva de algumas dessas ferramentas:<\/p>\n<ul>\n<li>Controle para os pais:\n<ul>\n<li><a href=\"https:\/\/www.qustodio.com\/pt\/\">Qustodium<\/a> &#8211; ferramenta exclusiva para controle dos pais.<\/li>\n<li><a href=\"https:\/\/www.avira.com\/pt-br\/download\/product\/avira-internet-security\">Avira Internet Security<\/a> &#8211; entre outras funcionalidades possui o <em>Safe Browsing<\/em> que ajuda a limitar os sites que podem ser acessados.<\/li>\n<li><a href=\"http:\/\/brazil.kaspersky.com\/produtos\/produtos-para-usuarios-domesticos\/internet-security\">Kasperky Internet Security<\/a>\u00a0&#8211;\u00a0solu\u00e7\u00e3o de seguran\u00e7a que entre suas caracter\u00edsticas possui\u00a0controle para\u00a0pais &#8211; veja o infogr\u00e1fico abaixo produzido pela Kaspersky.<\/li>\n<li><a href=\"https:\/\/support.google.com\/chrome\/answer\/3463947?hl=pt-BR\">Google\u00a0Chrome: Navegador Supervisionado<\/a> &#8211; \u00e9 poss\u00edvel controlar e ver os websites que outras pessoas visitam no Chrome criando uma conta de usu\u00e1rio supervisionado. Por exemplo, \u00e9 poss\u00edvel configurar uma conta de usu\u00e1rio supervisionado para seu filho, o que proporciona controle sobre as a\u00e7\u00f5es dele no Chrome.<\/li>\n<\/ul>\n<\/li>\n<li><span style=\"font-weight: 400\"><a href=\"https:\/\/www.opendns.com\/home-internet-security\/\">OpenDNS<\/a>\u00a0&#8211;\u00a0estende os recursos de DNS adicionando benef\u00edcios tais como a corre\u00e7\u00e3o de erro ortogr\u00e1fico, prote\u00e7\u00e3o contra phishing e filtro de conte\u00fado<\/span><span style=\"font-weight: 400\">:<\/span>\n<ul>\n<li><a href=\"https:\/\/www.opendns.com\/setupguide\/?url=familyshield\"><span style=\"font-weight: 400\">Family Shield<\/span><\/a><span style=\"font-weight: 400\">;<\/span><\/li>\n<li><a href=\"https:\/\/signup.opendns.com\/homefree\/\"><span style=\"font-weight: 400\">Home<\/span><\/a><span style=\"font-weight: 400\">;<\/span><\/li>\n<li><a href=\"https:\/\/store.opendns.com\/get\/vip-home#login\"><span style=\"font-weight: 400\">Home VIP<\/span><\/a><span style=\"font-weight: 400\">.<\/span><\/li>\n<\/ul>\n<\/li>\n<li style=\"font-weight: 400\"><span style=\"font-weight: 400\">Youtube:<\/span>\n<ul>\n<li style=\"font-weight: 400\"><span style=\"font-weight: 400\"><a href=\"https:\/\/support.google.com\/youtube\/answer\/174084?hl=pt-BR\">Ativar o Modo Restrito<\/a>;<\/span><\/li>\n<li style=\"font-weight: 400\"><span style=\"font-weight: 400\"><a href=\"https:\/\/www.youtube.com\/watch?v=u00yKwGFpS0\">How To<\/a>\u00a0(v\u00eddeo com passo-a-passo no Youtube).<\/span><\/li>\n<\/ul>\n<\/li>\n<li><span style=\"font-weight: 400\">IPad:<\/span>\n<ul>\n<li style=\"font-weight: 400\"><span style=\"font-weight: 400\"><a href=\"http:\/\/blogdosuperapple.com.br\/como-configurar-o-controle-dos-pais-no-ipad\/\">Controle dos pais<\/a>.<\/span><\/li>\n<\/ul>\n<\/li>\n<li style=\"font-weight: 400\"><span style=\"font-weight: 400\">Android:<\/span>\n<ul>\n<li style=\"font-weight: 400\"><span style=\"font-weight: 400\"><a href=\"https:\/\/www.youtube.com\/watch?v=-l49lWSSpmE\">Controle dos pais no Google Play<\/a>.<\/span><\/li>\n<\/ul>\n<\/li>\n<\/ul>\n<p>Compartilhe esta p\u00e1gina com outras pessoas para ajudar a divulgar a import\u00e2ncia do controle para pais na Internet!<\/p>\n<p><a href=\"https:\/\/wp.ufpel.edu.br\/seginfo\/files\/2016\/06\/Kaspersky-Lab-Parental-control-infographic98-218315.png\"><img class=\"aligncenter wp-image-239 size-full\" src=\"https:\/\/wp.ufpel.edu.br\/seginfo\/files\/2016\/06\/Kaspersky-Lab-Parental-control-infographic98-218315.png\" alt=\"Kaspersky-Lab-Parental-control-infographic98-218315\" width=\"1600\" height=\"1304\" srcset=\"https:\/\/wp.ufpel.edu.br\/seginfo\/files\/2016\/06\/Kaspersky-Lab-Parental-control-infographic98-218315.png 1600w, https:\/\/wp.ufpel.edu.br\/seginfo\/files\/2016\/06\/Kaspersky-Lab-Parental-control-infographic98-218315-195x159.png 195w, https:\/\/wp.ufpel.edu.br\/seginfo\/files\/2016\/06\/Kaspersky-Lab-Parental-control-infographic98-218315-390x318.png 390w, https:\/\/wp.ufpel.edu.br\/seginfo\/files\/2016\/06\/Kaspersky-Lab-Parental-control-infographic98-218315-768x626.png 768w\" sizes=\"(max-width: 1600px) 100vw, 1600px\" \/><\/a><\/p>\n<p>&nbsp;<\/p>\n","protected":false},"excerpt":{"rendered":"<p>Conforme apresentado na se\u00e7\u00e3o &#8220;Material Educativo&#8221;\/&#8221;Crian\u00e7as na Internet&#8221;, a melhor forma de proteger as crian\u00e7as dos riscos envolvidos ao se utilizar a Internet \u00e9 a EDUCA\u00c7\u00c3O. No entanto, existem algumas ferramentas\u00a0que podem auxiliar nessa prote\u00e7\u00e3o.\u00a0Grande parte dessas ferramentas pode ser facilmente encontradas na Internet pesquisando pelo nome do aplicativo ou sistema que \u00e9 utilizado pela [&hellip;]<\/p>\n","protected":false},"author":572,"featured_media":0,"parent":0,"menu_order":0,"comment_status":"closed","ping_status":"closed","template":"","meta":{"jetpack_post_was_ever_published":false,"footnotes":""},"class_list":["post-237","page","type-page","status-publish","hentry"],"jetpack_sharing_enabled":true,"_links":{"self":[{"href":"https:\/\/wp.ufpel.edu.br\/seginfo\/wp-json\/wp\/v2\/pages\/237","targetHints":{"allow":["GET"]}}],"collection":[{"href":"https:\/\/wp.ufpel.edu.br\/seginfo\/wp-json\/wp\/v2\/pages"}],"about":[{"href":"https:\/\/wp.ufpel.edu.br\/seginfo\/wp-json\/wp\/v2\/types\/page"}],"author":[{"embeddable":true,"href":"https:\/\/wp.ufpel.edu.br\/seginfo\/wp-json\/wp\/v2\/users\/572"}],"replies":[{"embeddable":true,"href":"https:\/\/wp.ufpel.edu.br\/seginfo\/wp-json\/wp\/v2\/comments?post=237"}],"version-history":[{"count":6,"href":"https:\/\/wp.ufpel.edu.br\/seginfo\/wp-json\/wp\/v2\/pages\/237\/revisions"}],"predecessor-version":[{"id":246,"href":"https:\/\/wp.ufpel.edu.br\/seginfo\/wp-json\/wp\/v2\/pages\/237\/revisions\/246"}],"wp:attachment":[{"href":"https:\/\/wp.ufpel.edu.br\/seginfo\/wp-json\/wp\/v2\/media?parent=237"}],"curies":[{"name":"wp","href":"https:\/\/api.w.org\/{rel}","templated":true}]}}