{"id":229,"date":"2016-06-08T11:57:36","date_gmt":"2016-06-08T14:57:36","guid":{"rendered":"https:\/\/wp.ufpel.edu.br\/seginfo\/?page_id=229"},"modified":"2016-06-15T13:06:52","modified_gmt":"2016-06-15T16:06:52","slug":"protecao-para-navegadores","status":"publish","type":"page","link":"https:\/\/wp.ufpel.edu.br\/seginfo\/protecao-para-navegadores\/","title":{"rendered":"Prote\u00e7\u00e3o para Navegadores"},"content":{"rendered":"<p>Ao se nagevar\u00a0na internet, uma das ferramentas mais utilizadas s\u00e3o os navegadores ou <em>browsers<\/em> (Microsoft Internet Explorer, Microsoft Edge, Google Chrome, Mozilla Firefox, entre outros).<\/p>\n<p>Apesar das medidas preventivas quanto as a\u00e7\u00f5es e comportamentos que podemos empregar\u00a0ao navegar na internet, nem sempre \u00e9 poss\u00edvel prestar a devida aten\u00e7\u00e3o aos detalhes e, para piorar, alguns sites fraudulentos s\u00e3o r\u00e9plicas dos originais.<\/p>\n<p>A seguir, a CTI selecionou alguns complementos para os navegadores que podem auxiliar para que\u00a0voc\u00ea n\u00e3o caia nas armadilhas espalhadas pela rede.<\/p>\n<ul>\n<li><a href=\"https:\/\/adblockplus.org\/\">AdBlock Plus<\/a>\n<ul>\n<li>&#8220;Chateado com as propagandas? Incomodado com o rastreamento? Irritado com os banners? Instale o Adblock Plus para recuperar o controle da internet e mudar a maneira como voc\u00ea v\u00ea a web&#8221;.<\/li>\n<\/ul>\n<\/li>\n<li><a href=\"http:\/\/www.avira.com\/pt-br\/avira-browser-safety\">Avira Browser Safety<\/a>\n<ul>\n<li>Mostra os sites de malware e sites considerados perigosos nos seus resultados de pesquisa antes de clicar neles.<\/li>\n<li>Bloqueia rastreadores para que a sua atividade de navega\u00e7\u00e3o seja privada.<\/li>\n<li>Mostra os pre\u00e7os mais baixos de comerciantes confi\u00e1veis para produtos que voc\u00ea est\u00e1 comprando.<\/li>\n<\/ul>\n<\/li>\n<li>Bloquear o Adobe Flash Player ou Shockwave Flash\n<ul>\n<li><a href=\"http:\/\/gizmodo.uol.com.br\/desative-flash\/\">Entenda os riscos em utilizar o Flash<\/a><\/li>\n<li><a href=\"https:\/\/addons.mozilla.org\/pt-br\/firefox\/addon\/flashblock\/\">Flashblock no Firefox<\/a><\/li>\n<li><a href=\"https:\/\/chrome.google.com\/webstore\/detail\/flashcontrol\/mfidmkgnfgnkihnjeklbekckimkipmoe?hl=pt-br\">FlashControl para Chrome<\/a><\/li>\n<\/ul>\n<\/li>\n<li>Bloquear o plugin do Java\n<ul>\n<li><a href=\"http:\/\/g1.globo.com\/tecnologia\/noticia\/2011\/08\/entenda-por-que-desativar-o-plugin-do-java-ajuda-seguranca.html\">Entenda por que desativar o plugin do Java ajuda a seguran\u00e7a<\/a>\n<ul>\n<li>&#8220;O n\u00famero de sites que dependem do plugin do Java em navegadores web \u00e9 muito pequeno, enquanto a quantidade de sites maliciosos que se aproveita dele \u00e9 muito grande.&#8221;<\/li>\n<\/ul>\n<\/li>\n<li>Dica: utilizar um navegador dedicado com Java habilitado<\/li>\n<li><a href=\"http:\/\/www.techtudo.com.br\/noticias\/noticia\/2016\/01\/oracle-acaba-com-plugin-do-java-extensao-nao-sera-mais-obrigatoria.html\">Java n\u00e3o ter\u00e1 mais plug-in para navegadores, diz Oracle<\/a><\/li>\n<li><a href=\"https:\/\/www.java.com\/pt_BR\/download\/help\/disable_browser.xml\">Como eu desativo o Java?<\/a> ou considerar o <a href=\"https:\/\/noscript.net\">NoScript<\/a><\/li>\n<\/ul>\n<\/li>\n<\/ul>\n<p>Fonte: <a href=\"http:\/\/www.tecmundo.com.br\/seguranca\/2991-seguranca-selecao-de-complementos-de-navegadores-que-aumentam-a-sua-protecao.htm\">TecMundo<\/a><\/p>\n","protected":false},"excerpt":{"rendered":"<p>Ao se nagevar\u00a0na internet, uma das ferramentas mais utilizadas s\u00e3o os navegadores ou browsers (Microsoft Internet Explorer, Microsoft Edge, Google Chrome, Mozilla Firefox, entre outros). Apesar das medidas preventivas quanto as a\u00e7\u00f5es e comportamentos que podemos empregar\u00a0ao navegar na internet, nem sempre \u00e9 poss\u00edvel prestar a devida aten\u00e7\u00e3o aos detalhes e, para piorar, alguns sites [&hellip;]<\/p>\n","protected":false},"author":572,"featured_media":0,"parent":0,"menu_order":0,"comment_status":"closed","ping_status":"closed","template":"","meta":{"jetpack_post_was_ever_published":false,"footnotes":""},"class_list":["post-229","page","type-page","status-publish","hentry"],"jetpack_sharing_enabled":true,"_links":{"self":[{"href":"https:\/\/wp.ufpel.edu.br\/seginfo\/wp-json\/wp\/v2\/pages\/229","targetHints":{"allow":["GET"]}}],"collection":[{"href":"https:\/\/wp.ufpel.edu.br\/seginfo\/wp-json\/wp\/v2\/pages"}],"about":[{"href":"https:\/\/wp.ufpel.edu.br\/seginfo\/wp-json\/wp\/v2\/types\/page"}],"author":[{"embeddable":true,"href":"https:\/\/wp.ufpel.edu.br\/seginfo\/wp-json\/wp\/v2\/users\/572"}],"replies":[{"embeddable":true,"href":"https:\/\/wp.ufpel.edu.br\/seginfo\/wp-json\/wp\/v2\/comments?post=229"}],"version-history":[{"count":2,"href":"https:\/\/wp.ufpel.edu.br\/seginfo\/wp-json\/wp\/v2\/pages\/229\/revisions"}],"predecessor-version":[{"id":234,"href":"https:\/\/wp.ufpel.edu.br\/seginfo\/wp-json\/wp\/v2\/pages\/229\/revisions\/234"}],"wp:attachment":[{"href":"https:\/\/wp.ufpel.edu.br\/seginfo\/wp-json\/wp\/v2\/media?parent=229"}],"curies":[{"name":"wp","href":"https:\/\/api.w.org\/{rel}","templated":true}]}}