{"id":195,"date":"2016-06-02T12:21:52","date_gmt":"2016-06-02T15:21:52","guid":{"rendered":"https:\/\/wp.ufpel.edu.br\/seginfo\/?page_id=195"},"modified":"2016-06-03T11:20:43","modified_gmt":"2016-06-03T14:20:43","slug":"cabecalho-de-e-mails","status":"publish","type":"page","link":"https:\/\/wp.ufpel.edu.br\/seginfo\/cabecalho-de-e-mails\/","title":{"rendered":"Como ver o cabe\u00e7alho completo de um e-mail?"},"content":{"rendered":"<p>Quando um e-mail\u00a0\u00e9 exibido ao usu\u00e1rio, apenas algumas informa\u00e7\u00f5es s\u00e3o exibidas. Para que seja poss\u00edvel\u00a0o correto tratamento de um incidente\u00a0de seguran\u00e7a associado \u00e0 um e-mail (um SPAM, por exemplo), \u00e9 necess\u00e1rio enviar junto ao conte\u00fado do e-mail, o seu cabe\u00e7alho. O\u00a0cabe\u00e7alho de um e-mail \u00e9 a parte da mensagem que tem as informa\u00e7\u00f5es do remetente, assunto, data, destinat\u00e1rio, servidores por onde o e-mail trafegou, entre outras informa\u00e7\u00f5es.<\/p>\n<p>Quando o cabe\u00e7alho completo \u00e9 visualizado, muitas outras informa\u00e7\u00f5es importantes aparecem e podem nos ajudar a verificar se a mensagem \u00e9 falsa, determinar a sua origem, data correta do envio, etc.<\/p>\n<p>Confira abaixo a forma de obter o cabe\u00e7alho completo da mensagem:<\/p>\n<ul>\n<li><b>Webmail da\u00a0UFPel<\/b><br \/>\nClique no \u00edcone &#8220;&#8230; Mais&#8221; da barra de ferramentas e depois na op\u00e7\u00e3o &#8220;&lt;&gt;\u00a0<i>Exibir c\u00f3digo-fonte<\/i>&#8220;.<\/li>\n<li><b>Microsoft Outlook Express<\/b><b><br \/>\n<\/b>V\u00e1 em &#8220;<i>Arquivo<\/i>&#8220;, selecione &#8220;<i>Propriedades<\/i>&#8220;, clique na guia &#8220;<i>Detalhes<\/i>&#8221; e selecione\u00a0&#8220;<i>Fonte da Mensagem<\/i>&#8220;.<\/li>\n<li><b>Microsoft Outlook<br \/>\n<\/b>Selecione a mensagem, use o <i>bot\u00e3o direito do mouse<\/i> e escolha &#8220;<i>Op\u00e7\u00f5es<\/i>&#8220;.<\/li>\n<li><b>Microsoft Outlook 2010<br \/>\n<\/b>No topo da tela do e-mail aberto, v\u00e1 na aba &#8220;<i>Arquivo<\/i>&#8221; (ao lado da aba &#8220;Mensagem&#8221;), selecione &#8220;<i>Informa\u00e7\u00f5es<\/i>&#8221; no lado esquerdo da tela, clique no bot\u00e3o &#8220;P<i>ropriedades<\/i>&#8221; e selecione o conte\u00fado que aparece em &#8220;<i>Cabe\u00e7alhos de Internet<\/i>&#8220;.<\/li>\n<li><b>Thunderbird<\/b><br \/>\nSelecione a mensagem e aperte as teclas &#8220;<i>CONTROL<\/i>&#8221; e &#8220;<i>U<\/i>&#8220;, simultaneamente.<\/li>\n<li><b>Gmail<\/b><br \/>\nSelecione a mensagem e <i>abra a aba<\/i> no canto direito da mensagem (pr\u00f3ximo a &#8220;<i>Responder<\/i>&#8220;), e selecione &#8220;<i>Mostrar Original<\/i>&#8220;.<\/li>\n<li><b>Yahoo<\/b><br \/>\nAbra a mensagem, clique no item &#8220;<i>&#8230; Mais<\/i>&#8220;, logo acima da \u00e1rea onde a mensagem \u00e9 exibida e selecione a op\u00e7\u00e3o \u201c<i>Exibir cabe\u00e7alho completo<\/i>\u201d.<\/li>\n<\/ul>\n<p><b>Aten\u00e7\u00e3o:<\/b> Se o seu cliente ou sistema de e-mail n\u00e3o aparece na lista acima, ou a descri\u00e7\u00e3o do m\u00e9todo de obten\u00e7\u00e3o do c\u00f3digo fonte encontra-se desatualizada ou incorreta, por favor, entre em contato por meio do formul\u00e1rio dispon\u00edvel <a href=\"https:\/\/wp.ufpel.edu.br\/seginfo\/contato\/\" target=\"_blank\">aqui<\/a>.\u00a0De forma alternativa, \u00e9 poss\u00edvel acessar o link:\u00a0<a href=\"http:\/\/mxtoolbox.com\/Public\/Content\/EmailHeaders\/\">How to Get Email Headers (em ingl\u00eas)<\/a>.<\/p>\n","protected":false},"excerpt":{"rendered":"<p>Quando um e-mail\u00a0\u00e9 exibido ao usu\u00e1rio, apenas algumas informa\u00e7\u00f5es s\u00e3o exibidas. Para que seja poss\u00edvel\u00a0o correto tratamento de um incidente\u00a0de seguran\u00e7a associado \u00e0 um e-mail (um SPAM, por exemplo), \u00e9 necess\u00e1rio enviar junto ao conte\u00fado do e-mail, o seu cabe\u00e7alho. O\u00a0cabe\u00e7alho de um e-mail \u00e9 a parte da mensagem que tem as informa\u00e7\u00f5es do remetente, [&hellip;]<\/p>\n","protected":false},"author":572,"featured_media":0,"parent":0,"menu_order":0,"comment_status":"closed","ping_status":"closed","template":"","meta":{"jetpack_post_was_ever_published":false,"footnotes":""},"class_list":["post-195","page","type-page","status-publish","hentry"],"jetpack_sharing_enabled":true,"_links":{"self":[{"href":"https:\/\/wp.ufpel.edu.br\/seginfo\/wp-json\/wp\/v2\/pages\/195","targetHints":{"allow":["GET"]}}],"collection":[{"href":"https:\/\/wp.ufpel.edu.br\/seginfo\/wp-json\/wp\/v2\/pages"}],"about":[{"href":"https:\/\/wp.ufpel.edu.br\/seginfo\/wp-json\/wp\/v2\/types\/page"}],"author":[{"embeddable":true,"href":"https:\/\/wp.ufpel.edu.br\/seginfo\/wp-json\/wp\/v2\/users\/572"}],"replies":[{"embeddable":true,"href":"https:\/\/wp.ufpel.edu.br\/seginfo\/wp-json\/wp\/v2\/comments?post=195"}],"version-history":[{"count":5,"href":"https:\/\/wp.ufpel.edu.br\/seginfo\/wp-json\/wp\/v2\/pages\/195\/revisions"}],"predecessor-version":[{"id":209,"href":"https:\/\/wp.ufpel.edu.br\/seginfo\/wp-json\/wp\/v2\/pages\/195\/revisions\/209"}],"wp:attachment":[{"href":"https:\/\/wp.ufpel.edu.br\/seginfo\/wp-json\/wp\/v2\/media?parent=195"}],"curies":[{"name":"wp","href":"https:\/\/api.w.org\/{rel}","templated":true}]}}