{"id":33,"date":"2014-02-25T09:40:41","date_gmt":"2014-02-25T12:40:41","guid":{"rendered":"https:\/\/wp.ufpel.edu.br\/segeomatica\/?page_id=33"},"modified":"2014-08-22T11:42:53","modified_gmt":"2014-08-22T14:42:53","slug":"extensao","status":"publish","type":"page","link":"https:\/\/wp.ufpel.edu.br\/segeomatica\/extensao\/","title":{"rendered":"EXTENS\u00c3O"},"content":{"rendered":"<p><strong>A) Projetos de Extens\u00e3o:<\/strong><\/p>\n<p>1.<strong style=\"color: #000000\">Projeto de manuten\u00e7\u00e3o da esta\u00e7\u00e3o RBMC em Pelotas<\/strong><\/p>\n<p>Equipe:\u00a0<span style=\"color: #000000\">S\u00e9rgio Leal Fernandes, Rodrigo Rizzi, Fioravante Jaekel dos Santos, Rogers Ademir Drunn, Su\u00e9len Movio Huinca;<\/span><\/p>\n<p>2.<strong style=\"color: #000000\">Identifica\u00e7\u00e3o de Posseiros no Terreno da Antiga Laneira SA<\/strong><\/p>\n<p>Equipe:\u00a0<span style=\"color: #000000\">S\u00e9rgio Leal Fernandes, Rodrigo Rizzi, Fioravante Jaekel dos Santos, Rogers Ademir Drunn, Su\u00e9len Movio Huinca;<\/span><\/p>\n<p>3.<strong style=\"color: #000000\">Levantamento Planialtim\u00e9trico do Terreno onde dever\u00e1 ser constru\u00edda a nova Casa do Estudante da UFPEL<\/strong><\/p>\n<p>Equipe:\u00a0<span style=\"color: #000000\">S\u00e9rgio Leal Fernandes, Rodrigo Rizzi, Fioravante Jaekel dos Santos, Rogers Ademir Drunn, Su\u00e9len Movio Huinca;<\/span><\/p>\n","protected":false},"excerpt":{"rendered":"<p>A) Projetos de Extens\u00e3o: 1.Projeto de manuten\u00e7\u00e3o da esta\u00e7\u00e3o RBMC em Pelotas Equipe:\u00a0S\u00e9rgio Leal Fernandes, Rodrigo Rizzi, Fioravante Jaekel dos Santos, Rogers Ademir Drunn, Su\u00e9len Movio Huinca; 2.Identifica\u00e7\u00e3o de Posseiros no Terreno da Antiga Laneira SA Equipe:\u00a0S\u00e9rgio Leal Fernandes, Rodrigo Rizzi, Fioravante Jaekel dos Santos, Rogers Ademir Drunn, Su\u00e9len Movio Huinca; 3.Levantamento Planialtim\u00e9trico do Terreno [&hellip;]<\/p>\n","protected":false},"author":363,"featured_media":0,"parent":0,"menu_order":6,"comment_status":"closed","ping_status":"closed","template":"","meta":{"footnotes":""},"class_list":["post-33","page","type-page","status-publish","hentry"],"_links":{"self":[{"href":"https:\/\/wp.ufpel.edu.br\/segeomatica\/wp-json\/wp\/v2\/pages\/33","targetHints":{"allow":["GET"]}}],"collection":[{"href":"https:\/\/wp.ufpel.edu.br\/segeomatica\/wp-json\/wp\/v2\/pages"}],"about":[{"href":"https:\/\/wp.ufpel.edu.br\/segeomatica\/wp-json\/wp\/v2\/types\/page"}],"author":[{"embeddable":true,"href":"https:\/\/wp.ufpel.edu.br\/segeomatica\/wp-json\/wp\/v2\/users\/363"}],"replies":[{"embeddable":true,"href":"https:\/\/wp.ufpel.edu.br\/segeomatica\/wp-json\/wp\/v2\/comments?post=33"}],"version-history":[{"count":15,"href":"https:\/\/wp.ufpel.edu.br\/segeomatica\/wp-json\/wp\/v2\/pages\/33\/revisions"}],"predecessor-version":[{"id":169,"href":"https:\/\/wp.ufpel.edu.br\/segeomatica\/wp-json\/wp\/v2\/pages\/33\/revisions\/169"}],"wp:attachment":[{"href":"https:\/\/wp.ufpel.edu.br\/segeomatica\/wp-json\/wp\/v2\/media?parent=33"}],"curies":[{"name":"wp","href":"https:\/\/api.w.org\/{rel}","templated":true}]}}