{"id":31,"date":"2014-02-25T09:40:30","date_gmt":"2014-02-25T12:40:30","guid":{"rendered":"https:\/\/wp.ufpel.edu.br\/segeomatica\/?page_id=31"},"modified":"2014-08-22T11:42:41","modified_gmt":"2014-08-22T14:42:41","slug":"pesquisa","status":"publish","type":"page","link":"https:\/\/wp.ufpel.edu.br\/segeomatica\/pesquisa\/","title":{"rendered":"PESQUISA"},"content":{"rendered":"<p><strong>A) Projetos de Pesquisa:<\/strong><\/p>\n<p>1.\u00a0<strong style=\"color: #000000\">Investiga\u00e7\u00e3o da Influ\u00eancia das Vari\u00e1veis Metereol\u00f3gicas e do Efeito do Multicaminho na Calibra\u00e7\u00e3o de Antenas Receptoras do Sinal GNSS<\/strong><\/p>\n<p><span style=\"color: #000000\">Equipe:\u00a0Suelen Cristina Movio Huinca, Rogers Ademir Pereira, S\u00e9rgio Leal Fernandes;<\/span><\/p>\n","protected":false},"excerpt":{"rendered":"<p>A) Projetos de Pesquisa: 1.\u00a0Investiga\u00e7\u00e3o da Influ\u00eancia das Vari\u00e1veis Metereol\u00f3gicas e do Efeito do Multicaminho na Calibra\u00e7\u00e3o de Antenas Receptoras do Sinal GNSS Equipe:\u00a0Suelen Cristina Movio Huinca, Rogers Ademir Pereira, S\u00e9rgio Leal Fernandes;<\/p>\n","protected":false},"author":363,"featured_media":0,"parent":0,"menu_order":5,"comment_status":"closed","ping_status":"closed","template":"","meta":{"footnotes":""},"class_list":["post-31","page","type-page","status-publish","hentry"],"_links":{"self":[{"href":"https:\/\/wp.ufpel.edu.br\/segeomatica\/wp-json\/wp\/v2\/pages\/31","targetHints":{"allow":["GET"]}}],"collection":[{"href":"https:\/\/wp.ufpel.edu.br\/segeomatica\/wp-json\/wp\/v2\/pages"}],"about":[{"href":"https:\/\/wp.ufpel.edu.br\/segeomatica\/wp-json\/wp\/v2\/types\/page"}],"author":[{"embeddable":true,"href":"https:\/\/wp.ufpel.edu.br\/segeomatica\/wp-json\/wp\/v2\/users\/363"}],"replies":[{"embeddable":true,"href":"https:\/\/wp.ufpel.edu.br\/segeomatica\/wp-json\/wp\/v2\/comments?post=31"}],"version-history":[{"count":23,"href":"https:\/\/wp.ufpel.edu.br\/segeomatica\/wp-json\/wp\/v2\/pages\/31\/revisions"}],"predecessor-version":[{"id":168,"href":"https:\/\/wp.ufpel.edu.br\/segeomatica\/wp-json\/wp\/v2\/pages\/31\/revisions\/168"}],"wp:attachment":[{"href":"https:\/\/wp.ufpel.edu.br\/segeomatica\/wp-json\/wp\/v2\/media?parent=31"}],"curies":[{"name":"wp","href":"https:\/\/api.w.org\/{rel}","templated":true}]}}