{"id":4,"date":"2023-04-19T13:52:11","date_gmt":"2023-04-19T16:52:11","guid":{"rendered":"https:\/\/wp.ufpel.edu.br\/segbarragem\/?page_id=4"},"modified":"2024-02-15T15:40:23","modified_gmt":"2024-02-15T18:40:23","slug":"apresentacao","status":"publish","type":"page","link":"https:\/\/wp.ufpel.edu.br\/segbarragem\/apresentacao\/","title":{"rendered":"Apresenta\u00e7\u00e3o"},"content":{"rendered":"<p>A seguran\u00e7a de barragens de terra \u00e9 de extrema import\u00e2ncia devido aos riscos associados a poss\u00edveis falhas nesse tipo de estrutura. As barragens de terra s\u00e3o utilizadas para reter \u00e1gua e criar reservat\u00f3rios para diversas finalidades, como abastecimento, gera\u00e7\u00e3o de energia hidrel\u00e9trica, aquicultura e irriga\u00e7\u00e3o.<\/p>\n<p>A seguran\u00e7a dessas barragens \u00e9 crucial para proteger vidas humanas, propriedades, o meio ambiente e garantir o funcionamento adequado das estruturas ao longo do tempo. Fatos recentes t\u00eam demonstrado que a ocorr\u00eancia de falhas pode desencadear inunda\u00e7\u00f5es s\u00fabitas, representando amea\u00e7as significativas \u00e0s comunidades situadas a jusante. Servi\u00e7os de transporte e energia tamb\u00e9m podem ser afetados. Al\u00e9m disso, os danos ambientais resultantes da libera\u00e7\u00e3o descontrolada de \u00e1gua podem ser extensos, afetando ecossistemas aqu\u00e1ticos e terrestres.<\/p>\n<p>A realiza\u00e7\u00e3o de inspe\u00e7\u00f5es regulares, manuten\u00e7\u00e3o adequada e o cumprimento de regulamenta\u00e7\u00f5es s\u00e3o elementos-chave na gest\u00e3o da seguran\u00e7a dessas barragens.<\/p>\n<p>Este site \u00e9 uma iniciativa do Setor de Recursos H\u00eddricos da Faculdade de Agronomia Eliseu Maciel e nele voc\u00ea encontrar\u00e1 orienta\u00e7\u00f5es sobre legisla\u00e7\u00e3o e normas relacionadas \u00e0 seguran\u00e7a de barragens de terra, bem como materiais com orienta\u00e7\u00f5es t\u00e9cnicas sobre constru\u00e7\u00e3o, opera\u00e7\u00e3o e manuten\u00e7\u00e3o dessas estruturas.<\/p>\n","protected":false},"excerpt":{"rendered":"<p>A seguran\u00e7a de barragens de terra \u00e9 de extrema import\u00e2ncia devido aos riscos associados a poss\u00edveis falhas nesse tipo de estrutura. As barragens de terra s\u00e3o utilizadas para reter \u00e1gua e criar reservat\u00f3rios para diversas finalidades, como abastecimento, gera\u00e7\u00e3o de energia hidrel\u00e9trica, aquicultura e irriga\u00e7\u00e3o. A seguran\u00e7a dessas barragens \u00e9 crucial para proteger vidas humanas, [&hellip;]<\/p>\n","protected":false},"author":94,"featured_media":0,"parent":0,"menu_order":0,"comment_status":"closed","ping_status":"closed","template":"","meta":{"footnotes":""},"class_list":["post-4","page","type-page","status-publish","hentry"],"jetpack_sharing_enabled":true,"_links":{"self":[{"href":"https:\/\/wp.ufpel.edu.br\/segbarragem\/wp-json\/wp\/v2\/pages\/4","targetHints":{"allow":["GET"]}}],"collection":[{"href":"https:\/\/wp.ufpel.edu.br\/segbarragem\/wp-json\/wp\/v2\/pages"}],"about":[{"href":"https:\/\/wp.ufpel.edu.br\/segbarragem\/wp-json\/wp\/v2\/types\/page"}],"author":[{"embeddable":true,"href":"https:\/\/wp.ufpel.edu.br\/segbarragem\/wp-json\/wp\/v2\/users\/94"}],"replies":[{"embeddable":true,"href":"https:\/\/wp.ufpel.edu.br\/segbarragem\/wp-json\/wp\/v2\/comments?post=4"}],"version-history":[{"count":7,"href":"https:\/\/wp.ufpel.edu.br\/segbarragem\/wp-json\/wp\/v2\/pages\/4\/revisions"}],"predecessor-version":[{"id":3168,"href":"https:\/\/wp.ufpel.edu.br\/segbarragem\/wp-json\/wp\/v2\/pages\/4\/revisions\/3168"}],"wp:attachment":[{"href":"https:\/\/wp.ufpel.edu.br\/segbarragem\/wp-json\/wp\/v2\/media?parent=4"}],"curies":[{"name":"wp","href":"https:\/\/api.w.org\/{rel}","templated":true}]}}