{"id":3276,"date":"2026-01-09T17:24:13","date_gmt":"2026-01-09T20:24:13","guid":{"rendered":"https:\/\/wp.ufpel.edu.br\/segbarragem\/?page_id=3276"},"modified":"2026-01-09T17:35:35","modified_gmt":"2026-01-09T20:35:35","slug":"laboratorio-de-seguranca-hidrica","status":"publish","type":"page","link":"https:\/\/wp.ufpel.edu.br\/segbarragem\/laboratorio-de-seguranca-hidrica\/","title":{"rendered":"Laborat\u00f3rio de Seguran\u00e7a H\u00eddrica"},"content":{"rendered":"<p>O Laborat\u00f3rio de Seguran\u00e7a H\u00eddrica \u00e9 uma estrutura voltada a estudar, monitorar, desenvolver tecnologias, propor solu\u00e7\u00f5es e orientar pol\u00edticas relacionadas \u00e0 seguran\u00e7a h\u00eddrica, oferecendo suporte para atividades de ensino, pesquisa e extens\u00e3o na \u00e1rea de Recursos H\u00eddricos e de Manejo e Conserva\u00e7\u00e3o do Solo e da \u00c1gua. Entre seus objetivos, pode-se citar: viabilizar experi\u00eancias que facilitem o aprendizado de disciplinas de gradua\u00e7\u00e3o, como Hidrologia, Seguran\u00e7a H\u00eddrica na Agricultura e Gest\u00e3o de Recursos H\u00eddricos, e de p\u00f3s-gradua\u00e7\u00e3o, como Gest\u00e3o de Recursos H\u00eddricos; criar condi\u00e7\u00f5es para o desenvolvimento de pesquisas nessa \u00e1rea; disponibilizar espa\u00e7o para o aprimoramento de conhecimentos dos acad\u00eamicos; e possibilitar a gera\u00e7\u00e3o de materiais que promovam a inova\u00e7\u00e3o.<\/p>\n<p>O laborat\u00f3rio tamb\u00e9m atua com pesquisa aplicada, para an\u00e1lise de riscos, cen\u00e1rios de escassez, impactos das mudan\u00e7as clim\u00e1ticas e aspectos de governan\u00e7a da \u00e1gua, al\u00e9m de fornecer dados e estudos para embasar pol\u00edticas p\u00fablicas sobre outorga, gest\u00e3o integrada, seguran\u00e7a de barragens e preven\u00e7\u00e3o de desastres h\u00eddricos. Entre suas atividades est\u00e1, tamb\u00e9m, a capacita\u00e7\u00e3o de t\u00e9cnicos, gestores e comunidades para pr\u00e1ticas de gest\u00e3o eficiente e sustent\u00e1vel.<\/p>\n","protected":false},"excerpt":{"rendered":"<p>O Laborat\u00f3rio de Seguran\u00e7a H\u00eddrica \u00e9 uma estrutura voltada a estudar, monitorar, desenvolver tecnologias, propor solu\u00e7\u00f5es e orientar pol\u00edticas relacionadas \u00e0 seguran\u00e7a h\u00eddrica, oferecendo suporte para atividades de ensino, pesquisa e extens\u00e3o na \u00e1rea de Recursos H\u00eddricos e de Manejo e Conserva\u00e7\u00e3o do Solo e da \u00c1gua. Entre seus objetivos, pode-se citar: viabilizar experi\u00eancias que [&hellip;]<\/p>\n","protected":false},"author":94,"featured_media":0,"parent":0,"menu_order":0,"comment_status":"closed","ping_status":"closed","template":"","meta":{"footnotes":""},"class_list":["post-3276","page","type-page","status-publish","hentry"],"jetpack_sharing_enabled":true,"_links":{"self":[{"href":"https:\/\/wp.ufpel.edu.br\/segbarragem\/wp-json\/wp\/v2\/pages\/3276","targetHints":{"allow":["GET"]}}],"collection":[{"href":"https:\/\/wp.ufpel.edu.br\/segbarragem\/wp-json\/wp\/v2\/pages"}],"about":[{"href":"https:\/\/wp.ufpel.edu.br\/segbarragem\/wp-json\/wp\/v2\/types\/page"}],"author":[{"embeddable":true,"href":"https:\/\/wp.ufpel.edu.br\/segbarragem\/wp-json\/wp\/v2\/users\/94"}],"replies":[{"embeddable":true,"href":"https:\/\/wp.ufpel.edu.br\/segbarragem\/wp-json\/wp\/v2\/comments?post=3276"}],"version-history":[{"count":3,"href":"https:\/\/wp.ufpel.edu.br\/segbarragem\/wp-json\/wp\/v2\/pages\/3276\/revisions"}],"predecessor-version":[{"id":3280,"href":"https:\/\/wp.ufpel.edu.br\/segbarragem\/wp-json\/wp\/v2\/pages\/3276\/revisions\/3280"}],"wp:attachment":[{"href":"https:\/\/wp.ufpel.edu.br\/segbarragem\/wp-json\/wp\/v2\/media?parent=3276"}],"curies":[{"name":"wp","href":"https:\/\/api.w.org\/{rel}","templated":true}]}}