{"id":13,"date":"2014-08-31T15:38:13","date_gmt":"2014-08-31T18:38:13","guid":{"rendered":"https:\/\/wp.ufpel.edu.br\/seazoo\/?page_id=13"},"modified":"2015-03-03T17:43:13","modified_gmt":"2015-03-03T20:43:13","slug":"home","status":"publish","type":"page","link":"https:\/\/wp.ufpel.edu.br\/seazoo\/","title":{"rendered":"Home"},"content":{"rendered":"<p>&nbsp;<\/p>\n<hr \/>\n<h3 style=\"text-align: center\"><span style=\"color: #000000\"><span style=\"text-decoration: underline\"><b>CERTIFICADOS<\/b><\/span><\/span><\/h3>\n<h3 style=\"text-align: center\"><span style=\"color: #000000\"><strong>Segue abaixo os certificados dos participantes da III SEAZOO e do I ENCONTRO ESTADUAL DOS CURSOS DE ZOOTECNIA<\/strong><br \/>\n<\/span><\/h3>\n<h3 style=\"text-align: left\"><span style=\"color: #993300\"><span style=\"color: #000000\">Para corre\u00e7\u00f5es ou d\u00favidas entrar em contato com:<\/span><br \/>\n<span style=\"color: #000000\">Tais Helena K\u00edvel &#8211; <span style=\"text-decoration: underline\">taiskivel_3@hotmail.com<\/span><\/span><br \/>\n<span style=\"color: #000000\">Isabella Barbosa Silveira &#8211; <span style=\"text-decoration: underline\">barbosa-isabella@hotmail.com<\/span><\/span><br \/>\n<\/span><\/h3>\n<p>&nbsp;<\/p>\n<hr \/>\n<h4 style=\"text-align: justify\"><strong style=\"text-align: justify\">Certificados III SEAZOO<\/strong><\/h4>\n<p>&nbsp;<\/p>\n<p><a href=\"https:\/\/wp.ufpel.edu.br\/seazoo\/files\/2014\/08\/Alexandre-Ferreira-Bilhalva.pdf\">Alexandre Ferreira Bilhalva<br \/>\n<\/a> <a href=\"https:\/\/wp.ufpel.edu.br\/seazoo\/files\/2014\/08\/Alexsandro-Bahr-Kroning.pdf\">Alexsandro Bahr Kroning<br \/>\n<\/a> <a href=\"https:\/\/wp.ufpel.edu.br\/seazoo\/files\/2014\/08\/Amanda-Alvariz-Lopes.pdf\">Amanda Alvariz Lopes<\/a><br \/>\n<a href=\"https:\/\/wp.ufpel.edu.br\/seazoo\/files\/2014\/08\/Amanda-Porciuncula-Ferreira.pdf\">Amanda Porciuncula Ferreira<br \/>\n<\/a> <a href=\"https:\/\/wp.ufpel.edu.br\/seazoo\/files\/2014\/08\/Amanda-Rickes-Crochemore.pdf\">Amanda Rickes Crochemore<br \/>\n<\/a> <a href=\"https:\/\/wp.ufpel.edu.br\/seazoo\/files\/2014\/08\/Amanda-Weber-Garcia.pdf\">Amanda Weber Garcia<br \/>\n<\/a> <a href=\"https:\/\/wp.ufpel.edu.br\/seazoo\/files\/2014\/08\/Amauri-Tavares.pdf\">Amauri Tavares<\/a><br \/>\n<a href=\"https:\/\/wp.ufpel.edu.br\/seazoo\/files\/2014\/08\/Ana-Paula-Schmidt.pdf\">Ana Paula Schmidt<\/a><br \/>\n<a href=\"https:\/\/wp.ufpel.edu.br\/seazoo\/files\/2014\/08\/Anderson-da-Mota-dos-Santos.pdf\">Anderson da Mota dos Santos<\/a><br \/>\n<a href=\"https:\/\/wp.ufpel.edu.br\/seazoo\/files\/2014\/08\/Andr\u00e9-Lopes.pdf\">Andr\u00e9 Lopes<br \/>\n<\/a> <a href=\"https:\/\/wp.ufpel.edu.br\/seazoo\/files\/2014\/08\/Andr\u00e9-Tadeu-Duarte-Rodrigues.pdf\">Andr\u00e9 Tadeu Duarte Rodrigues<\/a><br \/>\n<a href=\"https:\/\/wp.ufpel.edu.br\/seazoo\/files\/2014\/08\/Andres-Vieira-Machado.pdf\">Andres Vieira Machado<br \/>\n<\/a> <a href=\"https:\/\/wp.ufpel.edu.br\/seazoo\/files\/2014\/08\/Anelise-Chagas-Kerchner.pdf\">Anelise Chagas Kerchner<\/a><br \/>\n<a href=\"https:\/\/wp.ufpel.edu.br\/seazoo\/files\/2014\/08\/Augusto-Ribeiro-Rutz.pdf\">Augusto Ribeiro Rutz<br \/>\n<\/a> <a href=\"https:\/\/wp.ufpel.edu.br\/seazoo\/files\/2014\/08\/Bhetina-Garcia-Nunes.pdf\">Bhetina Garcia Nunes<br \/>\n<\/a> <a href=\"https:\/\/wp.ufpel.edu.br\/seazoo\/files\/2014\/08\/Braulli-Ferrari-Ramos.pdf\">Braulli Ferrari Ramos<br \/>\n<\/a> <a href=\"https:\/\/wp.ufpel.edu.br\/seazoo\/files\/2014\/08\/Camila-Nereida-de-Souza.pdf\">Camila Nereida de Souza<br \/>\n<\/a> <a href=\"https:\/\/wp.ufpel.edu.br\/seazoo\/files\/2014\/08\/Camila-Tonini.pdf\">Camila Tonini<\/a><br \/>\n<a href=\"https:\/\/wp.ufpel.edu.br\/seazoo\/files\/2014\/08\/Carlos-Felipe-Bilhalva-Schneider.pdf\">Carlos Felipe Bilhalva Schneider<br \/>\n<\/a> <a href=\"https:\/\/wp.ufpel.edu.br\/seazoo\/files\/2014\/08\/Carlos-Henrique-Lutz-Spiering.pdf\">Carlos Henrique Lutz Spiering<\/a><br \/>\n<a href=\"https:\/\/wp.ufpel.edu.br\/seazoo\/files\/2014\/08\/Carolina-Amaral-Dias.pdf\">Carolina Amaral Dias<br \/>\n<\/a> <a href=\"https:\/\/wp.ufpel.edu.br\/seazoo\/files\/2014\/08\/Carolina-Bueno-Magalh\u00e3es.pdf\">Carolina Bueno Magalh\u00e3es<br \/>\n<\/a> <a href=\"https:\/\/wp.ufpel.edu.br\/seazoo\/files\/2014\/08\/Caroline-da-Silveira-Rockembach.pdf\">Caroline da Silveira Rockembach<br \/>\n<\/a> <a href=\"https:\/\/wp.ufpel.edu.br\/seazoo\/files\/2014\/08\/Caroline-Gon\u00e7alves-Lotufo.pdf\">Caroline Gon\u00e7alves Lotufo<\/a><br \/>\n<a href=\"https:\/\/wp.ufpel.edu.br\/seazoo\/files\/2014\/08\/Claudia-Ferreira-Talavera-Campos.pdf\">Claudia Ferreira Talavera Campos<br \/>\n<\/a> <a href=\"https:\/\/wp.ufpel.edu.br\/seazoo\/files\/2014\/08\/Cristiane-Vaniel.pdf\">Cristiane Vaniel<br \/>\n<\/a> <a href=\"https:\/\/wp.ufpel.edu.br\/seazoo\/files\/2014\/08\/Daiana-dos-Santos-de-Oliveira.pdf\">Daiana dos Santos de Oliveira<br \/>\n<\/a> <a href=\"https:\/\/wp.ufpel.edu.br\/seazoo\/files\/2014\/08\/Dam\u00e1sia-Souza-Caetano-da-Silva.pdf\">Dam\u00e1sia Souza Caetano da Silva<\/a><br \/>\n<a href=\"https:\/\/wp.ufpel.edu.br\/seazoo\/files\/2014\/08\/Daniel-Duarte-da-Silveira.pdf\">Daniel Duarte da Silveira<br \/>\n<\/a> <a href=\"https:\/\/wp.ufpel.edu.br\/seazoo\/files\/2014\/08\/Danielle-Andrade.pdf\">Danielle Andrade<br \/>\n<\/a> <a href=\"https:\/\/wp.ufpel.edu.br\/seazoo\/files\/2014\/08\/D\u00e9bora-da-Silveira-da-Rosa.pdf\">D\u00e9bora da Silveira da Rosa<\/a><br \/>\n<a href=\"https:\/\/wp.ufpel.edu.br\/seazoo\/files\/2014\/08\/Derick-Cantarelli-Rosler.pdf\">Derick Cantarelli Rosler<br \/>\n<\/a> <a href=\"https:\/\/wp.ufpel.edu.br\/seazoo\/files\/2014\/08\/Diene-Corr\u00eaa-Ehlert.pdf\">Diene Corr\u00eaa Ehlert<br \/>\n<\/a> <a href=\"https:\/\/wp.ufpel.edu.br\/seazoo\/files\/2014\/08\/Diulia-Rodrigues.pdf\">Diulia Rodrigues<br \/>\n<\/a> <a href=\"https:\/\/wp.ufpel.edu.br\/seazoo\/files\/2014\/08\/Dy\u00e9llen-Garcia-Vasconcelos.pdf\">Dy\u00e9llen Garcia Vasconcelos<\/a><br \/>\n<a href=\"https:\/\/wp.ufpel.edu.br\/seazoo\/files\/2014\/08\/Edgard-Gon\u00e7alves-Malaguez.pdf\">Edgard Gon\u00e7alves Malaguez<\/a><br \/>\n<a href=\"https:\/\/wp.ufpel.edu.br\/seazoo\/files\/2014\/08\/Elis\u00e2ngela-Santos-da-Rosa-Ricardo.pdf\">Elis\u00e2ngela\u00a0Santos da Rosa Ricardo<\/a><br \/>\n<a href=\"https:\/\/wp.ufpel.edu.br\/seazoo\/files\/2014\/08\/Elson-L.-Passos-da-Silva.pdf\">Elson L. Passos da Silva<\/a><br \/>\n<a href=\"https:\/\/wp.ufpel.edu.br\/seazoo\/files\/2014\/08\/Erick-Nunes-da-Silva.pdf\">Erick Nunes da Silva<\/a><br \/>\n<a href=\"https:\/\/wp.ufpel.edu.br\/seazoo\/files\/2014\/08\/\u00c9rika-Madruga.pdf\">\u00c9rika Madruga<br \/>\n<\/a> <a href=\"https:\/\/wp.ufpel.edu.br\/seazoo\/files\/2014\/08\/Felipe-Sampaio-Sedrez.pdf\">Felipe Sampaio Sedrez<\/a><br \/>\n<a href=\"https:\/\/wp.ufpel.edu.br\/seazoo\/files\/2014\/08\/Fernanda-Ferreira-Talavera-Campos.pdf\">Fernanda Ferreira Talavera Campos<br \/>\n<\/a> <a href=\"https:\/\/wp.ufpel.edu.br\/seazoo\/files\/2014\/08\/Fernando-Antonio-Reimann.pdf\">Fernando Antonio Reimann<br \/>\n<\/a> <a href=\"https:\/\/wp.ufpel.edu.br\/seazoo\/files\/2014\/08\/Francine-Domingues-Borges.pdf\">Francine Domingues Borges<\/a><br \/>\n<a href=\"https:\/\/wp.ufpel.edu.br\/seazoo\/files\/2014\/08\/Gabriel-Jovino-Alves.pdf\">Gabriel Jovino Alves<br \/>\n<\/a> <a href=\"https:\/\/wp.ufpel.edu.br\/seazoo\/files\/2014\/08\/Geferson-Zorzolli-Heres.pdf\">Geferson Zorzolli Heres<br \/>\n<\/a> <a href=\"https:\/\/wp.ufpel.edu.br\/seazoo\/files\/2014\/08\/Graziela-Lages.pdf\">Graziela Lages<br \/>\n<\/a> <a href=\"https:\/\/wp.ufpel.edu.br\/seazoo\/files\/2014\/08\/Greice-Sedr\u00eas-Carvalho.pdf\">Greice Sedr\u00eas Carvalho<br \/>\n<\/a> <a href=\"https:\/\/wp.ufpel.edu.br\/seazoo\/files\/2014\/08\/Guilherme-V\u00f6lz-Rockenbach.pdf\">Guilherme V\u00f6lz Rockenbach<\/a><br \/>\n<a href=\"https:\/\/wp.ufpel.edu.br\/seazoo\/files\/2014\/08\/Helena-K\u00f6hler-Strelow.pdf\">Helena K\u00f6hler Strelow<br \/>\n<\/a> <a href=\"https:\/\/wp.ufpel.edu.br\/seazoo\/files\/2014\/08\/Isabel-Lenz-Fonseca.pdf\">Isabel Lenz Fonseca<br \/>\n<\/a> <a href=\"https:\/\/wp.ufpel.edu.br\/seazoo\/files\/2014\/08\/Isabelle-Dam\u00e9-Veber-Angelo.pdf\">Isabelle Dam\u00e9 Veber Angelo<br \/>\n<\/a> <a href=\"https:\/\/wp.ufpel.edu.br\/seazoo\/files\/2014\/08\/Isadora-dos-Santos-Vicente.pdf\">Isadora dos Santos Vicente<\/a><br \/>\n<a href=\"https:\/\/wp.ufpel.edu.br\/seazoo\/files\/2014\/08\/Isadora-Neutzling-Roloff.pdf\">Isadora Neutzling Roloff<br \/>\n<\/a> <a href=\"https:\/\/wp.ufpel.edu.br\/seazoo\/files\/2014\/08\/Iura-Silva-Canielas.pdf\">Iura Silva Canielas<\/a><br \/>\n<a href=\"https:\/\/wp.ufpel.edu.br\/seazoo\/files\/2014\/08\/Jenifer-Vahl.pdf\">Jenifer Vahl<br \/>\n<\/a> <a href=\"https:\/\/wp.ufpel.edu.br\/seazoo\/files\/2014\/08\/Joana-Piagetti-Noschang.pdf\">Joana Piagetti Noschang<br \/>\n<\/a> <a href=\"https:\/\/wp.ufpel.edu.br\/seazoo\/files\/2014\/08\/Jo\u00e3o-Pedro-da-Silveira-Schuch.pdf\">Jo\u00e3o Pedro da Silveira Schuch<br \/>\n<\/a> <a href=\"https:\/\/wp.ufpel.edu.br\/seazoo\/files\/2014\/08\/Joice-Rodal-Gruppelli.pdf\">Joice Rodal Gruppelli<\/a><br \/>\n<a href=\"https:\/\/wp.ufpel.edu.br\/seazoo\/files\/2014\/08\/Jozi\u00e9li-Quevedo-T\u00e2mara.pdf\">Jozi\u00e9li Quevedo T\u00e2mara<\/a><br \/>\n<a href=\"https:\/\/wp.ufpel.edu.br\/seazoo\/files\/2014\/08\/J\u00falia-Nobre-Parada-Castro.pdf\">J\u00falia Nobre Parada Castro<br \/>\n<\/a> <a href=\"https:\/\/wp.ufpel.edu.br\/seazoo\/files\/2014\/08\/Juliana-Fonseca.pdf\">Juliana Fonseca<br \/>\n<\/a> <a href=\"https:\/\/wp.ufpel.edu.br\/seazoo\/files\/2014\/08\/Juliana-Nunes-Castro.pdf\">Juliana Nunes Castro<br \/>\n<\/a> <a href=\"https:\/\/wp.ufpel.edu.br\/seazoo\/files\/2014\/08\/J\u00falio-Cigales.pdf\">J\u00falio Cigales<\/a><br \/>\n<a href=\"https:\/\/wp.ufpel.edu.br\/seazoo\/files\/2014\/08\/Karoline-Santos-Rubin.pdf\">Karoline Santos Rubin<br \/>\n<\/a> <a href=\"https:\/\/wp.ufpel.edu.br\/seazoo\/files\/2014\/08\/Leonardo-Silva.pdf\">Leonardo Silva<br \/>\n<\/a> <a href=\"https:\/\/wp.ufpel.edu.br\/seazoo\/files\/2014\/08\/Lethiane-Garcia-Rocha.pdf\">Lethiane Garcia Rocha<br \/>\n<\/a> <a href=\"https:\/\/wp.ufpel.edu.br\/seazoo\/files\/2014\/08\/Lisiane-Jobim-da-Costa-Pinheiro.pdf\">Lisiane Jobim da Costa Pinheiro<br \/>\n<\/a> <a href=\"https:\/\/wp.ufpel.edu.br\/seazoo\/files\/2014\/08\/L\u00edsie-Gon\u00e7alves-Ferreira.pdf\">L\u00edsie Gon\u00e7alves Ferreira<\/a><br \/>\n<a href=\"https:\/\/wp.ufpel.edu.br\/seazoo\/files\/2014\/08\/Luana-Gusm\u00e3o.pdf\">Luana Gusm\u00e3o<\/a><br \/>\n<a href=\"https:\/\/wp.ufpel.edu.br\/seazoo\/files\/2014\/08\/Lucas-de-Vargas.pdf\">Lucas de Vargas<\/a><br \/>\n<a href=\"https:\/\/wp.ufpel.edu.br\/seazoo\/files\/2014\/08\/Lucas-Gomes-Oliveira-Cunha.pdf\">Lucas Gomes Oliveira Cunha<\/a><br \/>\n<a href=\"https:\/\/wp.ufpel.edu.br\/seazoo\/files\/2014\/08\/Lucas-Gon\u00e7alves.pdf\">Lucas Gon\u00e7alves<br \/>\n<\/a> <a href=\"https:\/\/wp.ufpel.edu.br\/seazoo\/files\/2014\/08\/Luiza-Padilha-Nunes.pdf\">Luiza Padilha Nunes<\/a><br \/>\n<a href=\"https:\/\/wp.ufpel.edu.br\/seazoo\/files\/2014\/08\/Marcello-David-Silva-Nunes.pdf\">Marcello David Silva Nunes<\/a><br \/>\n<a href=\"https:\/\/wp.ufpel.edu.br\/seazoo\/files\/2014\/08\/Marcus-Fonseca-Rodrigues.pdf\">Marcus Fonseca Rodrigues<br \/>\n<\/a> <a href=\"https:\/\/wp.ufpel.edu.br\/seazoo\/files\/2014\/08\/Marina-Benedetti.pdf\">Marina Benedetti<br \/>\n<\/a> <a href=\"https:\/\/wp.ufpel.edu.br\/seazoo\/files\/2014\/08\/Marina-Hellwig-Tavares.pdf\">Marina Hellwig Tavares<br \/>\n<\/a> <a href=\"https:\/\/wp.ufpel.edu.br\/seazoo\/files\/2014\/08\/Marina-Martins-Bemfica.pdf\">Marina Martins Bemfica<\/a><br \/>\n<a href=\"https:\/\/wp.ufpel.edu.br\/seazoo\/files\/2014\/08\/Marjana-Martins.pdf\">Marjana Martins<br \/>\n<\/a> <a href=\"https:\/\/wp.ufpel.edu.br\/seazoo\/files\/2014\/08\/Mart\u00edn-da-Silveira-da-Silva.pdf\">Mart\u00edn da Silveira da Silva<br \/>\n<\/a> <a href=\"https:\/\/wp.ufpel.edu.br\/seazoo\/files\/2014\/08\/Mateus-Junior-Flach.pdf\">Mateus Junior Flach<br \/>\n<\/a> <a href=\"https:\/\/wp.ufpel.edu.br\/seazoo\/files\/2014\/08\/Mauricio-Cardozo-Machado.pdf\">Mauricio Cardozo Machado<\/a><br \/>\n<a href=\"https:\/\/wp.ufpel.edu.br\/seazoo\/files\/2014\/08\/Mauricio-da-Costa-Duarte.pdf\">Mauricio da Costa Duarte<\/a><br \/>\n<a href=\"https:\/\/wp.ufpel.edu.br\/seazoo\/files\/2014\/08\/Michele-Bilhalva-Palhano.pdf\">Michele Bilhalva Palhano<br \/>\n<\/a> <a href=\"https:\/\/wp.ufpel.edu.br\/seazoo\/files\/2014\/08\/Milena-Bugoni.pdf\">Milena Bugoni<br \/>\n<\/a> <a href=\"https:\/\/wp.ufpel.edu.br\/seazoo\/files\/2014\/08\/Monique-Jardim-Pinheiro.pdf\">Monique Jardim Pinheiro<br \/>\n<\/a> <a href=\"https:\/\/wp.ufpel.edu.br\/seazoo\/files\/2014\/08\/Nathalia-de-Oliveira-Telesca-Camargo.pdf\">Nathalia de Oliveira Telesca Camargo<br \/>\n<\/a> <a href=\"https:\/\/wp.ufpel.edu.br\/seazoo\/files\/2014\/08\/Nathaly-Ana-Carpinelli.pdf\">Nathaly Ana Carpinelli<br \/>\n<\/a> <a href=\"https:\/\/wp.ufpel.edu.br\/seazoo\/files\/2014\/08\/Nicholas-da-Silveira-da-Silva.pdf\">Nicholas da Silveira da Silva<\/a><br \/>\n<a href=\"https:\/\/wp.ufpel.edu.br\/seazoo\/files\/2014\/08\/Olavo-G\u00fcths-Ott.pdf\">Olavo G\u00fcths Ott<br \/>\n<\/a> <a href=\"https:\/\/wp.ufpel.edu.br\/seazoo\/files\/2014\/08\/P\u00e2mela-Peres-Farias.pdf\">P\u00e2mela Peres Farias<\/a><br \/>\n<a href=\"https:\/\/wp.ufpel.edu.br\/seazoo\/files\/2014\/08\/Patr\u00edcia-Iana-Schmidt.pdf\">Patr\u00edcia Iana Schmidt<br \/>\n<\/a> <a href=\"https:\/\/wp.ufpel.edu.br\/seazoo\/files\/2014\/08\/Paula-Ferreira-Vasquez.pdf\">Paula Ferreira Vasquez<br \/>\n<\/a> <a href=\"https:\/\/wp.ufpel.edu.br\/seazoo\/files\/2014\/08\/Paulo-C\u00e9sar-Kneib.pdf\">Paulo C\u00e9sar Kneib<br \/>\n<\/a> <a href=\"https:\/\/wp.ufpel.edu.br\/seazoo\/files\/2014\/08\/Rafael-Alves-Krolow.pdf\">Rafael Alves Krolow<br \/>\n<\/a> <a href=\"https:\/\/wp.ufpel.edu.br\/seazoo\/files\/2014\/08\/Rafael-Assun\u00e7\u00e3o.pdf\">Rafael Assun\u00e7\u00e3o<br \/>\n<\/a> <a href=\"https:\/\/wp.ufpel.edu.br\/seazoo\/files\/2014\/08\/Renan-da-Silva-Lopes.pdf\">Renan da Silva Lopes<\/a><br \/>\n<a href=\"https:\/\/wp.ufpel.edu.br\/seazoo\/files\/2014\/08\/Renata-Cedres-Dias.pdf\">Renata Cedres Dias<br \/>\n<\/a> <a href=\"https:\/\/wp.ufpel.edu.br\/seazoo\/files\/2014\/08\/Renata-Espindola-de-Moraes.pdf\">Renata Espindola de Moraes<br \/>\n<\/a> <a href=\"https:\/\/wp.ufpel.edu.br\/seazoo\/files\/2014\/08\/Richard-Pereira.pdf\">Richard Pereira<br \/>\n<\/a> <a href=\"https:\/\/wp.ufpel.edu.br\/seazoo\/files\/2014\/08\/Roberta-V\u00f6lz-Krause.pdf\">Roberta V\u00f6lz Krause<br \/>\n<\/a> <a href=\"https:\/\/wp.ufpel.edu.br\/seazoo\/files\/2014\/08\/Rodrigo-Garavaglia-Chesini.pdf\">Rodrigo Garavaglia Chesini<br \/>\n<\/a> <a href=\"https:\/\/wp.ufpel.edu.br\/seazoo\/files\/2014\/08\/Samuel-da-Silva-Braga.pdf\">Samuel da Silva Braga<br \/>\n<\/a> <a href=\"https:\/\/wp.ufpel.edu.br\/seazoo\/files\/2014\/08\/Soedi-Mirapalheta-Junior.pdf\">Soedi Mirapalheta Junior<br \/>\n<\/a> <a href=\"https:\/\/wp.ufpel.edu.br\/seazoo\/files\/2014\/08\/Stephanie-Radmann-de-Oliveira.pdf\">Stephanie Radmann de Oliveira<br \/>\n<\/a> <a href=\"https:\/\/wp.ufpel.edu.br\/seazoo\/files\/2014\/08\/Suzane-Fonseca-Freitas.pdf\">Suzane Fonseca Freitas<\/a><br \/>\n<a href=\"https:\/\/wp.ufpel.edu.br\/seazoo\/files\/2014\/08\/Tain\u00e1-Hartwig-Burchardt-.pdf\">Tain\u00e1 Hartwig Burchardt<br \/>\n<\/a> <a href=\"https:\/\/wp.ufpel.edu.br\/seazoo\/files\/2014\/08\/Tessalha-Paim-Farioli.pdf\">Tessalha Paim Farioli<br \/>\n<\/a> <a href=\"https:\/\/wp.ufpel.edu.br\/seazoo\/files\/2014\/08\/Thaiane-Vieira-Rodrigues.pdf\">Thaiane Vieira Rodrigues<br \/>\n<\/a> <a href=\"https:\/\/wp.ufpel.edu.br\/seazoo\/files\/2014\/08\/Tiarles-Moreira-Madril.pdf\">Tiarles Moreira Madril<br \/>\n<\/a> <a href=\"https:\/\/wp.ufpel.edu.br\/seazoo\/files\/2014\/08\/Tierri-Nunes-Pozada.pdf\">Tierri Nunes Pozada<br \/>\n<\/a> <a href=\"https:\/\/wp.ufpel.edu.br\/seazoo\/files\/2014\/08\/Viniccius-Moura-Dalbem.pdf\">Viniccius Moura Dalbem<\/a><br \/>\n<a href=\"https:\/\/wp.ufpel.edu.br\/seazoo\/files\/2014\/08\/Vit\u00f3ria-Daitx-de-Oliveira.pdf\">Vit\u00f3ria Daitx de Oliveira<\/a><br \/>\n<a href=\"https:\/\/wp.ufpel.edu.br\/seazoo\/files\/2014\/08\/Viviane-Garcia-Dias-da-Concei\u00e7\u00e3o.pdf\">Viviane Garcia Dias da Concei\u00e7\u00e3o<br \/>\n<\/a> <a href=\"https:\/\/wp.ufpel.edu.br\/seazoo\/files\/2014\/08\/Viviane-Hirdes.pdf\">Viviane Hirdes<\/a><br \/>\n<a href=\"https:\/\/wp.ufpel.edu.br\/seazoo\/files\/2014\/08\/Wagner-Machado.pdf\">Wagner Machado<\/a><\/p>\n<p>&nbsp;<\/p>\n<hr \/>\n<h4 style=\"text-align: justify\"><strong style=\"text-align: justify\">Certificados ENCONTRO<\/strong><\/h4>\n<p>&nbsp;<\/p>\n<p><a href=\"https:\/\/wp.ufpel.edu.br\/seazoo\/files\/2014\/08\/Adriane-Dalla-Costa-de-Matos.pdf\">Adriane Dalla Costa de Matos<br \/>\n<\/a> <a href=\"https:\/\/wp.ufpel.edu.br\/seazoo\/files\/2014\/08\/Alessany-Machado-Navarro.pdf\">Alessany Machado Navarro<\/a><br \/>\n<a href=\"https:\/\/wp.ufpel.edu.br\/seazoo\/files\/2014\/08\/Ana-Carolina-Teixeira-Silveira-Cougo.pdf\">Ana Carolina Teixeira Silveira Cougo<\/a><br \/>\n<a href=\"https:\/\/wp.ufpel.edu.br\/seazoo\/files\/2014\/08\/Ana-Mayara-Kaufmann.pdf\">Ana Mayara Kaufmann<\/a><br \/>\n<a href=\"https:\/\/wp.ufpel.edu.br\/seazoo\/files\/2014\/08\/Andr\u00e9-Biolchi.pdf\">Andr\u00e9 Biolchi<br \/>\n<\/a> <a href=\"https:\/\/wp.ufpel.edu.br\/seazoo\/files\/2014\/08\/\u00c2ngelo-Tamiozzo.pdf\">\u00c2ngelo Tamiozzo<br \/>\n<\/a> <a href=\"https:\/\/wp.ufpel.edu.br\/seazoo\/files\/2014\/08\/Arisneto-Pereira-Cavalcante.pdf\">Arisneto Pereira Cavalcante<\/a><br \/>\n<a href=\"https:\/\/wp.ufpel.edu.br\/seazoo\/files\/2014\/08\/Arlei-R.-Bonet-de-Quadros.pdf\">Arlei R. Bonet de Quadros<\/a><br \/>\n<a href=\"https:\/\/wp.ufpel.edu.br\/seazoo\/files\/2014\/08\/Arlindo-Henrique-Saul-da-Rosa.pdf\">Arlindo Henrique Saul da Rosa<br \/>\n<\/a> <a href=\"https:\/\/wp.ufpel.edu.br\/seazoo\/files\/2014\/08\/Arthur-Magoga-de-melo.pdf\">Arthur Magoga de melo<\/a><br \/>\n<a href=\"https:\/\/wp.ufpel.edu.br\/seazoo\/files\/2014\/08\/B\u00e1rbara-Moreira-dos-Santos.pdf\">B\u00e1rbara Moreira dos Santos<\/a><br \/>\n<a href=\"https:\/\/wp.ufpel.edu.br\/seazoo\/files\/2014\/08\/B\u00e1rbara-Sporl-Mena-Barreto.pdf\">B\u00e1rbara Sporl Mena Barreto<\/a><br \/>\n<a href=\"https:\/\/wp.ufpel.edu.br\/seazoo\/files\/2014\/08\/Brenda-Sataiana-Prato.pdf\">Brenda Sataiana Prato<\/a><br \/>\n<a href=\"https:\/\/wp.ufpel.edu.br\/seazoo\/files\/2014\/08\/Carlos-Ongaratto.pdf\">Carlos Ongaratto<br \/>\n<\/a> <a href=\"https:\/\/wp.ufpel.edu.br\/seazoo\/files\/2014\/08\/Carolina-Carvalhedo-Ferreira.pdf\">Carolina Carvalhedo Ferreira<\/a><br \/>\n<a href=\"https:\/\/wp.ufpel.edu.br\/seazoo\/files\/2014\/08\/Catarine-Basso.pdf\">Catarine Basso<br \/>\n<\/a> <a href=\"https:\/\/wp.ufpel.edu.br\/seazoo\/files\/2014\/08\/Cristiane-Guzatto.pdf\">Cristiane Guzatto<\/a><br \/>\n<a href=\"https:\/\/wp.ufpel.edu.br\/seazoo\/files\/2014\/08\/D\u00e9bora-Minetti-Sarturi.pdf\">D\u00e9bora Minetti Sarturi<br \/>\n<\/a> <a href=\"https:\/\/wp.ufpel.edu.br\/seazoo\/files\/2014\/08\/Diego-Barcelos-Marinho.pdf\">Diego Barcelos Marinho<\/a><br \/>\n<a href=\"https:\/\/wp.ufpel.edu.br\/seazoo\/files\/2014\/08\/Douglas-Drebes-Brunhaus-Maria.pdf\">Douglas Drebes Brunhaus Maria<\/a><br \/>\n<a href=\"https:\/\/wp.ufpel.edu.br\/seazoo\/files\/2014\/08\/Douglas-Robl.pdf\">Douglas Robl<\/a><br \/>\n<a href=\"https:\/\/wp.ufpel.edu.br\/seazoo\/files\/2014\/08\/Fabiane-Niedermeyer.pdf\">Fabiane Niedermeyer<br \/>\n<\/a> <a href=\"https:\/\/wp.ufpel.edu.br\/seazoo\/files\/2014\/08\/Gabriela-Pase-Bresolin.pdf\">Gabriela Pase Bresolin<\/a><br \/>\n<a href=\"https:\/\/wp.ufpel.edu.br\/seazoo\/files\/2014\/08\/Gabriele-Cristine-Guanieri.pdf\">Gabriele Cristine Guanieri<br \/>\n<\/a> <a href=\"https:\/\/wp.ufpel.edu.br\/seazoo\/files\/2014\/08\/Gabriele-Jacobi-Berleze.pdf\">Gabriele Jacobi Berleze<\/a><br \/>\n<a href=\"https:\/\/wp.ufpel.edu.br\/seazoo\/files\/2014\/08\/Greice-Peres-Costa.pdf\">Greice Peres Costa<br \/>\n<\/a> <a href=\"https:\/\/wp.ufpel.edu.br\/seazoo\/files\/2014\/08\/Guilherme-Afonso-Rodrigues.pdf\">Guilherme Afonso Rodrigues<br \/>\n<\/a> <a href=\"https:\/\/wp.ufpel.edu.br\/seazoo\/files\/2014\/08\/Gustavo-Grill.pdf\">Gustavo Grill<br \/>\n<\/a> <a href=\"https:\/\/wp.ufpel.edu.br\/seazoo\/files\/2014\/08\/Igor-Benetti.pdf\">Igor Benetti<br \/>\n<\/a> <a href=\"https:\/\/wp.ufpel.edu.br\/seazoo\/files\/2014\/08\/Isadora-Bohrer-Proen\u00e7a.pdf\">Isadora Bohrer Proen\u00e7a<br \/>\n<\/a> <a href=\"https:\/\/wp.ufpel.edu.br\/seazoo\/files\/2014\/08\/Italo-da-Silva.pdf\">Italo da Silva<br \/>\n<\/a> <a href=\"https:\/\/wp.ufpel.edu.br\/seazoo\/files\/2014\/08\/Jana\u00edna-Ferrari-Moreira-Rutz.pdf\">Jana\u00edna Ferrari Moreira Rutz<br \/>\n<\/a> <a href=\"https:\/\/wp.ufpel.edu.br\/seazoo\/files\/2014\/08\/Jo\u00e3o-Pedro-Velho.pdf\">Jo\u00e3o Pedro Velho<\/a><br \/>\n<a href=\"https:\/\/wp.ufpel.edu.br\/seazoo\/files\/2014\/08\/Juliana-Missio-Machado.pdf\">Juliana Missio Machado<\/a><br \/>\n<a href=\"https:\/\/wp.ufpel.edu.br\/seazoo\/files\/2014\/08\/Juliene-da-Silva-Rosa.pdf\">Juliene da Silva Rosa<\/a><br \/>\n<a href=\"https:\/\/wp.ufpel.edu.br\/seazoo\/files\/2014\/08\/Laura-Caye-Sabas-Tiany.pdf\">Laura Caye Sabas Tiany<\/a><br \/>\n<a href=\"https:\/\/wp.ufpel.edu.br\/seazoo\/files\/2014\/08\/Lucas-Azeredo.pdf\">Lucas Azeredo<br \/>\n<\/a> <a href=\"https:\/\/wp.ufpel.edu.br\/seazoo\/files\/2014\/08\/Lucas-de-Marques-Vilella.pdf\">Lucas de Marques Vilella<br \/>\n<\/a> <a href=\"https:\/\/wp.ufpel.edu.br\/seazoo\/files\/2014\/08\/Lucas-Ferrari.pdf\">Lucas Ferrari<br \/>\n<\/a> <a href=\"https:\/\/wp.ufpel.edu.br\/seazoo\/files\/2014\/08\/Luiz-Eduardo-Avelar-Pucci.pdf\">Luiz Eduardo Avelar Pucci<br \/>\n<\/a> <a href=\"https:\/\/wp.ufpel.edu.br\/seazoo\/files\/2014\/08\/Luzilene-Dacosta.pdf\">Luzilene Dacosta<\/a><br \/>\n<a href=\"https:\/\/wp.ufpel.edu.br\/seazoo\/files\/2014\/08\/Maieli-Rohr.pdf\">Maieli Rohr<br \/>\n<\/a> <a href=\"https:\/\/wp.ufpel.edu.br\/seazoo\/files\/2014\/08\/M\u00e1rcio-Michelon-Cargnin.pdf\">M\u00e1rcio Michelon Cargnin<\/a><br \/>\n<a href=\"https:\/\/wp.ufpel.edu.br\/seazoo\/files\/2014\/08\/Marcos-dos-Santos.pdf\">Marcos dos Santos<br \/>\n<\/a> <a href=\"https:\/\/wp.ufpel.edu.br\/seazoo\/files\/2014\/08\/Marina-Osmari-Dalcin.pdf\">Marina Osmari Dalcin<br \/>\n<\/a> <a href=\"https:\/\/wp.ufpel.edu.br\/seazoo\/files\/2014\/08\/Michele-Peres.pdf\">Michele Peres<br \/>\n<\/a> <a href=\"https:\/\/wp.ufpel.edu.br\/seazoo\/files\/2014\/08\/Nandara-Gomes.pdf\">Nandara Gomes<br \/>\n<\/a> <a href=\"https:\/\/wp.ufpel.edu.br\/seazoo\/files\/2014\/08\/Nicolas-Petry.pdf\">Nicolas Petry<\/a><br \/>\n<a href=\"https:\/\/wp.ufpel.edu.br\/seazoo\/files\/2014\/08\/Pablo-Lima-Ibairro-dos-Santos.pdf\">Pablo Lima Ibairro dos Santos<br \/>\n<\/a> <a href=\"https:\/\/wp.ufpel.edu.br\/seazoo\/files\/2014\/08\/Pedro-Henrique-Ferzola.pdf\">Pedro Henrique Ferzola<br \/>\n<\/a> <a href=\"https:\/\/wp.ufpel.edu.br\/seazoo\/files\/2014\/08\/Ra\u00edssa-Grabriela-Dias-Menezes.pdf\">Ra\u00edssa Grabriela Dias Menezes<br \/>\n<\/a> <a href=\"https:\/\/wp.ufpel.edu.br\/seazoo\/files\/2014\/08\/Renata-Gomes-Deolindo.pdf\">Renata Gomes Deolindo<\/a><br \/>\n<a href=\"https:\/\/wp.ufpel.edu.br\/seazoo\/files\/2014\/08\/Ricardo-Crapanzani-Fran\u00e7a.pdf\">Ricardo Crapanzani Fran\u00e7a<br \/>\n<\/a> <a href=\"https:\/\/wp.ufpel.edu.br\/seazoo\/files\/2014\/08\/Romolo-Piovesan-Pinheiro.pdf\">Romolo Piovesan Pinheiro<br \/>\n<\/a> <a href=\"https:\/\/wp.ufpel.edu.br\/seazoo\/files\/2014\/08\/Ros\u00e2ngela-Poletto-Cattani.pdf\">Ros\u00e2ngela Poletto Cattani<\/a><br \/>\n<a href=\"https:\/\/wp.ufpel.edu.br\/seazoo\/files\/2014\/08\/Thain\u00e1-de-Freitas.pdf\">Thain\u00e1 de Freitas<br \/>\n<\/a> <a href=\"https:\/\/wp.ufpel.edu.br\/seazoo\/files\/2014\/08\/Yuri-Katagiri-Dalmara.pdf\">Yuri Katagiri Dalmara<\/a><\/p>\n<p>&nbsp;<\/p>\n","protected":false},"excerpt":{"rendered":"<p>&nbsp; CERTIFICADOS Segue abaixo os certificados dos participantes da III SEAZOO e do I ENCONTRO ESTADUAL DOS CURSOS DE ZOOTECNIA Para corre\u00e7\u00f5es ou d\u00favidas entrar em contato com: Tais Helena K\u00edvel &#8211; taiskivel_3@hotmail.com Isabella Barbosa Silveira &#8211; barbosa-isabella@hotmail.com &nbsp; Certificados III SEAZOO &nbsp; Alexandre Ferreira Bilhalva Alexsandro Bahr Kroning Amanda Alvariz Lopes Amanda Porciuncula Ferreira &hellip; <\/p>\n<p><a class=\"more-link btn\" href=\"https:\/\/wp.ufpel.edu.br\/seazoo\/\">Continue lendo<\/a><\/p>\n","protected":false},"author":439,"featured_media":0,"parent":0,"menu_order":0,"comment_status":"closed","ping_status":"closed","template":"","meta":{"footnotes":""},"class_list":["post-13","page","type-page","status-publish","hentry","nodate","item-wrap"],"_links":{"self":[{"href":"https:\/\/wp.ufpel.edu.br\/seazoo\/wp-json\/wp\/v2\/pages\/13","targetHints":{"allow":["GET"]}}],"collection":[{"href":"https:\/\/wp.ufpel.edu.br\/seazoo\/wp-json\/wp\/v2\/pages"}],"about":[{"href":"https:\/\/wp.ufpel.edu.br\/seazoo\/wp-json\/wp\/v2\/types\/page"}],"author":[{"embeddable":true,"href":"https:\/\/wp.ufpel.edu.br\/seazoo\/wp-json\/wp\/v2\/users\/439"}],"replies":[{"embeddable":true,"href":"https:\/\/wp.ufpel.edu.br\/seazoo\/wp-json\/wp\/v2\/comments?post=13"}],"version-history":[{"count":66,"href":"https:\/\/wp.ufpel.edu.br\/seazoo\/wp-json\/wp\/v2\/pages\/13\/revisions"}],"predecessor-version":[{"id":605,"href":"https:\/\/wp.ufpel.edu.br\/seazoo\/wp-json\/wp\/v2\/pages\/13\/revisions\/605"}],"wp:attachment":[{"href":"https:\/\/wp.ufpel.edu.br\/seazoo\/wp-json\/wp\/v2\/media?parent=13"}],"curies":[{"name":"wp","href":"https:\/\/api.w.org\/{rel}","templated":true}]}}