{"id":4,"date":"2013-01-23T20:58:57","date_gmt":"2013-01-23T22:58:57","guid":{"rendered":"https:\/\/wp.ufpel.edu.br\/seata\/?page_id=4"},"modified":"2013-02-06T21:33:53","modified_gmt":"2013-02-06T23:33:53","slug":"inscricoes","status":"publish","type":"page","link":"https:\/\/wp.ufpel.edu.br\/seata\/inscricoes\/","title":{"rendered":"INSCRI\u00c7\u00d5ES"},"content":{"rendered":"<ul>\n<li>Valor da inscri\u00e7\u00e3o na Semana Acad\u00eamica: R$ 15,00<\/li>\n<li>Valor de cada mini-curso*: R$ 5,00<\/li>\n<li>Valor da publica\u00e7\u00e3o no I Alimentar Cient\u00edfico*: R$ 3,00 (Obrigat\u00f3rio autor principal estar inscrito na II Semana Acad\u00eamica)<\/li>\n<\/ul>\n<p style=\"text-align: left\">O dep\u00f3sito deve ser feito at\u00e9 120 horas ap\u00f3s a inscri\u00e7\u00e3o pelo site ou com algum organizador. A partir do dia 12 de fevereiro as inscri\u00e7\u00f5es s\u00f3 poder\u00e3o ser feitas pessoalmente com os organizadores (entrar em contato atrav\u00e9s dos emails*). <em><strong>\u00c9 obrigat\u00f3rio o dep\u00f3sito ser identificado e este dever\u00e1 ser apresentado no 1\u00b0 dia do evento.<\/strong><\/em><\/p>\n<p style=\"text-align: left\"><strong>PAGAMENTO:<\/strong><br \/>\nBanco Santander<br \/>\nAg\u00eancia: 4305<br \/>\nConta corrente: 60002041-1<br \/>\nFavorecido: B\u00e1rbara Maciel Gon\u00e7alves \/ P\u00e2mela Lima Val\u00e9rio<\/p>\n<p style=\"text-align: left\">*Para inscri\u00e7\u00e3o nos mini-cursos e I Alimentar Cient\u00edfico, entrar em contato com os organizadores <strong>(semanaacademica.ta@gmail.com \u00a0\/ daianenoguer@gmail.com \/ barbara.mgon@hotmail.com\/pamela_l_valerio@hotmail.com)<\/strong><\/p>\n","protected":false},"excerpt":{"rendered":"<p>Valor da inscri\u00e7\u00e3o na Semana Acad\u00eamica: R$ 15,00 Valor de cada mini-curso*: R$ 5,00 Valor da publica\u00e7\u00e3o no I Alimentar Cient\u00edfico*: R$ 3,00 (Obrigat\u00f3rio autor principal estar inscrito na II Semana Acad\u00eamica) O dep\u00f3sito deve ser feito at\u00e9 120 horas ap\u00f3s a inscri\u00e7\u00e3o pelo site ou com algum organizador. A partir do dia 12 de &hellip; <\/p>\n<p><a class=\"more-link btn\" href=\"https:\/\/wp.ufpel.edu.br\/seata\/inscricoes\/\">Continue lendo<\/a><\/p>\n","protected":false},"author":207,"featured_media":0,"parent":0,"menu_order":0,"comment_status":"closed","ping_status":"closed","template":"","meta":{"footnotes":""},"class_list":["post-4","page","type-page","status-publish","hentry","nodate","item-wrap"],"_links":{"self":[{"href":"https:\/\/wp.ufpel.edu.br\/seata\/wp-json\/wp\/v2\/pages\/4","targetHints":{"allow":["GET"]}}],"collection":[{"href":"https:\/\/wp.ufpel.edu.br\/seata\/wp-json\/wp\/v2\/pages"}],"about":[{"href":"https:\/\/wp.ufpel.edu.br\/seata\/wp-json\/wp\/v2\/types\/page"}],"author":[{"embeddable":true,"href":"https:\/\/wp.ufpel.edu.br\/seata\/wp-json\/wp\/v2\/users\/207"}],"replies":[{"embeddable":true,"href":"https:\/\/wp.ufpel.edu.br\/seata\/wp-json\/wp\/v2\/comments?post=4"}],"version-history":[{"count":18,"href":"https:\/\/wp.ufpel.edu.br\/seata\/wp-json\/wp\/v2\/pages\/4\/revisions"}],"predecessor-version":[{"id":6,"href":"https:\/\/wp.ufpel.edu.br\/seata\/wp-json\/wp\/v2\/pages\/4\/revisions\/6"}],"wp:attachment":[{"href":"https:\/\/wp.ufpel.edu.br\/seata\/wp-json\/wp\/v2\/media?parent=4"}],"curies":[{"name":"wp","href":"https:\/\/api.w.org\/{rel}","templated":true}]}}

INSCRIÇÕES

<ul>
<li>Valor da inscrição na Semana Acadêmica: R$ 15,00</li>
<li>Valor de cada mini-curso*: R$ 5,00</li>
<li>Valor da publicação no I Alimentar Científico*: R$ 3,00 (Obrigatório autor principal estar inscrito na II Semana Acadêmica)</li>
</ul>
<p style="text-align: left">O depósito deve ser feito até 120 horas após a inscrição pelo site ou com algum organizador. A partir do dia 12 de fevereiro as inscrições só poderão ser feitas pessoalmente com os organizadores (entrar em contato através dos emails*). <em><strong>É obrigatório o depósito ser identificado e este deverá ser apresentado no 1° dia do evento.</strong></em></p>
<p style="text-align: left"><strong>PAGAMENTO:</strong><br />
Banco Santander<br />
Agência: 4305<br />
Conta corrente: 60002041-1<br />
Favorecido: Bárbara Maciel Gonçalves / Pâmela Lima Valério</p>
<p style="text-align: left">*Para inscrição nos mini-cursos e I Alimentar Científico, entrar em contato com os organizadores <strong>(semanaacademica.ta@gmail.com  / daianenoguer@gmail.com / barbara.mgon@hotmail.com/pamela_l_valerio@hotmail.com)</strong></p>

<p>Valor da inscrição na Semana Acadêmica: R$ 15,00 Valor de cada mini-curso*: R$ 5,00 Valor da publicação no I Alimentar Científico*: R$ 3,00 (Obrigatório autor principal estar inscrito na II Semana Acadêmica) O depósito deve ser feito até 120 horas após a inscrição pelo site ou com algum organizador. A partir do dia 12 de &hellip; </p>
<p><a class="more-link btn" href="https://wp.ufpel.edu.br/seata/inscricoes/">Continue lendo</a></p>
