{"id":9671,"date":"2025-02-03T15:02:13","date_gmt":"2025-02-03T18:02:13","guid":{"rendered":"https:\/\/wp.ufpel.edu.br\/scs\/?page_id=9671"},"modified":"2026-03-31T16:49:41","modified_gmt":"2026-03-31T19:49:41","slug":"resolucoes-cocepe-25","status":"publish","type":"page","link":"https:\/\/wp.ufpel.edu.br\/scs\/resolucoes-cocepe-25\/","title":{"rendered":"Resolu\u00e7\u00f5es 2025 COCEPE"},"content":{"rendered":"<p>RESOLU\u00c7\u00c3O N\u00ba 93 do COCEPE, de 08 de maio de 2025 &#8211; <a href=\"https:\/\/wp.ufpel.edu.br\/scs\/files\/2025\/05\/Resolucao-93.2025-COCEPE.pdf\">Disp\u00f5e sobre a concess\u00e3o de Diploma Simb\u00f3lico de homenagem post mortem a estudantes de Gradua\u00e7\u00e3o e P\u00f3s-gradua\u00e7\u00e3o da Universidade Federal de Pelotas.<\/a><\/p>\n<p class=\"Texto_Centralizado_Maiusculas\">Resolu\u00e7\u00e3o N\u00ba 94 do COCEPE, de 26 de junho de 2025 &#8211; <a href=\"https:\/\/wp.ufpel.edu.br\/scs\/files\/2025\/07\/SEI_3140841_Resolucao_94.2025-COCEPE.pdf\">Disp\u00f5e sobre o Regulamento Geral dos Programas e Projetos de Ensino, Pesquisa, Extens\u00e3o e Inova\u00e7\u00e3o da Universidade Federal de Pelotas &#8211; UFPEL, e d\u00e1 outras provid\u00eancias.\u00a0Revoga as Resolu\u00e7\u00f5es COCEPE 10\/2015 e 02\/2020.<\/a><\/p>\n<p>Resolu\u00e7\u00e3o N\u00ba 95 do COCEPE, de 17 de julho de 2025 &#8211; <a href=\"https:\/\/wp.ufpel.edu.br\/scs\/files\/2025\/08\/SEI_3162409_Resolucao_95-COCEPE.pdf\">Disp\u00f5e sobre a concess\u00e3o de Diploma de Men\u00e7\u00e3o Honrosa aos concluintes de cursos de gradua\u00e7\u00e3o que apresentarem desempenho acad\u00eamico destacado durante sua trajet\u00f3ria universit\u00e1ria.<\/a><\/p>\n<p>Resolu\u00e7\u00e3o n\u00ba 96 do COCEPE, de 18 de dezembro de 2025 &#8211; <a href=\"https:\/\/wp.ufpel.edu.br\/scs\/files\/2026\/01\/SEI_3607416_Resolucao_96_2025.pdf\">Aprova o Programa de Aux\u00edlio Alimenta\u00e7\u00e3o da UFPEL. Revoga a Resolu\u00e7\u00e3o n\u00ba 77\/2024 &#8211; <\/a><span style=\"font-size: 10pt;\">Revogada pela Resolu\u00e7\u00e3o 104\/<\/span><span style=\"font-size: 10pt;\">2026<\/span><\/p>\n<p>Resolu\u00e7\u00e3o n\u00ba 97 do COCEPE, de 18 de dezembro de 2025 &#8211; <a href=\"https:\/\/wp.ufpel.edu.br\/scs\/files\/2026\/01\/SEI_3607734_Resolucao_97_2025.pdf\">Aprova o Programa de Aux\u00edlio Transporte da UFPEL. Revoga a Resolu\u00e7\u00e3o n\u00ba 78\/2024.<\/a><\/p>\n<p>Resolu\u00e7\u00e3o n\u00ba 98 do COCEPE, de 18 de dezembro de 2025 &#8211; <a href=\"https:\/\/wp.ufpel.edu.br\/scs\/files\/2026\/01\/SEI_3608032_Resolucao_98_2025.pdf\">Aprova o Programa de Aux\u00edlio Deslocamento da UFPEL. Revoga a Resolu\u00e7\u00e3o 79\/2024.<\/a><\/p>\n<p>Resolu\u00e7\u00e3o n\u00ba 99 do COCEPE, de 18 de dezembro de 2025 &#8211; <a href=\"https:\/\/wp.ufpel.edu.br\/scs\/files\/2026\/01\/SEI_3608338_Resolucao_99_2025.pdf\">Aprova o Programa de Aux\u00edlio Pr\u00e9-Escolar da UFPEL. Revoga a Resolu\u00e7\u00e3o 80\/2024.<\/a><\/p>\n<p>Resolu\u00e7\u00e3o n\u00ba 100 do COCEPE, de 18 de dezembro de 2025 &#8211; <a href=\"https:\/\/wp.ufpel.edu.br\/scs\/files\/2026\/01\/SEI_3608358_Resolucao_100_2025.pdf\">Aprova o Programa de Moradia Estudantil da UFPEL. Revoga a Resolu\u00e7\u00e3o 81\/2024.<\/a><\/p>\n<p>Resolu\u00e7\u00e3o n\u00ba 101 do COCEPE, de 18 de dezembro de 2025 &#8211; <a href=\"https:\/\/wp.ufpel.edu.br\/scs\/files\/2026\/01\/SEI_3608488_Resolucao_101_2025.pdf\">Aprova o Programa de Aux\u00edlio Moradia da UFPEL. Revoga a Resolu\u00e7\u00e3o 82\/2024.<\/a><\/p>\n<p>Resolu\u00e7\u00e3o n\u00ba 102 do COCEPE, de 18 de dezembro de 2025 &#8211; <a href=\"https:\/\/wp.ufpel.edu.br\/scs\/files\/2026\/02\/SEI_3632492_Resolucao_102_2025.pdf\">Aprova a\u00a0Normativa Institucional do Programa de Assist\u00eancia Estudantil (PAE) na UFPel vinculado \u00e0 PNAES.<\/a><\/p>\n<p>&nbsp;<\/p>\n","protected":false},"excerpt":{"rendered":"<p>RESOLU\u00c7\u00c3O N\u00ba 93 do COCEPE, de 08 de maio de 2025 &#8211; Disp\u00f5e sobre a concess\u00e3o de Diploma Simb\u00f3lico de homenagem post mortem a estudantes de Gradua\u00e7\u00e3o e P\u00f3s-gradua\u00e7\u00e3o da Universidade Federal de Pelotas. Resolu\u00e7\u00e3o N\u00ba 94 do COCEPE, de 26 de junho de 2025 &#8211; Disp\u00f5e sobre o Regulamento Geral dos Programas e Projetos [&hellip;]<\/p>\n","protected":false},"author":29,"featured_media":0,"parent":0,"menu_order":0,"comment_status":"closed","ping_status":"closed","template":"","meta":{"footnotes":""},"class_list":["post-9671","page","type-page","status-publish","hentry"],"_links":{"self":[{"href":"https:\/\/wp.ufpel.edu.br\/scs\/wp-json\/wp\/v2\/pages\/9671","targetHints":{"allow":["GET"]}}],"collection":[{"href":"https:\/\/wp.ufpel.edu.br\/scs\/wp-json\/wp\/v2\/pages"}],"about":[{"href":"https:\/\/wp.ufpel.edu.br\/scs\/wp-json\/wp\/v2\/types\/page"}],"author":[{"embeddable":true,"href":"https:\/\/wp.ufpel.edu.br\/scs\/wp-json\/wp\/v2\/users\/29"}],"replies":[{"embeddable":true,"href":"https:\/\/wp.ufpel.edu.br\/scs\/wp-json\/wp\/v2\/comments?post=9671"}],"version-history":[{"count":4,"href":"https:\/\/wp.ufpel.edu.br\/scs\/wp-json\/wp\/v2\/pages\/9671\/revisions"}],"predecessor-version":[{"id":10537,"href":"https:\/\/wp.ufpel.edu.br\/scs\/wp-json\/wp\/v2\/pages\/9671\/revisions\/10537"}],"wp:attachment":[{"href":"https:\/\/wp.ufpel.edu.br\/scs\/wp-json\/wp\/v2\/media?parent=9671"}],"curies":[{"name":"wp","href":"https:\/\/api.w.org\/{rel}","templated":true}]}}