{"id":9648,"date":"2025-02-03T14:57:39","date_gmt":"2025-02-03T17:57:39","guid":{"rendered":"https:\/\/wp.ufpel.edu.br\/scs\/?page_id=9648"},"modified":"2026-01-22T08:39:41","modified_gmt":"2026-01-22T11:39:41","slug":"pareceres-cocepe-25","status":"publish","type":"page","link":"https:\/\/wp.ufpel.edu.br\/scs\/cocepe\/pareceres-cocepe-25\/","title":{"rendered":"Pareceres COCEPE 25"},"content":{"rendered":"<p class=\"Texto_Centralizado_Maiusculas_Negrito\">PARECER NORMATIVO n\u00ba 112, de 26 de junho de 2025 &#8211; <a href=\"https:\/\/wp.ufpel.edu.br\/scs\/files\/2025\/06\/Parecer-112.2025-COCEPE.pdf\">Aprova o Quadro de Oferta de Vagas para o Programa de Avalia\u00e7\u00e3o da Vida Escolar &#8211; PAVE nos Cursos Presenciais de Gradua\u00e7\u00e3o da UFPel, para o ano letivo de 2026<\/a><\/p>\n<p>PARECER NORMATIVO n\u00ba 113, de 17 de julho de 2025 &#8211; <a href=\"https:\/\/wp.ufpel.edu.br\/scs\/files\/2025\/08\/SEI_3162921_Parecer_Normativo_COCEPE_113.pdf\">Aprova o Regimento do Colegiado do Curso Superior de Tecnologia em Gastronomia, da Faculdade de Nutri\u00e7\u00e3o, da UFPel<\/a><\/p>\n<p>PARECER NORMATIVO N\u00ba 114, de 17 de julho de 2025 &#8211; <a href=\"https:\/\/wp.ufpel.edu.br\/scs\/files\/2025\/08\/SEI_3163927_Parecer_Normativo_COCEPE_114.pdf\">Aprova o Regimento do Programa de P\u00f3s-Gradua\u00e7\u00e3o em Modelagem Matem\u00e1tica, do Instituto de F\u00edsica e Matem\u00e1tica, da UFPel<\/a><\/p>\n<p>PARECER NORMATIVO N\u00ba 115, de 17 de julho de 2025 &#8211; <a href=\"https:\/\/wp.ufpel.edu.br\/scs\/files\/2025\/08\/SEI_3166672_Parecer_Normativo_COCEPE_115.pdf\">Aprova o Regimento do Programa de P\u00f3s-Gradua\u00e7\u00e3o em Geografia, do Instituto de Ci\u00eancias Humanas, da UFPel.<\/a><\/p>\n<p>PARECER NORMATIVO n\u00ba 116, de 21 de agosto de 2025 &#8211; <a href=\"https:\/\/wp.ufpel.edu.br\/scs\/files\/2025\/08\/SEI_3231025_Parecer_Normativo_COCEPE_116.pdf\">Aprova o Regimento Interno do Programa de P\u00f3s-gradua\u00e7\u00e3o em Antropologia da Universidade Federal de Pelotas.<\/a><\/p>\n<p>PARECER NORMATIVO n\u00ba 117, de 21 de agosto de 2025 &#8211; <a href=\"https:\/\/wp.ufpel.edu.br\/scs\/files\/2025\/08\/SEI_3232645_Parecer_Normativo_COCEPE_117.pdf\">Aprova o Regimento Interno do Programa de P\u00f3s-Gradua\u00e7\u00e3o em Hist\u00f3ria, da Universidade Federal de Pelotas.<\/a><\/p>\n<p>PARECER NORMATIVO n\u00ba 118, de 21 de agosto de 2025 &#8211; <a href=\"https:\/\/wp.ufpel.edu.br\/scs\/files\/2025\/08\/SEI_3234739_Parecer_Normativo_COCEPE_118.pdf\">Aprova o Regimento Interno do Programa de P\u00f3s-Gradua\u00e7\u00e3o em Filosofia, da Universidade Federal de Pelotas.<\/a><\/p>\n<p>PARECER NORMATIVO n\u00ba 119, de 21 de agosto de 2025 &#8211; <a href=\"https:\/\/wp.ufpel.edu.br\/scs\/files\/2025\/08\/SEI_3235363_Parecer_Normativo_COCEPE_119.pdf\">Aprova o Regimento Interno do Programa de P\u00f3s-Gradua\u00e7\u00e3o em Sociologia, da Universidade Federal de Pelotas.<\/a><\/p>\n<p>PARECER NORMATIVO n\u00ba 120, de 21 de agosto de 2025 &#8211; <a href=\"https:\/\/wp.ufpel.edu.br\/scs\/files\/2025\/08\/SEI_3238455_Parecer_Normativo_COCEPE_120.pdf\">Aprova o Regimento Interno do Programa de P\u00f3s-Gradua\u00e7\u00e3o em Educa\u00e7\u00e3o Matem\u00e1tica, da Universidade Federal de Pelotas.<\/a><\/p>\n<p>PARECER NORMATIVO n\u00ba 121, de 21 de agosto de 2025 &#8211; <a href=\"https:\/\/wp.ufpel.edu.br\/scs\/files\/2025\/08\/SEI_3239335_Parecer_Normativo_COCEPE_121.pdf\">Aprova o Regimento Interno do Programa de P\u00f3s-Gradua\u00e7\u00e3o em F\u00edsica, da Universidade Federal de Pelotas.<\/a><\/p>\n<p>PARECER NORMATIVO n\u00ba 122, de 21 de agosto de 2025 &#8211; <a href=\"https:\/\/wp.ufpel.edu.br\/scs\/files\/2025\/08\/SEI_3242185_Parecer_Normativo_COCEPE_122.pdf\">Aprova o Regimento Interno do Programa de P\u00f3s-Gradua\u00e7\u00e3o em Fitossanidade, da Universidade Federal de Pelotas.<\/a><\/p>\n<p>PARECER NORMATIVO n\u00ba 123, de 21 de agosto de 2025 &#8211; <a href=\"https:\/\/wp.ufpel.edu.br\/scs\/files\/2025\/08\/SEI_3242629_Parecer_Normativo_COCEPE_123.pdf\">Aprova o Regimento Interno do Programa de P\u00f3s-Gradua\u00e7\u00e3o em Ci\u00eancias Ambientais, da Universidade Federal de Pelotas.\u00a0<\/a><\/p>\n<p>PARECER NORMATIVO n\u00ba 124, de 18 de setembro de 2025 &#8211; <a href=\"https:\/\/wp.ufpel.edu.br\/scs\/files\/2025\/10\/SEI_3317467_Parecer_Normativo_COCEPE_124.pdf\">Aprova o Regimento Interno do Programa de P\u00f3s-Gradua\u00e7\u00e3o em Ci\u00eancia Pol\u00edtica, da Universidade Federal de Pelotas.<\/a><\/p>\n<p>PARECER NORMATIVO n\u00ba 125, de 18 de setembro de 2025 &#8211; <a href=\"https:\/\/wp.ufpel.edu.br\/scs\/files\/2025\/10\/SEI_3317713_Parecer_Normativo_COCEPE_125.pdf\">Aprova o Regimento Interno do Programa de P\u00f3s-Gradua\u00e7\u00e3o em Meteorologia, da Universidade Federal de Pelotas.<\/a><\/p>\n<p>PARECER NORMATIVO n\u00ba 126, de 18 de setembro de 2025 &#8211; <a href=\"https:\/\/wp.ufpel.edu.br\/scs\/files\/2025\/10\/SEI_3330621_Parecer_Normativo_COCEPE_126.pdf\">Aprova o Regimento Interno do Programa de P\u00f3s-Gradua\u00e7\u00e3o em Ci\u00eancia e Tecnologia de Alimentos, da Universidade Federal de Pelotas.<\/a><\/p>\n<p>PARECER NORMATIVO n\u00ba 127, de 18 de setembro de 2025 &#8211; <a href=\"https:\/\/wp.ufpel.edu.br\/scs\/files\/2025\/10\/SEI_3330873_Parecer_Normativo_COCEPE_127.pdf\">Aprova o Regimento Interno do Programa de P\u00f3s-Gradua\u00e7\u00e3o em Mestrado Profissional em Ci\u00eancia e Tecnologia de Alimentos, da Universidade Federal de Pelotas.<\/a><\/p>\n<p>PARECER NORMATIVO n\u00ba 128, de 18 de setembro de 2025 &#8211; <a href=\"https:\/\/wp.ufpel.edu.br\/scs\/files\/2025\/10\/SEI_3335359_Parecer_Normativo_COCEPE_128.pdf\">Aprova o Regimento Interno do Programa de P\u00f3s-Gradua\u00e7\u00e3o em Ci\u00eancia e Engenharia de Materiais, da Universidade Federal de Pelotas.<\/a><\/p>\n<p>PARECER NORMATIVO n\u00ba 129, de 18 de setembro de 2025 &#8211; <a href=\"https:\/\/wp.ufpel.edu.br\/scs\/files\/2025\/10\/SEI_3336123_Parecer_Normativo_COCEPE_129.pdf\">Aprova o Regimento Interno do Programa de P\u00f3s-Gradua\u00e7\u00e3o em Qu\u00edmica, da Universidade Federal de Pelotas.<\/a><\/p>\n<p>PARECER NORMATIVO N\u00ba 130, de 02 de outubro de 2025 &#8211; <a href=\"https:\/\/wp.ufpel.edu.br\/scs\/files\/2025\/10\/SEI_3354729_Parecer_Normativo_COCEPE_130.pdf\">Aprova o Regimento Interno do Programa de P\u00f3s-Gradua\u00e7\u00e3o em Letras, da Universidade Federal de Pelotas.<\/a><\/p>\n<p>PARECER NORMATIVO N\u00ba 131, de 06 de novembro de 2025 &#8211; <a href=\"https:\/\/wp.ufpel.edu.br\/scs\/files\/2025\/11\/SEI_3455541_Parecer_Normativo_COCEPE_131.pdf\">Aprova o Regimento Interno do do Programa de P\u00f3s-Gradua\u00e7\u00e3o em Direito, da Universidade Federal de Pelotas.<\/a><\/p>\n<p>PARECER NORMATIVO N\u00ba 132, de 06 de novembro de 2025 &#8211; <a href=\"https:\/\/wp.ufpel.edu.br\/scs\/files\/2025\/11\/SEI_3456215_Parecer_Normativo_COCEPE_132.pdf\">Aprova o Regimento Interno do Programa de P\u00f3s-Gradua\u00e7\u00e3o em Desenvolvimento Territorial e Sistemas Agroindustriais, da Universidade Federal de Pelotas.<\/a><\/p>\n<p>PARECER NORMATIVO N\u00ba 133, de 06 de novembro de 2025 &#8211; <a href=\"https:\/\/wp.ufpel.edu.br\/scs\/files\/2025\/11\/SEI_3457501_Parecer_Normativo_COCEPE_133.pdf\">Aprova o Regimento Interno do Programa de P\u00f3s-Gradua\u00e7\u00e3o em Fisiologia Vegetal, da Universidade Federal de Pelotas.<\/a><\/p>\n<p>PARECER NORMATIVO N\u00ba 134, de 27 de novembro de 2025 &#8211; <a href=\"https:\/\/wp.ufpel.edu.br\/scs\/files\/2025\/11\/SEI_3501672_Parecer_Normativo_COCEPE_134-1.pdf\">Aprova o Quadro de Oferta de Vagas para ingresso nos Cursos presenciais de Gradua\u00e7\u00e3o da UFPel, para o ano de 2026.<\/a><\/p>\n<p>PARECER NORMATIVO N\u00ba 135, de 27 de novembro de 2025 &#8211; <a href=\"https:\/\/wp.ufpel.edu.br\/scs\/files\/2025\/12\/SEI_3509728_Parecer_Normativo_COCEPE_135.pdf\">Aprova\u00a0o Regimento Interno do Programa de P\u00f3s-Gradua\u00e7\u00e3o em Zootecnia, da Faculdade de Agronomia Eliseu Maciel, da Universidade Federal de\u00a0Pelotas.<\/a><\/p>\n<p>PARECER NORMATIVO N\u00ba 136, de 27 de novembro de 2025 &#8211; <a href=\"https:\/\/wp.ufpel.edu.br\/scs\/files\/2025\/12\/SEI_3512906_Parecer_Normativo_COCEPE_136.pdf\">Aprova\u00a0o Regimento Interno do Programa de P\u00f3s-Gradua\u00e7\u00e3o em Mem\u00f3ria Social e Patrim\u00f4nio Cultural, do Instituto de Ci\u00eancias Humanas, da Universidade Federal de\u00a0Pelotas.<\/a><\/p>\n<p>PARECER NORMATIVO N\u00ba 137, de 27 de novembro de 2025 &#8211; <a href=\"https:\/\/wp.ufpel.edu.br\/scs\/files\/2025\/12\/SEI_3513366_Parecer_Normativo_COCEPE_137.pdf\">Aprova o Regimento Interno do Programa de P\u00f3s-Gradua\u00e7\u00e3o em Odontologia, da Faculdade de Odontologia, da Universidade Federal de Pelotas.<\/a><\/p>\n<p>PARECER NORMATIVO N\u00ba 138, de 18 de dezembro 2025 &#8211; <a href=\"https:\/\/wp.ufpel.edu.br\/scs\/files\/2026\/01\/SEI_3608942_Parecer_Normativo_COCEPE_138_2025.pdf\">Aprova o Regimento Interno do Programa de P\u00f3s-Gradua\u00e7\u00e3o em Biodiversidade Animal, do Instituto de Biologia, da Universidade Federal de Pelotas.<\/a><\/p>\n<p>PARECER NORMATIVO N\u00ba 139, de 18 de dezembro 2025 &#8211; <a href=\"https:\/\/wp.ufpel.edu.br\/scs\/files\/2026\/01\/SEI_3609342_Parecer_Normativo_COCEPE_139_2025.pdf\">Aprova o Regimento Interno do Programa de P\u00f3s-Gradua\u00e7\u00e3o em Recursos H\u00eddricos, do Centro de Desenvolvimento Tecnol\u00f3gico, da Universidade Federal de Pelotas.<\/a><\/p>\n<p>PARECER NORMATIVO N\u00ba 140, de 18 de dezembro 2025 &#8211; <a href=\"https:\/\/wp.ufpel.edu.br\/scs\/files\/2026\/01\/SEI_3609728_Parecer_Normativo_COCEPE_140_2025.pdf\">Aprova o Regimento Interno do Programa de P\u00f3s-Gradua\u00e7\u00e3o em Educa\u00e7\u00e3o, da Faculdade de Educa\u00e7\u00e3o, da Universidade Federal de Pelotas.<\/a><\/p>\n<p>PARECER NORMATIVO N\u00ba 141, de 18 de dezembro 2025 &#8211; <a href=\"https:\/\/wp.ufpel.edu.br\/scs\/files\/2026\/01\/SEI_3610792_Parecer_Normativo_COCEPE_141_2025.pdf\">Aprova o Regimento Interno do Programa de P\u00f3s-Gradua\u00e7\u00e3o em Organiza\u00e7\u00f5es e Mercados, do Instituto de Ci\u00eancias Humanas, da Universidade Federal de Pelotas.<\/a><\/p>\n<p>PARECER NORMATIVO N\u00ba 142, de 18 de dezembro 2025 &#8211; <a href=\"https:\/\/wp.ufpel.edu.br\/scs\/files\/2026\/01\/SEI_3611002_Parecer_Normativo_COCEPE_142_2025.pdf\">Aprova o Regimento Interno do Programa de P\u00f3s-Gradua\u00e7\u00e3o em Manejo e Conserva\u00e7\u00e3o do Solo e da \u00c1gua, da Faculdade de Agronomia Eliseu Maciel, da Universidade Federal de Pelotas.<\/a><\/p>\n","protected":false},"excerpt":{"rendered":"<p>PARECER NORMATIVO n\u00ba 112, de 26 de junho de 2025 &#8211; Aprova o Quadro de Oferta de Vagas para o Programa de Avalia\u00e7\u00e3o da Vida Escolar &#8211; PAVE nos Cursos Presenciais de Gradua\u00e7\u00e3o da UFPel, para o ano letivo de 2026 PARECER NORMATIVO n\u00ba 113, de 17 de julho de 2025 &#8211; Aprova o Regimento [&hellip;]<\/p>\n","protected":false},"author":29,"featured_media":0,"parent":194,"menu_order":0,"comment_status":"closed","ping_status":"closed","template":"","meta":{"footnotes":""},"class_list":["post-9648","page","type-page","status-publish","hentry"],"_links":{"self":[{"href":"https:\/\/wp.ufpel.edu.br\/scs\/wp-json\/wp\/v2\/pages\/9648","targetHints":{"allow":["GET"]}}],"collection":[{"href":"https:\/\/wp.ufpel.edu.br\/scs\/wp-json\/wp\/v2\/pages"}],"about":[{"href":"https:\/\/wp.ufpel.edu.br\/scs\/wp-json\/wp\/v2\/types\/page"}],"author":[{"embeddable":true,"href":"https:\/\/wp.ufpel.edu.br\/scs\/wp-json\/wp\/v2\/users\/29"}],"replies":[{"embeddable":true,"href":"https:\/\/wp.ufpel.edu.br\/scs\/wp-json\/wp\/v2\/comments?post=9648"}],"version-history":[{"count":4,"href":"https:\/\/wp.ufpel.edu.br\/scs\/wp-json\/wp\/v2\/pages\/9648\/revisions"}],"predecessor-version":[{"id":10395,"href":"https:\/\/wp.ufpel.edu.br\/scs\/wp-json\/wp\/v2\/pages\/9648\/revisions\/10395"}],"up":[{"embeddable":true,"href":"https:\/\/wp.ufpel.edu.br\/scs\/wp-json\/wp\/v2\/pages\/194"}],"wp:attachment":[{"href":"https:\/\/wp.ufpel.edu.br\/scs\/wp-json\/wp\/v2\/media?parent=9648"}],"curies":[{"name":"wp","href":"https:\/\/api.w.org\/{rel}","templated":true}]}}