{"id":8184,"date":"2023-03-20T13:27:21","date_gmt":"2023-03-20T16:27:21","guid":{"rendered":"https:\/\/wp.ufpel.edu.br\/scs\/?page_id=8184"},"modified":"2023-03-20T13:34:50","modified_gmt":"2023-03-20T16:34:50","slug":"cronograma-reunioes-2023-consun","status":"publish","type":"page","link":"https:\/\/wp.ufpel.edu.br\/scs\/consun\/cronograma-reunioes-2023-consun\/","title":{"rendered":"Cronograma Reuni\u00f5es 2023 CONSUN"},"content":{"rendered":"<p><span style=\"background-color: #99ccff;\"><strong>Reuni\u00f5es Ordin\u00e1rias:<\/strong><\/span><\/p>\n<p>&nbsp;<\/p>\n<table style=\"border-collapse: collapse; width: 100%;\" border=\"1\">\n<tbody>\n<tr>\n<td style=\"width: 100%;\"><strong>Dia 14\/03\/2023 &#8211; ter\u00e7a-feira \u00e0s 14:00<\/strong><\/td>\n<\/tr>\n<tr>\n<td style=\"width: 100%;\"><strong>Dia 13\/06\/2023 &#8211; ter\u00e7a-feira, \u00e0s 9:00<\/strong><\/td>\n<\/tr>\n<tr>\n<td style=\"width: 100%;\"><strong>Dia 12\/09\/2023 &#8211; ter\u00e7a-feira, \u00e0s 14:00<\/strong><\/td>\n<\/tr>\n<tr>\n<td style=\"width: 100%;\"><strong>Dia 05\/12\/2023 &#8211; ter\u00e7a-feira, \u00e0s 9:00<\/strong><\/td>\n<\/tr>\n<\/tbody>\n<\/table>\n<p>&nbsp;<\/p>\n<p><em>Obs. Poder\u00e3o ocorrer reuni\u00f5es extraordin\u00e1rias.<\/em><\/p>\n","protected":false},"excerpt":{"rendered":"<p>Reuni\u00f5es Ordin\u00e1rias: &nbsp; Dia 14\/03\/2023 &#8211; ter\u00e7a-feira \u00e0s 14:00 Dia 13\/06\/2023 &#8211; ter\u00e7a-feira, \u00e0s 9:00 Dia 12\/09\/2023 &#8211; ter\u00e7a-feira, \u00e0s 14:00 Dia 05\/12\/2023 &#8211; ter\u00e7a-feira, \u00e0s 9:00 &nbsp; Obs. Poder\u00e3o ocorrer reuni\u00f5es extraordin\u00e1rias.<\/p>\n","protected":false},"author":29,"featured_media":0,"parent":369,"menu_order":0,"comment_status":"closed","ping_status":"closed","template":"","meta":{"footnotes":""},"class_list":["post-8184","page","type-page","status-publish","hentry"],"_links":{"self":[{"href":"https:\/\/wp.ufpel.edu.br\/scs\/wp-json\/wp\/v2\/pages\/8184","targetHints":{"allow":["GET"]}}],"collection":[{"href":"https:\/\/wp.ufpel.edu.br\/scs\/wp-json\/wp\/v2\/pages"}],"about":[{"href":"https:\/\/wp.ufpel.edu.br\/scs\/wp-json\/wp\/v2\/types\/page"}],"author":[{"embeddable":true,"href":"https:\/\/wp.ufpel.edu.br\/scs\/wp-json\/wp\/v2\/users\/29"}],"replies":[{"embeddable":true,"href":"https:\/\/wp.ufpel.edu.br\/scs\/wp-json\/wp\/v2\/comments?post=8184"}],"version-history":[{"count":3,"href":"https:\/\/wp.ufpel.edu.br\/scs\/wp-json\/wp\/v2\/pages\/8184\/revisions"}],"predecessor-version":[{"id":8195,"href":"https:\/\/wp.ufpel.edu.br\/scs\/wp-json\/wp\/v2\/pages\/8184\/revisions\/8195"}],"up":[{"embeddable":true,"href":"https:\/\/wp.ufpel.edu.br\/scs\/wp-json\/wp\/v2\/pages\/369"}],"wp:attachment":[{"href":"https:\/\/wp.ufpel.edu.br\/scs\/wp-json\/wp\/v2\/media?parent=8184"}],"curies":[{"name":"wp","href":"https:\/\/api.w.org\/{rel}","templated":true}]}}