{"id":7143,"date":"2022-01-03T14:45:37","date_gmt":"2022-01-03T17:45:37","guid":{"rendered":"https:\/\/wp.ufpel.edu.br\/scs\/?page_id=7143"},"modified":"2024-09-10T10:12:28","modified_gmt":"2024-09-10T13:12:28","slug":"resolucoes-cocepe-2022","status":"publish","type":"page","link":"https:\/\/wp.ufpel.edu.br\/scs\/cocepe\/resolucoes\/resolucoes-cocepe-2022\/","title":{"rendered":"Resolu\u00e7\u00f5es COCEPE 2022"},"content":{"rendered":"<p>Resolu\u00e7\u00e3o n\u00ba 29 de 03 de fevereiro de 2022 &#8211; <a href=\"https:\/\/wp.ufpel.edu.br\/scs\/files\/2022\/02\/Resolucao-29.2021-COCEPE.pdf\">Aprova o Regimento do Colegiado do Curso de Odontologia<\/a><\/p>\n<p>Resolu\u00e7\u00e3o n\u00ba 30 de 03 de fevereiro de 2022 &#8211; <a href=\"https:\/\/wp.ufpel.edu.br\/scs\/files\/2022\/02\/Resolucao-30.2022-COCEPE.pdf\">Disp\u00f5e sobre o Regulamento da Integraliza\u00e7\u00e3o das Atividades de Extens\u00e3o nos cursos de Gradua\u00e7\u00e3o da UFPel e d\u00e1 outras provid\u00eancias<\/a><\/p>\n<p>Resolu\u00e7\u00e3o n\u00ba 31 de 03 de fevereiro de 2022 &#8211; <a href=\"https:\/\/wp.ufpel.edu.br\/scs\/files\/2022\/02\/Resolucao-31.2022-COCEPE.pdf\">Regimento do Mestrado Profissional em Sa\u00fade da Fam\u00edlia &#8211; PROFSA\u00daDE\/UFPEL<\/a><\/p>\n<p>Resolu\u00e7\u00e3o n\u00ba 32 de 23 de fevereiro de 2022 &#8211;\u00a0<a href=\"https:\/\/wp.ufpel.edu.br\/scs\/files\/2022\/02\/Resolucao-32.2022-COCEPE.pdf\"> Altera Art. 30 da Resolu\u00e7\u00e3o n\u00ba 31\/2019 <em>(que Estabelece as normas e procedimentos para contrata\u00e7\u00e3o de Professores Substitutos na UFPel.<\/em>\u00a0<\/a><\/p>\n<p>Resolu\u00e7\u00e3o n\u00ba 33 de 10 de mar\u00e7o de 2022 &#8211; <a href=\"https:\/\/wp.ufpel.edu.br\/scs\/files\/2022\/04\/SEI_UFPel-1626452-Resolucao-33.2022.pdf\">Inclui\u00a0trecho\u00a0no\u00a0Inciso I do art. 6\u00ba, na\u00a0Resolu\u00e7\u00e3o COCEPE n<sup>o<\/sup> 35\/2017. <em>(que Aprova Normas para Contrata\u00e7\u00e3o de Professor Visitante e Professor Estrangeiro na UFPel)<\/em><\/a><\/p>\n<p>Resolu\u00e7\u00e3o n\u00ba 34 de 19 de maio de 2022 &#8211; <a href=\"https:\/\/wp.ufpel.edu.br\/scs\/files\/2022\/06\/SEI_UFPel-1715094-Resolucao-34.2022.pdf\">Altera\u00a0o Art. 6\u00ba da Resolu\u00e7\u00e3o n\u00ba 25\/2021.<\/a><\/p>\n<p>Resolu\u00e7\u00e3o n\u00ba 35 de 19 de maio de 2022 &#8211; <a href=\"https:\/\/wp.ufpel.edu.br\/scs\/files\/2022\/06\/SEI_UFPel-1715220-Resolucao-35.2022.pdf\">Altera\u00a0o Art. 9\u00ba da Resolu\u00e7\u00e3o n\u00ba 22\/2021.<\/a><\/p>\n<p>Resolu\u00e7\u00e3o n\u00ba 36 de 19 de maio de 2022 &#8211; <a href=\"https:\/\/wp.ufpel.edu.br\/scs\/files\/2022\/06\/SEI_UFPel-1715229-Resolucao-36.2022.pdf\">Altera\u00a0o Art. 9\u00ba da Resolu\u00e7\u00e3o n\u00ba 23\/2021.<\/a><\/p>\n<p>Resolu\u00e7\u00e3o n\u00ba 37 de 23 de junho de 2022 &#8211; <a href=\"https:\/\/wp.ufpel.edu.br\/scs\/files\/2022\/07\/SEI_UFPel-1760311-Resolucao-37.2022.pdf\">Revoga a Resolu\u00e7\u00e3o n\u00ba 03\/2020.\u00a0<\/a><\/p>\n<p>Resolu\u00e7\u00e3o n\u00ba 38 de 23 de junho de 2022 &#8211; <a href=\"https:\/\/wp.ufpel.edu.br\/scs\/files\/2022\/07\/Resolucao-38.2022.pdf\">Aprova o Regimento do Curso de Medicina Veterin\u00e1ria.\u00a0<\/a><\/p>\n<p>Resolu\u00e7\u00e3o n\u00ba 39 de 27 de junho de 2022\u00a0 \u00a0&#8211; <a href=\"https:\/\/wp.ufpel.edu.br\/scs\/files\/2022\/06\/Resolucao-39.2022.pdf\">Atualiza a Resolu\u00e7\u00e3o n\u00ba 12\/2011 que normatiza o Processo de Revalida\u00e7\u00e3o de Diplomas de estrangeiro de Gradua\u00e7\u00e3o em Medicina.<\/a><\/p>\n<p>Resolu\u00e7\u00e3o n\u00ba 40 de 07 de julho de 2022 &#8211; <a href=\"https:\/\/wp.ufpel.edu.br\/scs\/files\/2022\/08\/Resolucao-40.2022.pdf\">Estabelece as normas e procedimentos para o ingresso na classe A da carreira do Magist\u00e9rio Superior na Universidade Federal de Pelotas &#8211; UFPel.\u00a0<\/a>\u00a0(revoga as Resolu\u00e7\u00f5es n\u00ba 27\/2018, 33\/2019 e 14\/2021)<\/p>\n<ul>\n<li><a href=\"https:\/\/wp.ufpel.edu.br\/scs\/files\/2022\/08\/Anexo-I-Formulario-de-Avaliacao-Prova-Escrita.pdf\">Anexo I &#8211; Formul\u00e1rio de Avalia\u00e7\u00e3o &#8211; Prova Escrita<\/a><\/li>\n<li><a href=\"https:\/\/wp.ufpel.edu.br\/scs\/files\/2022\/08\/Anexo-II-Formulario-de-Avaliacao-Prova-Pratica.pdf\">Anexo II &#8211; Formul\u00e1rio de Avalia\u00e7\u00e3o &#8211; Prova Pr\u00e1tica<\/a><\/li>\n<li><a href=\"https:\/\/wp.ufpel.edu.br\/scs\/files\/2022\/08\/Anexo-III-Formulario-de-Avaliacao-Prova-Didatica.pdf\">Anexo III &#8211; Formul\u00e1rio de Avalia\u00e7\u00e3o &#8211; Prova Did\u00e1tica<\/a><\/li>\n<li><a href=\"https:\/\/wp.ufpel.edu.br\/scs\/files\/2022\/08\/Anexo-VIII-Procedimentos-de-Gravacao.pdf\">Anexo VIII &#8211; Procedimentos de Grava\u00e7\u00e3o<\/a><\/li>\n<li><a href=\"https:\/\/wp.ufpel.edu.br\/scs\/files\/2022\/08\/Anexo-IV-Formulario-de-Avaliacao-Memorial-e-Plano.pdf\">Anexo IV &#8211; Formul\u00e1rio de Avalia\u00e7\u00e3o &#8211; Memorial e Plano<\/a><\/li>\n<li><a href=\"https:\/\/wp.ufpel.edu.br\/scs\/files\/2022\/08\/Anexo-V-Tabela-de-Titulos.pdf\">Anexo V &#8211; Tabela de T\u00edtulos<\/a><\/li>\n<li><a href=\"https:\/\/wp.ufpel.edu.br\/scs\/files\/2022\/08\/Anexo-VI-Lista-de-Documentos-e-Declaracao-de-Veracida.pdf\">Anexo VI &#8211; Lista de Documentos e Declara\u00e7\u00e3o de Veracida<\/a><\/li>\n<li><a href=\"https:\/\/wp.ufpel.edu.br\/scs\/files\/2022\/08\/Anexo-VII-Impedimentos-da-Banca.pdf\">Anexo VII &#8211; Impedimentos da Banca<\/a><\/li>\n<\/ul>\n<p>Resolu\u00e7\u00e3o n\u00ba 41 de 14 de julho 2022 &#8211; <a href=\"https:\/\/wp.ufpel.edu.br\/scs\/files\/2022\/09\/SEI_UFPel-1784726-Resolucao-41.2022.pdf\">Altera o Art. 9\u00ba da Res. n\u00ba 21\/2021.\u00a0<\/a><\/p>\n<p>Resolu\u00e7\u00e3o n\u00ba 42 de 18 de julho de 2022 &#8211; <a href=\"https:\/\/wp.ufpel.edu.br\/scs\/files\/2022\/09\/SEI_UFPel-1784580-Resolucao-42.2022.pdf\">Aprova o Regulamento da Comiss\u00e3o de Perman\u00eancia Estudantil da Coordena\u00e7\u00e3o de Perman\u00eancia da Pr\u00f3-Reitoria de Assuntos Estudantis.\u00a0<\/a><\/p>\n<p>Resolu\u00e7\u00e3o n\u00ba 43 de 1\u00ba de setembro de 2022 &#8211; <a href=\"https:\/\/wp.ufpel.edu.br\/scs\/files\/2022\/09\/SEI_UFPel-1848137-Resolucao-43.2022.pdf\">Revoga a Resolu\u00e7\u00e3o n\u00ba 24, de 25 de agosto de 2016 e suas altera\u00e7\u00f5es e disp\u00f5e novos crit\u00e9rios e procedimentos de sele\u00e7\u00e3o de Ingresso em Cursos de Gradua\u00e7\u00e3o da UFPEL nas modalidades Reop\u00e7\u00e3o, Reingresso, Transfer\u00eancia, Certid\u00e3o de Estudos e Portador de Diploma de Ensino Superior. Revoga a Resolu\u00e7\u00e3o n\u00ba 24, de 25 de agosto de 2016 e suas altera\u00e7\u00f5es e disp\u00f5e novos crit\u00e9rios e procedimentos de sele\u00e7\u00e3o de Ingresso em Cursos de Gradua\u00e7\u00e3o da UFPEL nas modalidades Reop\u00e7\u00e3o, Reingresso, Transfer\u00eancia, Certid\u00e3o de Estudos e Portador de Diploma de Ensino Superior. <\/a>(Revogada pela Resolu\u00e7\u00e3o 45\/2022)<\/p>\n<p>Resolu\u00e7\u00e3o n\u00ba 44 de 02 de setembro 2022 &#8211; <a href=\"https:\/\/wp.ufpel.edu.br\/scs\/files\/2022\/09\/SEI_UFPel-1850207-Resolucao-44.2022.pdf\">Aprova o Programa de Aux\u00edlio Alimenta\u00e7\u00e3o para Estudantes com Necessidades Alimentares Restritivas da UFPel. (Alterada pela Resolu\u00e7\u00e3o 76\/2024)<\/a> (Revogada pela Resolu\u00e7\u00e3o 84\/2024)<\/p>\n<p>Resolu\u00e7\u00e3o n\u00ba 45 de 15 de setembro 2022 &#8211; <a href=\"https:\/\/wp.ufpel.edu.br\/scs\/files\/2022\/09\/SEI_UFPel-1868492-Resolucao-45.2022.pdf\">Revoga a Resolu\u00e7\u00e3o n\u00ba 43, de 01 de setembro de 2022 que disp\u00f5e sobre novos crit\u00e9rios e procedimentos de sele\u00e7\u00e3o de Ingresso em Cursos de Gradua\u00e7\u00e3o da UFPEL nas modalidades Reop\u00e7\u00e3o, Reingresso, Transfer\u00eancia, Retomada de Estudos e Portador de Diploma de Ensino Superior.\u00a0<\/a><\/p>\n<p>Resolu\u00e7\u00e3o n\u00ba 46 de 15 de setembro 2022 &#8211; <a href=\"https:\/\/wp.ufpel.edu.br\/scs\/files\/2022\/09\/SEI_UFPel-1868581-Resolucao-46.2022.pdf\">Aprova nova reda\u00e7\u00e3o do artigo 17 da Resolu\u00e7\u00e3o n\u00ba 10\/2015, do COCEPE<\/a><\/p>\n<p>Resolu\u00e7\u00e3o n\u00ba 47 de 27 de outubro de 2022 &#8211; <a href=\"https:\/\/wp.ufpel.edu.br\/scs\/files\/2022\/11\/SEI_UFPel-1920217-Resolucao-47.2022.pdf\">Aprova Normas para Contrata\u00e7\u00e3o de Professor Visitante e Professor Visitante Estrangeiro na UFPEL. Revoga Resolu\u00e7\u00e3o n\u00ba 35\/2017. <\/a>(Revogada pela 53\/2023)<\/p>\n<p>Resolu\u00e7\u00e3o n\u00ba 48 de 27 de outubro de 2022 &#8211; <a href=\"https:\/\/wp.ufpel.edu.br\/scs\/files\/2022\/11\/SEI_UFPel-1945922-Resolucao-48.2022.pdf\">Regulamenta orienta\u00e7\u00f5es transit\u00f3rias e complementares para os editais de gradua\u00e7\u00e3o da UFPel para fins de cumprimento da pol\u00edtica afirmativa institu\u00edda pela Lei Federal n\u00ba. 12.711\/2012 e 13.409\/2016 frente aos processos seletivos do SISU (Sistema de Sele\u00e7\u00e3o Unificada), do Programa de Avalia\u00e7\u00e3o da Vida Escolar (PAVE\/UFPel) e de outros processos seletivos de ingresso abrangidos pela legisla\u00e7\u00e3o e d\u00e1 outras provid\u00eancias.<\/a><\/p>\n","protected":false},"excerpt":{"rendered":"<p>Resolu\u00e7\u00e3o n\u00ba 29 de 03 de fevereiro de 2022 &#8211; Aprova o Regimento do Colegiado do Curso de Odontologia Resolu\u00e7\u00e3o n\u00ba 30 de 03 de fevereiro de 2022 &#8211; Disp\u00f5e sobre o Regulamento da Integraliza\u00e7\u00e3o das Atividades de Extens\u00e3o nos cursos de Gradua\u00e7\u00e3o da UFPel e d\u00e1 outras provid\u00eancias Resolu\u00e7\u00e3o n\u00ba 31 de 03 de [&hellip;]<\/p>\n","protected":false},"author":29,"featured_media":0,"parent":196,"menu_order":0,"comment_status":"closed","ping_status":"closed","template":"","meta":{"footnotes":""},"class_list":["post-7143","page","type-page","status-publish","hentry"],"_links":{"self":[{"href":"https:\/\/wp.ufpel.edu.br\/scs\/wp-json\/wp\/v2\/pages\/7143","targetHints":{"allow":["GET"]}}],"collection":[{"href":"https:\/\/wp.ufpel.edu.br\/scs\/wp-json\/wp\/v2\/pages"}],"about":[{"href":"https:\/\/wp.ufpel.edu.br\/scs\/wp-json\/wp\/v2\/types\/page"}],"author":[{"embeddable":true,"href":"https:\/\/wp.ufpel.edu.br\/scs\/wp-json\/wp\/v2\/users\/29"}],"replies":[{"embeddable":true,"href":"https:\/\/wp.ufpel.edu.br\/scs\/wp-json\/wp\/v2\/comments?post=7143"}],"version-history":[{"count":32,"href":"https:\/\/wp.ufpel.edu.br\/scs\/wp-json\/wp\/v2\/pages\/7143\/revisions"}],"predecessor-version":[{"id":9389,"href":"https:\/\/wp.ufpel.edu.br\/scs\/wp-json\/wp\/v2\/pages\/7143\/revisions\/9389"}],"up":[{"embeddable":true,"href":"https:\/\/wp.ufpel.edu.br\/scs\/wp-json\/wp\/v2\/pages\/196"}],"wp:attachment":[{"href":"https:\/\/wp.ufpel.edu.br\/scs\/wp-json\/wp\/v2\/media?parent=7143"}],"curies":[{"name":"wp","href":"https:\/\/api.w.org\/{rel}","templated":true}]}}