{"id":664,"date":"2010-08-15T18:13:54","date_gmt":"2010-08-15T20:13:54","guid":{"rendered":"https:\/\/wp.ufpel.edu.br\/scs\/"},"modified":"2022-01-04T14:56:10","modified_gmt":"2022-01-04T17:56:10","slug":"condir","status":"publish","type":"page","link":"https:\/\/wp.ufpel.edu.br\/scs\/condir\/","title":{"rendered":"CONDIR"},"content":{"rendered":"<p><strong>A Funda\u00e7\u00e3o \u00e9 administrada por um Conselho Diretor &#8211; CONDIR, que se constitui em \u00f3rg\u00e3o angariador de recursos, supervisor da gest\u00e3o econ\u00f4mico-financeira e respons\u00e1vel principal pelas rela\u00e7\u00f5es entre a Universidade e a Comunidade, nos termos do artigo 17 do Decreto n\u00ba 65.881, de 16 de dezembro de 1969.<\/strong><\/p>\n<p>&nbsp;<\/p>\n<p><span style=\"background-color: #99ccff\"><strong>SOBRE ATRIBUI\u00c7\u00d5ES DO CONDIR:<\/strong><\/span><\/p>\n<p>Compete ao Conselho Diretor:<\/p>\n<p>I elaborar seu Regimento Interno;<\/p>\n<p>II decidir sobre aceita\u00e7\u00e3o de doa\u00e7\u00f5es, aux\u00edlios e subven\u00e7\u00f5es de qualquer natureza;<\/p>\n<p>III aprovar a realiza\u00e7\u00e3o de conv\u00eanios ou acordo com entidades p\u00fablicas ou privadas, que importem em compromissos extra-or\u00e7ament\u00e1rios para a Funda\u00e7\u00e3o;<\/p>\n<p>IV aprovar e julgar, no primeiro trimestre de cada ano, o relat\u00f3rio anual das atividades da Funda\u00e7\u00e3o e da Universidade, referentes ao exerc\u00edcio anterior, encaminhando as respectivas presta\u00e7\u00f5es de contas aos \u00f3rg\u00e3os competentes;<\/p>\n<p>V aprovar o or\u00e7amento da Universidade, proposto pelo Conselho Universit\u00e1rio, encaminhando-os aos \u00f3rg\u00e3os competentes da Uni\u00e3o;<\/p>\n<p>VI aprovar, no quarto trimestre de cada ano, o plano de trabalho, para o ano seguinte;<\/p>\n<p>VII autorizar modifica\u00e7\u00f5es or\u00e7ament\u00e1rias, por proposta do Conselho Universit\u00e1rio;<\/p>\n<p>VIII apresentar, anualmente ao Minist\u00e9rio da Educa\u00e7\u00e3o e do Desporto, proposta devidamente justificada da dota\u00e7\u00e3o necess\u00e1ria a ser inclu\u00edda no Or\u00e7amento da Uni\u00e3o;<\/p>\n<p>IX autorizar a abertura de cr\u00e9ditos adicionais, suplementares e especiais, mediante proposta do Conselho Universit\u00e1rio ;<\/p>\n<p>X autorizar a cria\u00e7\u00e3o de fundos especiais, por proposta do Conselho Universit\u00e1rio ;<\/p>\n<p>XI propor ao Governo da Uni\u00e3o altera\u00e7\u00f5es ao Estatuto da Funda\u00e7\u00e3o, mediante resolu\u00e7\u00e3o aprovada por 2\/3 (dois ter\u00e7os) da totalidade de seus membros;<\/p>\n<p>XII conceder t\u00edtulo honor\u00edficos criados pela Funda\u00e7\u00e3o, excetuados os de car\u00e1ter universit\u00e1rio;<\/p>\n<p>XIII deliberar sobre casos omissos atinentes a seus objetivos.<\/p>\n<p>&nbsp;<\/p>\n<p><span style=\"background-color: #99ccff\"><strong>SAIBA MAIS SOBRE O CONDIR:<\/strong><\/span><\/p>\n<p>Regimento Geral da UFPel (<a href=\"https:\/\/wp.ufpel.edu.br\/scs\/regimento\/\">https:\/\/wp.ufpel.edu.br\/scs\/regimento\/<\/a>) &#8211; <em>Art.9\u00ba ao Art.15<\/em><\/p>\n","protected":false},"excerpt":{"rendered":"<p>A Funda\u00e7\u00e3o \u00e9 administrada por um Conselho Diretor &#8211; CONDIR, que se constitui em \u00f3rg\u00e3o angariador de recursos, supervisor da gest\u00e3o econ\u00f4mico-financeira e respons\u00e1vel principal pelas rela\u00e7\u00f5es entre a Universidade e a Comunidade, nos termos do artigo 17 do Decreto n\u00ba 65.881, de 16 de dezembro de 1969. &nbsp; SOBRE ATRIBUI\u00c7\u00d5ES DO CONDIR: Compete ao [&hellip;]<\/p>\n","protected":false},"author":29,"featured_media":0,"parent":0,"menu_order":0,"comment_status":"closed","ping_status":"closed","template":"","meta":{"footnotes":""},"class_list":["post-664","page","type-page","status-publish","hentry"],"_links":{"self":[{"href":"https:\/\/wp.ufpel.edu.br\/scs\/wp-json\/wp\/v2\/pages\/664","targetHints":{"allow":["GET"]}}],"collection":[{"href":"https:\/\/wp.ufpel.edu.br\/scs\/wp-json\/wp\/v2\/pages"}],"about":[{"href":"https:\/\/wp.ufpel.edu.br\/scs\/wp-json\/wp\/v2\/types\/page"}],"author":[{"embeddable":true,"href":"https:\/\/wp.ufpel.edu.br\/scs\/wp-json\/wp\/v2\/users\/29"}],"replies":[{"embeddable":true,"href":"https:\/\/wp.ufpel.edu.br\/scs\/wp-json\/wp\/v2\/comments?post=664"}],"version-history":[{"count":3,"href":"https:\/\/wp.ufpel.edu.br\/scs\/wp-json\/wp\/v2\/pages\/664\/revisions"}],"predecessor-version":[{"id":7168,"href":"https:\/\/wp.ufpel.edu.br\/scs\/wp-json\/wp\/v2\/pages\/664\/revisions\/7168"}],"wp:attachment":[{"href":"https:\/\/wp.ufpel.edu.br\/scs\/wp-json\/wp\/v2\/media?parent=664"}],"curies":[{"name":"wp","href":"https:\/\/api.w.org\/{rel}","templated":true}]}}