{"id":6332,"date":"2021-04-14T15:06:22","date_gmt":"2021-04-14T18:06:22","guid":{"rendered":"https:\/\/wp.ufpel.edu.br\/scs\/?page_id=6332"},"modified":"2022-10-10T09:14:42","modified_gmt":"2022-10-10T12:14:42","slug":"2021-resolucoes","status":"publish","type":"page","link":"https:\/\/wp.ufpel.edu.br\/scs\/cocepe\/resolucoes\/2021-resolucoes\/","title":{"rendered":"2021 Resolu\u00e7\u00f5es"},"content":{"rendered":"<p>Resolu\u00e7\u00e3o n\u00ba 07 de 08 de abril de 2021 &#8211; <a href=\"https:\/\/wp.ufpel.edu.br\/scs\/files\/2021\/04\/Resolucao-07.2021-COCEPE.pdf\">Altera Resolu\u00e7\u00e3o 24\/2016, na reda\u00e7\u00e3o do inciso III e inclus\u00e3o do par\u00e1grafo 4\u00ba, no artigo 5\u00ba e d\u00e1 nova reda\u00e7\u00e3o ao artigo 21.<\/a><\/p>\n<p>Resolu\u00e7\u00e3o n\u00ba 08 de 20 de maio de 2021 &#8211; <a href=\"https:\/\/wp.ufpel.edu.br\/scs\/files\/2021\/05\/Resolucao-08.2021-COCEPE.pdf\">Disp\u00f5e sobre o aproveitamento de estudos realizados no \u00e2mbito do Programa de Resid\u00eancia Pedag\u00f3gica para c\u00f4mputo de carga hor\u00e1ria dos est\u00e1gios curriculares supervisionados e\/ou estudos integradores dos cursos de licenciatura da Universidade Federal de Pelotas.<\/a><\/p>\n<p>Resolu\u00e7\u00e3o n\u00ba 09 de 20 de maio de 2021 &#8211; <a href=\"https:\/\/wp.ufpel.edu.br\/scs\/files\/2021\/06\/Resolucao-09.2021-COCEPE.pdf\">Aprova a cria\u00e7\u00e3o da forma de ingresso &#8220;&#8221;Nota do ENEM&#8221;, que utilizar\u00e1 a nota do ENEM de anos anteriores como forma de sele\u00e7\u00e3o para ingresso nos cursos de Gradua\u00e7\u00e3o da UFPel.<\/a><\/p>\n<p>Resolu\u00e7\u00e3o n\u00ba 10 de 20 de maio de 2021 &#8211; <a href=\"https:\/\/wp.ufpel.edu.br\/scs\/files\/2021\/06\/Resolucao-10.2021-COCEPE.pdf\">Suspende os efeitos da Resolu\u00e7\u00e3o n\u00ba 07\/2019, pelo per\u00edodo de tr\u00eas anos.<\/a><\/p>\n<p>Resolu\u00e7\u00e3o n\u00ba 11 de 08 de julho de 2021 &#8211; <a href=\"https:\/\/wp.ufpel.edu.br\/scs\/files\/2021\/07\/Resolucao-111.2021-COCEPE.pdf\">Aprova o Regimento para a cria\u00e7\u00e3o do Sistema de Bibliotecas das UFPel.<\/a><\/p>\n<p>Resolu\u00e7\u00e3o n\u00ba 12 de 08 de julho de 2021 &#8211; <a href=\"https:\/\/wp.ufpel.edu.br\/scs\/files\/2021\/07\/Resolucao-12.2021-COCEPE.pdf\">Altera artigos da Resolu\u00e7\u00e3o n\u00ba 04\/2020, que regulamenta o encargo docente no contexto da Pandemia COVID-19.<\/a><\/p>\n<p>Resolu\u00e7\u00e3o n\u00ba 13 de 08 de julho de 2021 &#8211; <a href=\"https:\/\/wp.ufpel.edu.br\/scs\/files\/2021\/07\/Resolucao-13.2021-COCEPE.pdf\">Aprova o Regimento do Colegiado do Curso de Medicina Veterin\u00e1ria.\u00a0<\/a><\/p>\n<p>Resolu\u00e7\u00e3o n\u00ba 14 de 08 de julho de 2021 &#8211; <a href=\"https:\/\/wp.ufpel.edu.br\/scs\/files\/2021\/07\/Resolucao-14.2021-COCEPE.pdf\">Altera o texto da Resolu\u00e7\u00e3o COCEPE n\u00ba 33\/2019.<\/a> <em><span style=\"font-size: 10pt;\">(revogada pela Resolu\u00e7\u00e3o 40\/2022)<\/span><\/em><\/p>\n<ul>\n<li><a href=\"https:\/\/wp.ufpel.edu.br\/scs\/files\/2021\/07\/Anexo-lII-Resolucao-33.2019-atualizado-21.07.21.pdf\">(Anexo III &#8211; Resolu\u00e7\u00e3o 33.2019<\/a>\u00a0atualizado em 21.07.21, conforme Encaminhamento COCEPE &#8211; 1363162 do processo SEI 23110.017351\/2021-41).<\/li>\n<\/ul>\n<p>Resolu\u00e7\u00e3o n\u00ba 15 de 08 de julho de 2021 &#8211; <a href=\"https:\/\/wp.ufpel.edu.br\/scs\/files\/2021\/07\/Resolucao-15.2021-COCEPE.pdf\">Altera al\u00edneas b e c, Inciso II do art. 1\u00ba da Resolu\u00e7\u00e3o n\u00ba 12, que regulamenta encargo docente na Pandemia COVID-19<\/a><\/p>\n<p>Resolu\u00e7\u00e3o n\u00ba 16 de 21 de setembro de 2021 &#8211; <a href=\"https:\/\/wp.ufpel.edu.br\/scs\/files\/2021\/09\/Resolucao-16.2021-COCEPE.pdf\">Aprova a altera\u00e7\u00e3o dos artigos 3\u00ba e 12\u00a0 da Resolu\u00e7\u00e3o 24\/2016<\/a><\/p>\n<p>Resolu\u00e7\u00e3o n\u00ba 17 de 07 de outubro de 2021 &#8211; <a href=\"https:\/\/wp.ufpel.edu.br\/scs\/files\/2021\/10\/Resolucao-17.2021-COCEPE.pdf\">Regulamenta as Redistribui\u00e7\u00f5es Docentes na UFPel.<\/a><\/p>\n<p>Resolu\u00e7\u00e3o n\u00ba 18 de 02 de dezembro de 2021 &#8211; <a href=\"https:\/\/wp.ufpel.edu.br\/scs\/files\/2021\/12\/Resolucao-18.2021-COCEPE.pdf\">Aprova a regulamenta\u00e7\u00e3o do encargo docente, para o primeiro semestre do ano de 2022, na UFPEL. Esta Resolu\u00e7\u00e3o revogar\u00e1 as Resolu\u00e7\u00f5es 04\/202, 12\/2021 e 15\/2021<\/a><\/p>\n<p>Resolu\u00e7\u00e3o n\u00ba 19 de 22 de dezembro de 2021 &#8211; <a href=\"https:\/\/wp.ufpel.edu.br\/scs\/files\/2022\/02\/Resolucao-19.2021-COCEPE.pdf\">Regulamenta as modalidades de matr\u00edcula em regime especial em Programas de P\u00f3s-Gradua\u00e7\u00e3o Stricto Sensu<\/a><\/p>\n<p>Resolu\u00e7\u00e3o n\u00ba 20 de 22 de dezembro de 2021 &#8211; <a href=\"https:\/\/wp.ufpel.edu.br\/scs\/files\/2022\/02\/Resolucao-20.2021-COCEPE.pdf\">Aprova as Normas do Programa de Incuba\u00e7\u00e3o de Empreendimentos e Parques Tecnol\u00f3gicos da Universidade Federal de Pelotas<\/a><\/p>\n<p>Resolu\u00e7\u00e3o n\u00ba 21 de 22 de dezembro de 2021 &#8211; <a href=\"https:\/\/wp.ufpel.edu.br\/scs\/files\/2022\/02\/Resolucao-21.2021-COCEPE.pdf\">Aprova o Programa de Aux\u00edlio Alimenta\u00e7\u00e3o da UFPel <\/a><em><span style=\"font-size: 10pt;\"><a href=\"https:\/\/wp.ufpel.edu.br\/scs\/files\/2022\/09\/SEI_UFPel-1784726-Resolucao-41.2022.pdf\">(Alterada pela Resolu\u00e7\u00e3o n\u00ba 41.2022)<\/a><\/span><\/em><\/p>\n<p>Resolu\u00e7\u00e3o n\u00ba 22 de 22 de dezembro de 2021 &#8211; <a href=\"https:\/\/wp.ufpel.edu.br\/scs\/files\/2022\/02\/Resolucao-22.2021-COCEPE.pdf\">Aprova o Programa de Aux\u00edlio Deslocamento da UFPel \u00a0<\/a><em><span style=\"font-size: 10pt;\"><a href=\"https:\/\/wp.ufpel.edu.br\/scs\/files\/2022\/09\/SEI_UFPel-1715220-Resolucao-35.2022.pdf\">(Alterada pela Resolu\u00e7\u00e3o n\u00ba 35.2022)<\/a><\/span><\/em><\/p>\n<p>Resolu\u00e7\u00e3o n\u00ba 23 de 22 de dezembro de 2021 &#8211; <a href=\"https:\/\/wp.ufpel.edu.br\/scs\/files\/2022\/02\/Resolucao-23.2021-COCEPE-1.pdf\">Aprova o Programa de Aux\u00edlio Moradia da UFPel <\/a><em><span style=\"font-size: 10pt;\"><a href=\"https:\/\/wp.ufpel.edu.br\/scs\/files\/2022\/09\/SEI_UFPel-1715229-Resolucao-36.2022.pdf\">(Alterada pela Resolu\u00e7\u00e3o n\u00ba 36.2022)<\/a><\/span><\/em><\/p>\n<p>Resolu\u00e7\u00e3o n\u00ba 24 de 22 de dezembro de 2021 &#8211; <a href=\"https:\/\/wp.ufpel.edu.br\/scs\/files\/2022\/02\/Resolucao-24.2021-COCEPE.pdf\">Aprova o Programa de Aux\u00edlio Pr\u00e9-Escolar da UFPel<\/a><\/p>\n<p>Resolu\u00e7\u00e3o n\u00ba 25 de 22 de dezembro de 2021 &#8211; <a href=\"https:\/\/wp.ufpel.edu.br\/scs\/files\/2022\/02\/Resolucao-25.2021-COCEPE.pdf\">Regulamenta as a\u00e7\u00f5es de acompanhamento de rendimento acad\u00eamico e perman\u00eancia nos Programas Aux\u00edlio Estudantil da PRAE, prioritariamente \u00e0 estudantes bolsistas da Pr\u00f3-Reitoria de Assuntos Estudantis \u00a0<\/a><a href=\"https:\/\/wp.ufpel.edu.br\/scs\/files\/2022\/09\/SEI_UFPel-1715094-Resolucao-34.2022.pdf\">(Alterada pela Resolu\u00e7\u00e3o n\u00ba 34.2022)<\/a><\/p>\n<p>Resolu\u00e7\u00e3o n\u00ba 26 de 22 de dezembro de 2021 &#8211; <a href=\"https:\/\/wp.ufpel.edu.br\/scs\/files\/2022\/02\/Resolucao-26.2021-COCEPE.pdf\">Aprova o Programa de Aux\u00edlio Transporte da UFPel<\/a><\/p>\n<p>Resolu\u00e7\u00e3o n\u00ba 27 de 22 de dezembro de 2021 &#8211; <a href=\"https:\/\/wp.ufpel.edu.br\/scs\/files\/2022\/02\/Resolucao-27.2021-COCEPE.pdf\">Aprova o Programa de Moradia Estudantil da UFPel<\/a><\/p>\n<p>Resolu\u00e7\u00e3o n\u00ba 28 de 22 de dezembro de 2021 &#8211; <a href=\"https:\/\/wp.ufpel.edu.br\/scs\/files\/2022\/02\/Resolucao-28.2021-COCEPE.pdf\">Disp\u00f5e sobre o Regulamento Geral dos Projetos de Est\u00edmulo \u00e0 Inova\u00e7\u00e3o da Universidade Federal de Pelotas &#8211; UFPel e d\u00e1 outras provid\u00eancias<\/a><\/p>\n<p>&nbsp;<\/p>\n<p>&nbsp;<\/p>\n<p>&nbsp;<\/p>\n","protected":false},"excerpt":{"rendered":"<p>Resolu\u00e7\u00e3o n\u00ba 07 de 08 de abril de 2021 &#8211; Altera Resolu\u00e7\u00e3o 24\/2016, na reda\u00e7\u00e3o do inciso III e inclus\u00e3o do par\u00e1grafo 4\u00ba, no artigo 5\u00ba e d\u00e1 nova reda\u00e7\u00e3o ao artigo 21. Resolu\u00e7\u00e3o n\u00ba 08 de 20 de maio de 2021 &#8211; Disp\u00f5e sobre o aproveitamento de estudos realizados no \u00e2mbito do Programa de [&hellip;]<\/p>\n","protected":false},"author":29,"featured_media":0,"parent":196,"menu_order":0,"comment_status":"closed","ping_status":"closed","template":"","meta":{"footnotes":""},"class_list":["post-6332","page","type-page","status-publish","hentry"],"_links":{"self":[{"href":"https:\/\/wp.ufpel.edu.br\/scs\/wp-json\/wp\/v2\/pages\/6332","targetHints":{"allow":["GET"]}}],"collection":[{"href":"https:\/\/wp.ufpel.edu.br\/scs\/wp-json\/wp\/v2\/pages"}],"about":[{"href":"https:\/\/wp.ufpel.edu.br\/scs\/wp-json\/wp\/v2\/types\/page"}],"author":[{"embeddable":true,"href":"https:\/\/wp.ufpel.edu.br\/scs\/wp-json\/wp\/v2\/users\/29"}],"replies":[{"embeddable":true,"href":"https:\/\/wp.ufpel.edu.br\/scs\/wp-json\/wp\/v2\/comments?post=6332"}],"version-history":[{"count":41,"href":"https:\/\/wp.ufpel.edu.br\/scs\/wp-json\/wp\/v2\/pages\/6332\/revisions"}],"predecessor-version":[{"id":7894,"href":"https:\/\/wp.ufpel.edu.br\/scs\/wp-json\/wp\/v2\/pages\/6332\/revisions\/7894"}],"up":[{"embeddable":true,"href":"https:\/\/wp.ufpel.edu.br\/scs\/wp-json\/wp\/v2\/pages\/196"}],"wp:attachment":[{"href":"https:\/\/wp.ufpel.edu.br\/scs\/wp-json\/wp\/v2\/media?parent=6332"}],"curies":[{"name":"wp","href":"https:\/\/api.w.org\/{rel}","templated":true}]}}