{"id":609,"date":"2010-08-11T21:57:52","date_gmt":"2010-08-11T23:57:52","guid":{"rendered":"https:\/\/wp.ufpel.edu.br\/scs\/"},"modified":"2015-03-05T16:06:38","modified_gmt":"2015-03-05T19:06:38","slug":"1982-2","status":"publish","type":"page","link":"https:\/\/wp.ufpel.edu.br\/scs\/cocepe\/resolucoes\/1982-2\/","title":{"rendered":"1982"},"content":{"rendered":"<p>1982\/01 &#8211; <a href=\"https:\/\/wp.ufpel.edu.br\/scs\/files\/2010\/08\/1982_01.pdf\">Cria a disciplina de Portugu\u00eas Instrumental com 4 cr\u00e9ditos, obrigat\u00f3ria para todos os alunos que tiverem obtido grau inferior a 5 na prova de reda\u00e7\u00e3o do vestibular a partir de 1983 (exceto alunos da Pedagogia).<\/a><\/p>\n","protected":false},"excerpt":{"rendered":"<p>1982\/01 &#8211; Cria a disciplina de Portugu\u00eas Instrumental com 4 cr\u00e9ditos, obrigat\u00f3ria para todos os alunos que tiverem obtido grau inferior a 5 na prova de reda\u00e7\u00e3o do vestibular a partir de 1983 (exceto alunos da Pedagogia).<\/p>\n","protected":false},"author":29,"featured_media":0,"parent":196,"menu_order":34,"comment_status":"closed","ping_status":"closed","template":"","meta":{"footnotes":""},"class_list":["post-609","page","type-page","status-publish","hentry"],"_links":{"self":[{"href":"https:\/\/wp.ufpel.edu.br\/scs\/wp-json\/wp\/v2\/pages\/609","targetHints":{"allow":["GET"]}}],"collection":[{"href":"https:\/\/wp.ufpel.edu.br\/scs\/wp-json\/wp\/v2\/pages"}],"about":[{"href":"https:\/\/wp.ufpel.edu.br\/scs\/wp-json\/wp\/v2\/types\/page"}],"author":[{"embeddable":true,"href":"https:\/\/wp.ufpel.edu.br\/scs\/wp-json\/wp\/v2\/users\/29"}],"replies":[{"embeddable":true,"href":"https:\/\/wp.ufpel.edu.br\/scs\/wp-json\/wp\/v2\/comments?post=609"}],"version-history":[{"count":2,"href":"https:\/\/wp.ufpel.edu.br\/scs\/wp-json\/wp\/v2\/pages\/609\/revisions"}],"predecessor-version":[{"id":1203,"href":"https:\/\/wp.ufpel.edu.br\/scs\/wp-json\/wp\/v2\/pages\/609\/revisions\/1203"}],"up":[{"embeddable":true,"href":"https:\/\/wp.ufpel.edu.br\/scs\/wp-json\/wp\/v2\/pages\/196"}],"wp:attachment":[{"href":"https:\/\/wp.ufpel.edu.br\/scs\/wp-json\/wp\/v2\/media?parent=609"}],"curies":[{"name":"wp","href":"https:\/\/api.w.org\/{rel}","templated":true}]}}