{"id":605,"date":"2010-08-11T21:54:54","date_gmt":"2010-08-11T23:54:54","guid":{"rendered":"https:\/\/wp.ufpel.edu.br\/scs\/"},"modified":"2015-03-05T16:08:08","modified_gmt":"2015-03-05T19:08:08","slug":"1984-2","status":"publish","type":"page","link":"https:\/\/wp.ufpel.edu.br\/scs\/cocepe\/resolucoes\/1984-2\/","title":{"rendered":"1984"},"content":{"rendered":"<p>1984\/01 &#8211; <a href=\"https:\/\/wp.ufpel.edu.br\/scs\/files\/2010\/08\/1984_01.pdf\">Isenta de representatividade nos colegiados de cursos de gradua\u00e7\u00e3o a disciplina Estudo dos Problemas Brasileiros e a Pr\u00e1tica Desportiva. Isenta tamb\u00e9m as disciplinas optativas.<\/a><\/p>\n<p>1984\/02 &#8211; <a href=\"https:\/\/wp.ufpel.edu.br\/scs\/files\/2010\/08\/1984_02.pdf\">Considera como vagas nos cursos da Ufpel: 1.as vagas iniciais, fixadas pelo COCEPE para o ingresso; 2.as vagas ocorridas por motivos de desist\u00eancia, cancelamento, transfer\u00eancia ou outra condi\u00e7\u00e3o que leve ao afastamento definitivo do estudante. 3. Ingresso PD somente em sobra de vagas do Vestibular. (art 149 Regimento, Lei 7.165 de 14\/12\/1983, Resolu\u00e7\u00e3o n\u00b012\/84 CFE, Pareceres 149\/82, 1.117\/80 e 367\/82 do CFE).<\/a><\/p>\n","protected":false},"excerpt":{"rendered":"<p>1984\/01 &#8211; Isenta de representatividade nos colegiados de cursos de gradua\u00e7\u00e3o a disciplina Estudo dos Problemas Brasileiros e a Pr\u00e1tica Desportiva. Isenta tamb\u00e9m as disciplinas optativas. 1984\/02 &#8211; Considera como vagas nos cursos da Ufpel: 1.as vagas iniciais, fixadas pelo COCEPE para o ingresso; 2.as vagas ocorridas por motivos de desist\u00eancia, cancelamento, transfer\u00eancia ou outra [&hellip;]<\/p>\n","protected":false},"author":29,"featured_media":0,"parent":196,"menu_order":32,"comment_status":"closed","ping_status":"closed","template":"","meta":{"footnotes":""},"class_list":["post-605","page","type-page","status-publish","hentry"],"_links":{"self":[{"href":"https:\/\/wp.ufpel.edu.br\/scs\/wp-json\/wp\/v2\/pages\/605","targetHints":{"allow":["GET"]}}],"collection":[{"href":"https:\/\/wp.ufpel.edu.br\/scs\/wp-json\/wp\/v2\/pages"}],"about":[{"href":"https:\/\/wp.ufpel.edu.br\/scs\/wp-json\/wp\/v2\/types\/page"}],"author":[{"embeddable":true,"href":"https:\/\/wp.ufpel.edu.br\/scs\/wp-json\/wp\/v2\/users\/29"}],"replies":[{"embeddable":true,"href":"https:\/\/wp.ufpel.edu.br\/scs\/wp-json\/wp\/v2\/comments?post=605"}],"version-history":[{"count":3,"href":"https:\/\/wp.ufpel.edu.br\/scs\/wp-json\/wp\/v2\/pages\/605\/revisions"}],"predecessor-version":[{"id":2125,"href":"https:\/\/wp.ufpel.edu.br\/scs\/wp-json\/wp\/v2\/pages\/605\/revisions\/2125"}],"up":[{"embeddable":true,"href":"https:\/\/wp.ufpel.edu.br\/scs\/wp-json\/wp\/v2\/pages\/196"}],"wp:attachment":[{"href":"https:\/\/wp.ufpel.edu.br\/scs\/wp-json\/wp\/v2\/media?parent=605"}],"curies":[{"name":"wp","href":"https:\/\/api.w.org\/{rel}","templated":true}]}}