{"id":592,"date":"2010-08-11T20:20:03","date_gmt":"2010-08-11T22:20:03","guid":{"rendered":"https:\/\/wp.ufpel.edu.br\/scs\/"},"modified":"2015-03-05T15:08:31","modified_gmt":"2015-03-05T18:08:31","slug":"1990-2","status":"publish","type":"page","link":"https:\/\/wp.ufpel.edu.br\/scs\/cocepe\/resolucoes\/1990-2\/","title":{"rendered":"1990"},"content":{"rendered":"<p>1990\/01 &#8211; <a href=\"https:\/\/wp.ufpel.edu.br\/scs\/files\/2010\/08\/1990_01.pdf\">Define os termos -Complementa\u00e7\u00e3o- e -Atualiza\u00e7\u00e3o- no que se refere a cursar disciplinas. Limita o n\u00famero m\u00e1ximo de disciplinas cursadas como Disciplinas Isoladas.<\/a><\/p>\n<p>1990\/02 &#8211; <a href=\"https:\/\/wp.ufpel.edu.br\/scs\/files\/2010\/08\/1990_02.pdf\">Desconsiderar as atividades letivas ocorridas anteriormente \u00e0 data da rematr\u00edcula exclusivamente para efeito de c\u00e1lculo do percentual m\u00ednimo regimental de frequencia ao aluno inclu\u00eddo na disciplina por esta via.<\/a><\/p>\n<p>1990\/03 &#8211; <a href=\"https:\/\/wp.ufpel.edu.br\/scs\/files\/2010\/08\/1990_03.pdf\">Estabelecer normas para Aluno-Ouvinte.<\/a><\/p>\n<p>1990\/04 &#8211; <a href=\"https:\/\/wp.ufpel.edu.br\/scs\/files\/2010\/08\/1990_04.pdf\">Aprovar normas que regulamentam o tempo de Perman\u00eancia do discente.<\/a> <a title=\"Anexo\" href=\"https:\/\/wp.ufpel.edu.br\/scs\/files\/2010\/08\/1990_04_B.pdf\" target=\"_blank\"><img class=\"size-full wp-image-312\" src=\"https:\/\/wp.ufpel.edu.br\/scs\/files\/2010\/08\/1281295520_paperclip.png\" alt=\"\" width=\"16\" height=\"16\" \/><\/a><\/p>\n<p>1990\/05 &#8211; <a href=\"https:\/\/wp.ufpel.edu.br\/scs\/files\/2010\/08\/1990_05.pdf\">Definir como optativa a disciplina de Portugu\u00eas Instrumental a partir de 1991 independente da forma de ingresso.<\/a><\/p>\n<p>1990\/06 &#8211; <a href=\"https:\/\/wp.ufpel.edu.br\/scs\/files\/2010\/08\/1990_06.pdf\">Regulamenta o pedido de Reingresso para alunos em abandono.<\/a><\/p>\n<p>1990\/07 &#8211; <a href=\"https:\/\/wp.ufpel.edu.br\/scs\/files\/2010\/08\/1990_07.pdf\">Alterar o caput do artigo 3\u00b0 das Normas que regem os concursos para provimento de emprego de Professor de Ensino de 1\u00b0 e 2\u00b0 graus fixado pela portaria 341, de 18 de maio de 1987.<\/a><\/p>\n<p>1990\/08 &#8211; <a href=\"https:\/\/wp.ufpel.edu.br\/scs\/files\/2010\/08\/1990_08.pdf\">Estabelecer como optativas as disciplinas de Estudos de Problemas Brasileiros e Pr\u00e1tica Desportiva a partir de 1991 independente do ano de ingresso.<\/a><\/p>\n","protected":false},"excerpt":{"rendered":"<p>1990\/01 &#8211; Define os termos -Complementa\u00e7\u00e3o- e -Atualiza\u00e7\u00e3o- no que se refere a cursar disciplinas. Limita o n\u00famero m\u00e1ximo de disciplinas cursadas como Disciplinas Isoladas. 1990\/02 &#8211; Desconsiderar as atividades letivas ocorridas anteriormente \u00e0 data da rematr\u00edcula exclusivamente para efeito de c\u00e1lculo do percentual m\u00ednimo regimental de frequencia ao aluno inclu\u00eddo na disciplina por esta [&hellip;]<\/p>\n","protected":false},"author":29,"featured_media":0,"parent":196,"menu_order":26,"comment_status":"closed","ping_status":"closed","template":"","meta":{"footnotes":""},"class_list":["post-592","page","type-page","status-publish","hentry"],"_links":{"self":[{"href":"https:\/\/wp.ufpel.edu.br\/scs\/wp-json\/wp\/v2\/pages\/592","targetHints":{"allow":["GET"]}}],"collection":[{"href":"https:\/\/wp.ufpel.edu.br\/scs\/wp-json\/wp\/v2\/pages"}],"about":[{"href":"https:\/\/wp.ufpel.edu.br\/scs\/wp-json\/wp\/v2\/types\/page"}],"author":[{"embeddable":true,"href":"https:\/\/wp.ufpel.edu.br\/scs\/wp-json\/wp\/v2\/users\/29"}],"replies":[{"embeddable":true,"href":"https:\/\/wp.ufpel.edu.br\/scs\/wp-json\/wp\/v2\/comments?post=592"}],"version-history":[{"count":3,"href":"https:\/\/wp.ufpel.edu.br\/scs\/wp-json\/wp\/v2\/pages\/592\/revisions"}],"predecessor-version":[{"id":2119,"href":"https:\/\/wp.ufpel.edu.br\/scs\/wp-json\/wp\/v2\/pages\/592\/revisions\/2119"}],"up":[{"embeddable":true,"href":"https:\/\/wp.ufpel.edu.br\/scs\/wp-json\/wp\/v2\/pages\/196"}],"wp:attachment":[{"href":"https:\/\/wp.ufpel.edu.br\/scs\/wp-json\/wp\/v2\/media?parent=592"}],"curies":[{"name":"wp","href":"https:\/\/api.w.org\/{rel}","templated":true}]}}