{"id":580,"date":"2010-08-10T23:23:12","date_gmt":"2010-08-11T01:23:12","guid":{"rendered":"https:\/\/wp.ufpel.edu.br\/scs\/"},"modified":"2015-03-05T15:07:52","modified_gmt":"2015-03-05T18:07:52","slug":"1994-2","status":"publish","type":"page","link":"https:\/\/wp.ufpel.edu.br\/scs\/cocepe\/resolucoes\/1994-2\/","title":{"rendered":"1994"},"content":{"rendered":"<p>1994\/01 &#8211; <a href=\"https:\/\/wp.ufpel.edu.br\/scs\/files\/2010\/08\/1994_01.pdf\">Estabelece que o regime de dedica\u00e7\u00e3o exclusiva (DE) somente ser\u00e1 concedido ao docente que comprovar, no m\u00ednimo, cinco anos de doc\u00eancia antes de sua aposentadoria.<\/a><\/p>\n","protected":false},"excerpt":{"rendered":"<p>1994\/01 &#8211; Estabelece que o regime de dedica\u00e7\u00e3o exclusiva (DE) somente ser\u00e1 concedido ao docente que comprovar, no m\u00ednimo, cinco anos de doc\u00eancia antes de sua aposentadoria.<\/p>\n","protected":false},"author":29,"featured_media":0,"parent":196,"menu_order":22,"comment_status":"closed","ping_status":"closed","template":"","meta":{"footnotes":""},"class_list":["post-580","page","type-page","status-publish","hentry"],"_links":{"self":[{"href":"https:\/\/wp.ufpel.edu.br\/scs\/wp-json\/wp\/v2\/pages\/580","targetHints":{"allow":["GET"]}}],"collection":[{"href":"https:\/\/wp.ufpel.edu.br\/scs\/wp-json\/wp\/v2\/pages"}],"about":[{"href":"https:\/\/wp.ufpel.edu.br\/scs\/wp-json\/wp\/v2\/types\/page"}],"author":[{"embeddable":true,"href":"https:\/\/wp.ufpel.edu.br\/scs\/wp-json\/wp\/v2\/users\/29"}],"replies":[{"embeddable":true,"href":"https:\/\/wp.ufpel.edu.br\/scs\/wp-json\/wp\/v2\/comments?post=580"}],"version-history":[{"count":3,"href":"https:\/\/wp.ufpel.edu.br\/scs\/wp-json\/wp\/v2\/pages\/580\/revisions"}],"predecessor-version":[{"id":1191,"href":"https:\/\/wp.ufpel.edu.br\/scs\/wp-json\/wp\/v2\/pages\/580\/revisions\/1191"}],"up":[{"embeddable":true,"href":"https:\/\/wp.ufpel.edu.br\/scs\/wp-json\/wp\/v2\/pages\/196"}],"wp:attachment":[{"href":"https:\/\/wp.ufpel.edu.br\/scs\/wp-json\/wp\/v2\/media?parent=580"}],"curies":[{"name":"wp","href":"https:\/\/api.w.org\/{rel}","templated":true}]}}