{"id":570,"date":"2010-08-09T20:59:27","date_gmt":"2010-08-09T22:59:27","guid":{"rendered":"https:\/\/wp.ufpel.edu.br\/scs\/"},"modified":"2015-03-05T15:06:44","modified_gmt":"2015-03-05T18:06:44","slug":"1998-2","status":"publish","type":"page","link":"https:\/\/wp.ufpel.edu.br\/scs\/cocepe\/resolucoes\/1998-2\/","title":{"rendered":"1998"},"content":{"rendered":"<p>1998\/01 &#8211; <a>Aprova as &#8220;Normas para Elabora\u00e7\u00e3o de Tese e Disserta\u00e7\u00e3o da UFPel&#8221;.<\/a><\/p>\n","protected":false},"excerpt":{"rendered":"<p>1998\/01 &#8211; Aprova as &#8220;Normas para Elabora\u00e7\u00e3o de Tese e Disserta\u00e7\u00e3o da UFPel&#8221;.<\/p>\n","protected":false},"author":29,"featured_media":0,"parent":196,"menu_order":18,"comment_status":"closed","ping_status":"closed","template":"","meta":{"footnotes":""},"class_list":["post-570","page","type-page","status-publish","hentry"],"_links":{"self":[{"href":"https:\/\/wp.ufpel.edu.br\/scs\/wp-json\/wp\/v2\/pages\/570","targetHints":{"allow":["GET"]}}],"collection":[{"href":"https:\/\/wp.ufpel.edu.br\/scs\/wp-json\/wp\/v2\/pages"}],"about":[{"href":"https:\/\/wp.ufpel.edu.br\/scs\/wp-json\/wp\/v2\/types\/page"}],"author":[{"embeddable":true,"href":"https:\/\/wp.ufpel.edu.br\/scs\/wp-json\/wp\/v2\/users\/29"}],"replies":[{"embeddable":true,"href":"https:\/\/wp.ufpel.edu.br\/scs\/wp-json\/wp\/v2\/comments?post=570"}],"version-history":[{"count":3,"href":"https:\/\/wp.ufpel.edu.br\/scs\/wp-json\/wp\/v2\/pages\/570\/revisions"}],"predecessor-version":[{"id":1187,"href":"https:\/\/wp.ufpel.edu.br\/scs\/wp-json\/wp\/v2\/pages\/570\/revisions\/1187"}],"up":[{"embeddable":true,"href":"https:\/\/wp.ufpel.edu.br\/scs\/wp-json\/wp\/v2\/pages\/196"}],"wp:attachment":[{"href":"https:\/\/wp.ufpel.edu.br\/scs\/wp-json\/wp\/v2\/media?parent=570"}],"curies":[{"name":"wp","href":"https:\/\/api.w.org\/{rel}","templated":true}]}}