{"id":5087,"date":"2019-04-30T09:24:44","date_gmt":"2019-04-30T12:24:44","guid":{"rendered":"https:\/\/wp.ufpel.edu.br\/scs\/?page_id=5087"},"modified":"2019-12-13T14:44:05","modified_gmt":"2019-12-13T17:44:05","slug":"2019-2","status":"publish","type":"page","link":"https:\/\/wp.ufpel.edu.br\/scs\/consun\/convocacoes\/2019-2\/","title":{"rendered":"2019"},"content":{"rendered":"<p><a href=\"https:\/\/wp.ufpel.edu.br\/scs\/files\/2019\/04\/SEI_UFPel-0509325-Convoca\u00e7\u00e3o-CONSUN-24.04-14HRS.pdf\">Convoca\u00e7\u00e3o 01.2019<\/a>\u00a0&#8211; Reuni\u00e3o de 24 de abril de 2019 &#8211; 14h<\/p>\n<p><a href=\"https:\/\/wp.ufpel.edu.br\/scs\/files\/2019\/04\/SEI_UFPel-0509333-Convoca\u00e7\u00e3o-CONSUN-24.04-15.30HRS.pdf\">Convoca\u00e7\u00e3o 02.2019<\/a> &#8211; Reuni\u00e3o de 24 de abril de 2019 &#8211; 15:30h<\/p>\n<p><a href=\"https:\/\/wp.ufpel.edu.br\/scs\/files\/2019\/08\/Convoca\u00e7\u00e3o-03.2019-consun-28.05.2019.pdf\">Convoca\u00e7\u00e3o 03.2019<\/a>\u00a0&#8211; Reuni\u00e3o de 28 de maio de 2019<\/p>\n<p><a href=\"https:\/\/wp.ufpel.edu.br\/scs\/files\/2019\/08\/Convoca\u00e7\u00e3o-04.2019-consun-07.08.19.pdf\">Convoca\u00e7\u00e3o 04.2019<\/a>\u00a0&#8211; Reuni\u00e3o de 07 de agosto de 2019<\/p>\n<p><a href=\"https:\/\/wp.ufpel.edu.br\/scs\/files\/2019\/12\/SEI_UFPel-0643010-Convoca\u00e7\u00e3o-Sess\u00e3o-Solene.pdf\">Convoca\u00e7\u00e3o Sess\u00e3o Solene<\/a> &#8211; 08 de agosto de 2019<\/p>\n<p><a href=\"https:\/\/wp.ufpel.edu.br\/scs\/files\/2019\/12\/SEI_UFPel-0706024-Convoca\u00e7\u00e3o-05.2019-19-de-setembro.pdf\">Convoca\u00e7\u00e3o 05.2019<\/a>\u00a0&#8211; Reuni\u00e3o de 19 de setembro de 2019<\/p>\n<p><a href=\"https:\/\/wp.ufpel.edu.br\/scs\/files\/2019\/12\/SEI_UFPel-0768466-Convoca\u00e7\u00e3o-06.2019-11-novembro.pdf\">Convoca\u00e7\u00e3o 06.2019<\/a>\u00a0&#8211; Reuni\u00e3o de 11 de novembro de 2019<\/p>\n<p><a href=\"https:\/\/wp.ufpel.edu.br\/scs\/files\/2019\/12\/SEI_UFPel-0806396-Convoca\u00e7\u00e3o-07.2019-CONSUN.pdf\">Convoca\u00e7\u00e3o 07.2019<\/a>\u00a0&#8211; Reuni\u00e3o de 06 de dezembro de 2019<\/p>\n","protected":false},"excerpt":{"rendered":"<p>Convoca\u00e7\u00e3o 01.2019\u00a0&#8211; Reuni\u00e3o de 24 de abril de 2019 &#8211; 14h Convoca\u00e7\u00e3o 02.2019 &#8211; Reuni\u00e3o de 24 de abril de 2019 &#8211; 15:30h Convoca\u00e7\u00e3o 03.2019\u00a0&#8211; Reuni\u00e3o de 28 de maio de 2019 Convoca\u00e7\u00e3o 04.2019\u00a0&#8211; Reuni\u00e3o de 07 de agosto de 2019 Convoca\u00e7\u00e3o Sess\u00e3o Solene &#8211; 08 de agosto de 2019 Convoca\u00e7\u00e3o 05.2019\u00a0&#8211; Reuni\u00e3o de 19 [&hellip;]<\/p>\n","protected":false},"author":29,"featured_media":0,"parent":4296,"menu_order":0,"comment_status":"closed","ping_status":"closed","template":"","meta":{"footnotes":""},"class_list":["post-5087","page","type-page","status-publish","hentry"],"_links":{"self":[{"href":"https:\/\/wp.ufpel.edu.br\/scs\/wp-json\/wp\/v2\/pages\/5087","targetHints":{"allow":["GET"]}}],"collection":[{"href":"https:\/\/wp.ufpel.edu.br\/scs\/wp-json\/wp\/v2\/pages"}],"about":[{"href":"https:\/\/wp.ufpel.edu.br\/scs\/wp-json\/wp\/v2\/types\/page"}],"author":[{"embeddable":true,"href":"https:\/\/wp.ufpel.edu.br\/scs\/wp-json\/wp\/v2\/users\/29"}],"replies":[{"embeddable":true,"href":"https:\/\/wp.ufpel.edu.br\/scs\/wp-json\/wp\/v2\/comments?post=5087"}],"version-history":[{"count":10,"href":"https:\/\/wp.ufpel.edu.br\/scs\/wp-json\/wp\/v2\/pages\/5087\/revisions"}],"predecessor-version":[{"id":5579,"href":"https:\/\/wp.ufpel.edu.br\/scs\/wp-json\/wp\/v2\/pages\/5087\/revisions\/5579"}],"up":[{"embeddable":true,"href":"https:\/\/wp.ufpel.edu.br\/scs\/wp-json\/wp\/v2\/pages\/4296"}],"wp:attachment":[{"href":"https:\/\/wp.ufpel.edu.br\/scs\/wp-json\/wp\/v2\/media?parent=5087"}],"curies":[{"name":"wp","href":"https:\/\/api.w.org\/{rel}","templated":true}]}}

<p><a href="https://wp.ufpel.edu.br/scs/files/2019/04/SEI_UFPel-0509325-Convocação-CONSUN-24.04-14HRS.pdf">Convocação 01.2019</a> &#8211; Reunião de 24 de abril de 2019 &#8211; 14h</p>
<p><a href="https://wp.ufpel.edu.br/scs/files/2019/04/SEI_UFPel-0509333-Convocação-CONSUN-24.04-15.30HRS.pdf">Convocação 02.2019</a> &#8211; Reunião de 24 de abril de 2019 &#8211; 15:30h</p>
<p><a href="https://wp.ufpel.edu.br/scs/files/2019/08/Convocação-03.2019-consun-28.05.2019.pdf">Convocação 03.2019</a> &#8211; Reunião de 28 de maio de 2019</p>
<p><a href="https://wp.ufpel.edu.br/scs/files/2019/08/Convocação-04.2019-consun-07.08.19.pdf">Convocação 04.2019</a> &#8211; Reunião de 07 de agosto de 2019</p>
<p><a href="https://wp.ufpel.edu.br/scs/files/2019/12/SEI_UFPel-0643010-Convocação-Sessão-Solene.pdf">Convocação Sessão Solene</a> &#8211; 08 de agosto de 2019</p>
<p><a href="https://wp.ufpel.edu.br/scs/files/2019/12/SEI_UFPel-0706024-Convocação-05.2019-19-de-setembro.pdf">Convocação 05.2019</a> &#8211; Reunião de 19 de setembro de 2019</p>
<p><a href="https://wp.ufpel.edu.br/scs/files/2019/12/SEI_UFPel-0768466-Convocação-06.2019-11-novembro.pdf">Convocação 06.2019</a> &#8211; Reunião de 11 de novembro de 2019</p>
<p><a href="https://wp.ufpel.edu.br/scs/files/2019/12/SEI_UFPel-0806396-Convocação-07.2019-CONSUN.pdf">Convocação 07.2019</a> &#8211; Reunião de 06 de dezembro de 2019</p>

<p>Convocação 01.2019 &#8211; Reunião de 24 de abril de 2019 &#8211; 14h Convocação 02.2019 &#8211; Reunião de 24 de abril de 2019 &#8211; 15:30h Convocação 03.2019 &#8211; Reunião de 28 de maio de 2019 Convocação 04.2019 &#8211; Reunião de 07 de agosto de 2019 Convocação Sessão Solene &#8211; 08 de agosto de 2019 Convocação 05.2019 &#8211; Reunião de 19 [&hellip;]</p>
