{"id":3569,"date":"2018-06-07T15:58:45","date_gmt":"2018-06-07T18:58:45","guid":{"rendered":"https:\/\/wp.ufpel.edu.br\/scs\/?page_id=3569"},"modified":"2025-06-11T09:20:47","modified_gmt":"2025-06-11T12:20:47","slug":"substituto","status":"publish","type":"page","link":"https:\/\/wp.ufpel.edu.br\/scs\/normas-para-concurso\/material-para-concursos\/substituto\/","title":{"rendered":"Substituto"},"content":{"rendered":"<p><a href=\"https:\/\/wp.ufpel.edu.br\/scs\/files\/2025\/06\/Resolucacao-COCEPE-55.2023-e-anexos.pdf\"><strong>Resolu\u00e7\u00e3o COCEPE 55.2023<\/strong><\/a>\u00a0&#8211; <strong>Estabelece as Normas e Procedimentos para Contrata\u00e7\u00e3o de Professores Substitutos na UFPel<\/strong>. <em>Revogam-se as Resolu\u00e7\u00f5es n\u00ba 23\/2015; n\u00ba 31\/2019 e\u00a0n\u00ba 32\/2022.\u00a0<\/em><\/p>\n<ul>\n<li><a href=\"https:\/\/wp.ufpel.edu.br\/scs\/files\/2023\/08\/Anexo-I-RES.55.2023-Formulario-de-Avaliacao-Prova-Didatica.pdf\">Anexo I Res. 55.2023 &#8211; Formul\u00b4\u00e1rio de Avalia\u00e7\u00e3o Prova Did\u00e1tica (pdf)<\/a><\/li>\n<li><a href=\"https:\/\/wp.ufpel.edu.br\/scs\/files\/2023\/08\/Anexo-II-RES.55.2023-Formulario-de-Avaliacao-Prova-Pratica.pdf\">Anexo II Res. 55.2023 &#8211; Formul\u00e1rio de Avalia\u00e7\u00e3o Prova Pr\u00e1tica (pdf)<\/a><\/li>\n<li><a href=\"https:\/\/wp.ufpel.edu.br\/scs\/files\/2023\/08\/Anexo-III-RES.55.2023-Planilha-Exame-de-Titulos.pdf\">Anexo III Res. .55.2023 &#8211; Planilha Exame de T\u00edtulos (pdf)<\/a><\/li>\n<li><a href=\"https:\/\/wp.ufpel.edu.br\/scs\/files\/2023\/08\/Anexo-IV-RES.55.2023-Impedimentos.pdf\">Anexo IV Res. 55.2023 &#8211; Impedimentos da Banca (pdf)<\/a><\/li>\n<\/ul>\n<p><strong><em>Anexos edit\u00e1veis (word)<\/em><\/strong><\/p>\n<ul>\n<li><a href=\"https:\/\/wp.ufpel.edu.br\/scs\/files\/2023\/08\/Anexo-I-RES.55.2023-Formulario-de-Avaliacao-Prova-Didatica.doc\">Anexo I Res. 55.2023 &#8211; Formul\u00e1rio de Avalia\u00e7\u00e3oo Prova Did\u00e1tica<\/a><\/li>\n<li><a href=\"https:\/\/wp.ufpel.edu.br\/scs\/files\/2023\/08\/Anexo-II-RES.55.2023-Formulario-de-Avaliacao-Prova-Pratica-1.doc\">Anexo II Res. 55.2023 &#8211; Formul\u00e1rio de Avalia\u00e7\u00e3o Prova Pr\u00e1tica<\/a><\/li>\n<li><a href=\"https:\/\/wp.ufpel.edu.br\/scs\/files\/2023\/08\/Anexo-III-Planilha-Exame-de-Titulos_Res.55.2023-Atalizada-17.04.23.xlsb\">Anexo III &#8211; Planilha Exame de T\u00edtulos Res.55.2023<\/a><\/li>\n<li><a href=\"https:\/\/wp.ufpel.edu.br\/scs\/files\/2023\/08\/Anexo-IV-RES.-55.2023-Impedimentos-da-Banca.doc\">Anexo IV Res. 55.2023 &#8211; Impedimentos da Banca<\/a><\/li>\n<\/ul>\n<p>&nbsp;<\/p>\n<p><strong>Modelos de Atas &#8211; edit\u00e1veis (word):<\/strong><\/p>\n<ol>\n<li><a href=\"https:\/\/wp.ufpel.edu.br\/scs\/files\/2023\/08\/Ata-no-1-Instalacao-da-Banca-Ref.Res_.55.2023.doc\">Ata-n\u00ba-1-Instala\u00e7\u00e3o-da-Banca &#8211; Ref.Res.55.2023<\/a><\/li>\n<li><a href=\"https:\/\/wp.ufpel.edu.br\/scs\/files\/2023\/08\/Ata-no-2-Prova-Didatica-Ref.-Res.-55.2023.doc\">Ata-n\u00ba-2-Prova-Did\u00e1tica-Ref.-Res. 55.2023<\/a><\/li>\n<li><a href=\"https:\/\/wp.ufpel.edu.br\/scs\/files\/2023\/08\/Ata-no-3-Apuracao-Prova-Didatica-Ref.-Res.-55.2023.doc\">Ata-n\u00ba-3-Apura\u00e7\u00e3o-Prova-Did\u00e1tica-Ref.-Res. 55.2023<\/a><\/li>\n<li><a href=\"https:\/\/wp.ufpel.edu.br\/scs\/files\/2023\/08\/Ata-no-4-Exame-de-Titulos-Ref.-Res.55.2023.doc\">Ata-no-4-Exame-de-Titulos-Ref.-Res.55.2023<\/a><\/li>\n<li><a href=\"https:\/\/wp.ufpel.edu.br\/scs\/files\/2023\/08\/Ata-no-5-PARECER-FINAL-Ref.-Res.55.2023.doc\">Ata-no-5-PARECER-FINAL-Ref.-Res.55.2023<\/a><\/li>\n<\/ol>\n<p>&nbsp;<\/p>\n<p><strong>Fichas &#8211; edit\u00e1veis (word)<\/strong><strong>:<\/strong><\/p>\n<ul>\n<li><a href=\"https:\/\/wp.ufpel.edu.br\/scs\/files\/2023\/08\/Ficha-Examin.-Prova-Didatica.doc\">Ficha-Examin.-Prova-Did\u00e1tica<\/a><\/li>\n<li><a href=\"https:\/\/wp.ufpel.edu.br\/scs\/files\/2023\/08\/Ficha-Examin.-Exame-de-Titulos-Res.-55.2023.doc\">Ficha-Examin.-Exame-de-T\u00edtulos &#8211; Res. 55.2023<\/a><\/li>\n<\/ul>\n<p>&nbsp;<\/p>\n<p><strong>Planilha de Notas &#8211; edit\u00e1vel:<\/strong><\/p>\n<ul>\n<li><a href=\"https:\/\/wp.ufpel.edu.br\/scs\/files\/2025\/03\/Modelo-de-Planilha-Notas-Concurso-substituto-com_truncamento-2-dig.xlsx\">Modelo-de-Planilha-Notas-Concurso-substituto-com_truncamento-2-dig<\/a><\/li>\n<\/ul>\n","protected":false},"excerpt":{"rendered":"<p>Resolu\u00e7\u00e3o COCEPE 55.2023\u00a0&#8211; Estabelece as Normas e Procedimentos para Contrata\u00e7\u00e3o de Professores Substitutos na UFPel. Revogam-se as Resolu\u00e7\u00f5es n\u00ba 23\/2015; n\u00ba 31\/2019 e\u00a0n\u00ba 32\/2022.\u00a0 Anexo I Res. 55.2023 &#8211; Formul\u00b4\u00e1rio de Avalia\u00e7\u00e3o Prova Did\u00e1tica (pdf) Anexo II Res. 55.2023 &#8211; Formul\u00e1rio de Avalia\u00e7\u00e3o Prova Pr\u00e1tica (pdf) Anexo III Res. .55.2023 &#8211; Planilha Exame de T\u00edtulos [&hellip;]<\/p>\n","protected":false},"author":29,"featured_media":0,"parent":1808,"menu_order":0,"comment_status":"closed","ping_status":"closed","template":"","meta":{"footnotes":""},"class_list":["post-3569","page","type-page","status-publish","hentry"],"_links":{"self":[{"href":"https:\/\/wp.ufpel.edu.br\/scs\/wp-json\/wp\/v2\/pages\/3569","targetHints":{"allow":["GET"]}}],"collection":[{"href":"https:\/\/wp.ufpel.edu.br\/scs\/wp-json\/wp\/v2\/pages"}],"about":[{"href":"https:\/\/wp.ufpel.edu.br\/scs\/wp-json\/wp\/v2\/types\/page"}],"author":[{"embeddable":true,"href":"https:\/\/wp.ufpel.edu.br\/scs\/wp-json\/wp\/v2\/users\/29"}],"replies":[{"embeddable":true,"href":"https:\/\/wp.ufpel.edu.br\/scs\/wp-json\/wp\/v2\/comments?post=3569"}],"version-history":[{"count":47,"href":"https:\/\/wp.ufpel.edu.br\/scs\/wp-json\/wp\/v2\/pages\/3569\/revisions"}],"predecessor-version":[{"id":9991,"href":"https:\/\/wp.ufpel.edu.br\/scs\/wp-json\/wp\/v2\/pages\/3569\/revisions\/9991"}],"up":[{"embeddable":true,"href":"https:\/\/wp.ufpel.edu.br\/scs\/wp-json\/wp\/v2\/pages\/1808"}],"wp:attachment":[{"href":"https:\/\/wp.ufpel.edu.br\/scs\/wp-json\/wp\/v2\/media?parent=3569"}],"curies":[{"name":"wp","href":"https:\/\/api.w.org\/{rel}","templated":true}]}}