{"id":299,"date":"2010-08-08T17:48:42","date_gmt":"2010-08-08T19:48:42","guid":{"rendered":"https:\/\/wp.ufpel.edu.br\/scs\/"},"modified":"2015-03-05T15:02:51","modified_gmt":"2015-03-05T18:02:51","slug":"2008-2","status":"publish","type":"page","link":"https:\/\/wp.ufpel.edu.br\/scs\/cocepe\/resolucoes\/2008-2\/","title":{"rendered":"2008"},"content":{"rendered":"<p>2008\/01 &#8211; <a href=\"https:\/\/wp.ufpel.edu.br\/scs\/files\/2010\/08\/2008_01.pdf\">Normatiza os Projetos de Ensino.<\/a><\/p>\n<p>2008\/02 &#8211; <a href=\"https:\/\/wp.ufpel.edu.br\/scs\/files\/2010\/08\/2008_02.pdf\">Aprova o Regimento Interno do Centro de Biomateriais do Departamento de Odontologia Restauradora, da Faculdade de Odontologia.<\/a><\/p>\n<p>2008\/03 &#8211; <a href=\"https:\/\/wp.ufpel.edu.br\/scs\/files\/2010\/08\/2008_03.pdf\">Regulamenta os procedimentos a serem observados quanto a vistas de provas de Concursos P\u00fablicos, na UFPel.<\/a><\/p>\n<p>2008\/04 &#8211; <a href=\"https:\/\/wp.ufpel.edu.br\/scs\/files\/2010\/08\/2008_04.pdf\">Regulamenta os procedimentos a serem observados quanto \u00e0 avalia\u00e7\u00e3o de desempenho para fins de progress\u00e3o funcional dos docentes em afastamento parcial de trinta horas semanais.<\/a><\/p>\n","protected":false},"excerpt":{"rendered":"<p>2008\/01 &#8211; Normatiza os Projetos de Ensino. 2008\/02 &#8211; Aprova o Regimento Interno do Centro de Biomateriais do Departamento de Odontologia Restauradora, da Faculdade de Odontologia. 2008\/03 &#8211; Regulamenta os procedimentos a serem observados quanto a vistas de provas de Concursos P\u00fablicos, na UFPel. 2008\/04 &#8211; Regulamenta os procedimentos a serem observados quanto \u00e0 avalia\u00e7\u00e3o [&hellip;]<\/p>\n","protected":false},"author":29,"featured_media":0,"parent":196,"menu_order":8,"comment_status":"closed","ping_status":"closed","template":"","meta":{"footnotes":""},"class_list":["post-299","page","type-page","status-publish","hentry"],"_links":{"self":[{"href":"https:\/\/wp.ufpel.edu.br\/scs\/wp-json\/wp\/v2\/pages\/299","targetHints":{"allow":["GET"]}}],"collection":[{"href":"https:\/\/wp.ufpel.edu.br\/scs\/wp-json\/wp\/v2\/pages"}],"about":[{"href":"https:\/\/wp.ufpel.edu.br\/scs\/wp-json\/wp\/v2\/types\/page"}],"author":[{"embeddable":true,"href":"https:\/\/wp.ufpel.edu.br\/scs\/wp-json\/wp\/v2\/users\/29"}],"replies":[{"embeddable":true,"href":"https:\/\/wp.ufpel.edu.br\/scs\/wp-json\/wp\/v2\/comments?post=299"}],"version-history":[{"count":7,"href":"https:\/\/wp.ufpel.edu.br\/scs\/wp-json\/wp\/v2\/pages\/299\/revisions"}],"predecessor-version":[{"id":1175,"href":"https:\/\/wp.ufpel.edu.br\/scs\/wp-json\/wp\/v2\/pages\/299\/revisions\/1175"}],"up":[{"embeddable":true,"href":"https:\/\/wp.ufpel.edu.br\/scs\/wp-json\/wp\/v2\/pages\/196"}],"wp:attachment":[{"href":"https:\/\/wp.ufpel.edu.br\/scs\/wp-json\/wp\/v2\/media?parent=299"}],"curies":[{"name":"wp","href":"https:\/\/api.w.org\/{rel}","templated":true}]}}