{"id":296,"date":"2010-08-08T17:47:28","date_gmt":"2010-08-08T19:47:28","guid":{"rendered":"https:\/\/wp.ufpel.edu.br\/scs\/"},"modified":"2024-11-14T09:42:06","modified_gmt":"2024-11-14T12:42:06","slug":"2009-2","status":"publish","type":"page","link":"https:\/\/wp.ufpel.edu.br\/scs\/cocepe\/resolucoes\/2009-2\/","title":{"rendered":"2009"},"content":{"rendered":"<p>2009\/01 &#8211; <a href=\"https:\/\/wp.ufpel.edu.br\/scs\/files\/2010\/08\/2009_01.pdf\">Aprova \u201cad referendum\u201d do COCEPE, os concursos p\u00fablicos para provimento de cargo de Professor de Ensino B\u00e1sico, T\u00e9cnico e Tecnol\u00f3gico.<\/a><\/p>\n<p>2009\/02 &#8211; <a href=\"https:\/\/wp.ufpel.edu.br\/scs\/files\/2010\/08\/2009_02.pdf\">Altera a reda\u00e7\u00e3o do Art. 9\u00ba da Resolu\u00e7\u00e3o n\u00ba 02\/99.<\/a><\/p>\n<p>2009\/03 &#8211; <a href=\"https:\/\/wp.ufpel.edu.br\/scs\/files\/2010\/08\/2009_03.pdf\">Normatiza os Est\u00e1gios obrigat\u00f3rios e n\u00e3o obrigat\u00f3rios, concedidos pela Universidade Federal de Pelotas.<\/a><\/p>\n<p>2009\/04 &#8211; <a href=\"https:\/\/wp.ufpel.edu.br\/scs\/files\/2010\/08\/2009_04.pdf\">Normatiza os Est\u00e1gios obrigat\u00f3rios e n\u00e3o obrigat\u00f3rios realizados por alunos da UFPel, nos termos desta Resolu\u00e7\u00e3o.<\/a> Revogada pela <a href=\"https:\/\/wp.ufpel.edu.br\/scs\/files\/2024\/11\/SEI_2848555_Resolucao_87.2024COCEPE.pdf\">Resolu\u00e7\u00e3o 87\/2024<\/a><\/p>\n<p>2009\/05 &#8211; <a href=\"https:\/\/wp.ufpel.edu.br\/scs\/files\/2010\/08\/2009_05.pdf\">Normatiza os Est\u00e1gios Probat\u00f3rios Realizados por Professores da UFPel.<\/a><\/p>\n<p>2009\/06 &#8211; <a href=\"https:\/\/wp.ufpel.edu.br\/scs\/files\/2010\/08\/2009_06.pdf\">Aprova a ades\u00e3o da UFPel ao Processo Seletivo Unificado, promovido pela Uni\u00e3o\/MEC\/INEP.<\/a><\/p>\n<p>2009\/07 &#8211; <a href=\"https:\/\/wp.ufpel.edu.br\/scs\/files\/2010\/08\/2009_07.pdf\">Regulamenta os Est\u00e1gios dos Cursos de Letras da UFPel.<\/a><\/p>\n<p>2009\/08 &#8211; <a href=\"https:\/\/wp.ufpel.edu.br\/scs\/files\/2010\/08\/2009_08.pdf\">Regulamenta os Procedimentos que Antecedem a Elabora\u00e7\u00e3o de Editais para Abertura de Concursos P\u00fablicos para Cargos Docentes da UFPel.<\/a><\/p>\n<p>2009\/09 &#8211; <a href=\"https:\/\/wp.ufpel.edu.br\/scs\/files\/2010\/08\/2009_09.pdf\">Estabelece as Normas e Procedimentos para a Contrata\u00e7\u00e3o de Professor Substituto na Universidade Federal de Pelotas &#8211; UFPel.<\/a><\/p>\n<p>2009\/10 &#8211; <a href=\"https:\/\/wp.ufpel.edu.br\/scs\/files\/2010\/08\/2009_10.pdf\">Normatiza a utiliza\u00e7\u00e3o de servi\u00e7o de transporte da UFPel no apoio \u00e0s aulas pr\u00e1ticas.<\/a><\/p>\n<p>2009\/11 &#8211; <a href=\"https:\/\/wp.ufpel.edu.br\/scs\/files\/2010\/08\/2009_11.pdf\">Altera a Resolu\u00e7\u00e3o 04\/2007, que normatiza o Programa de Bolsas de Aux\u00edlio Viagem (BAV) a alunos da Universidade Federal de Pelotas \u2013 UFPel.<\/a><\/p>\n<p>2009\/12 &#8211; <a href=\"https:\/\/wp.ufpel.edu.br\/scs\/files\/2010\/08\/2009_12.pdf\">Aprova a altera\u00e7\u00e3o da Resolu\u00e7\u00e3o 06\/2007 que trata do Regimento do Restaurante Escola da UFPel.<\/a><\/p>\n<p>2009\/13 &#8211; <a href=\"https:\/\/wp.ufpel.edu.br\/scs\/files\/2010\/08\/2009_13.pdf\">Altera a Resolu\u00e7\u00e3o n\u00ba 05\/2009, que trata da normatiza\u00e7\u00e3o dos Est\u00e1gios Probat\u00f3rios Realizados por Professores da UFPel, acrescentando o artigo 17.<\/a><\/p>\n<p>2009\/14 &#8211; <a href=\"https:\/\/wp.ufpel.edu.br\/scs\/files\/2010\/08\/2009_14.pdf\">Altera os artigos 7\u00ba, 10, 15, 16, 18 e 24 da Resolu\u00e7\u00e3o n\u00ba 09\/2009 do COCEPE que trata das Normas e Procedimentos para a Contrata\u00e7\u00e3o de Professor Substituto na Universidade Federal de Pelotas \u2013 UFPel.<\/a><\/p>\n<p>2009\/15 &#8211; <a href=\"https:\/\/wp.ufpel.edu.br\/scs\/files\/2010\/08\/2009_15.pdf\">Altera o par\u00e1grafo terceiro do Artigo 4\u00ba da Resolu\u00e7\u00e3o 02\/99 do COCEPE.<\/a><\/p>\n<p>2009\/16 &#8211; <a href=\"https:\/\/wp.ufpel.edu.br\/scs\/files\/2010\/08\/2009_16.pdf\">Revoga a Resolu\u00e7\u00e3o n\u00ba 11\/92 e cria o Programa de Forma\u00e7\u00e3o\/Integra\u00e7\u00e3o do Professor Ingressante \u00e0 Cultura Acad\u00eamica da UFPel.<\/a><\/p>\n<p>2009\/17 &#8211; <a href=\"https:\/\/wp.ufpel.edu.br\/scs\/files\/2010\/08\/2009_17.pdf\">Determina que doravante fica estipulada a obrigatoriedade de grava\u00e7\u00e3o das provas orais e did\u00e1ticas nos Concursos P\u00fablicos, para provimento de vagas docentes, ocorridos na UFPel.<\/a><\/p>\n<p>2009\/18 &#8211; <a href=\"https:\/\/wp.ufpel.edu.br\/scs\/files\/2010\/08\/2009_18.pdf\">Aprova o Regimento Interno do N\u00facleo de Educa\u00e7\u00e3o T\u00e9cnica e Tecnol\u00f3gica Aberta e a Dist\u00e2ncia \u2013 NETTAD &#8211; CAVG.<\/a><\/p>\n","protected":false},"excerpt":{"rendered":"<p>2009\/01 &#8211; Aprova \u201cad referendum\u201d do COCEPE, os concursos p\u00fablicos para provimento de cargo de Professor de Ensino B\u00e1sico, T\u00e9cnico e Tecnol\u00f3gico. 2009\/02 &#8211; Altera a reda\u00e7\u00e3o do Art. 9\u00ba da Resolu\u00e7\u00e3o n\u00ba 02\/99. 2009\/03 &#8211; Normatiza os Est\u00e1gios obrigat\u00f3rios e n\u00e3o obrigat\u00f3rios, concedidos pela Universidade Federal de Pelotas. 2009\/04 &#8211; Normatiza os Est\u00e1gios obrigat\u00f3rios [&hellip;]<\/p>\n","protected":false},"author":29,"featured_media":0,"parent":196,"menu_order":7,"comment_status":"closed","ping_status":"closed","template":"","meta":{"footnotes":""},"class_list":["post-296","page","type-page","status-publish","hentry"],"_links":{"self":[{"href":"https:\/\/wp.ufpel.edu.br\/scs\/wp-json\/wp\/v2\/pages\/296","targetHints":{"allow":["GET"]}}],"collection":[{"href":"https:\/\/wp.ufpel.edu.br\/scs\/wp-json\/wp\/v2\/pages"}],"about":[{"href":"https:\/\/wp.ufpel.edu.br\/scs\/wp-json\/wp\/v2\/types\/page"}],"author":[{"embeddable":true,"href":"https:\/\/wp.ufpel.edu.br\/scs\/wp-json\/wp\/v2\/users\/29"}],"replies":[{"embeddable":true,"href":"https:\/\/wp.ufpel.edu.br\/scs\/wp-json\/wp\/v2\/comments?post=296"}],"version-history":[{"count":8,"href":"https:\/\/wp.ufpel.edu.br\/scs\/wp-json\/wp\/v2\/pages\/296\/revisions"}],"predecessor-version":[{"id":9547,"href":"https:\/\/wp.ufpel.edu.br\/scs\/wp-json\/wp\/v2\/pages\/296\/revisions\/9547"}],"up":[{"embeddable":true,"href":"https:\/\/wp.ufpel.edu.br\/scs\/wp-json\/wp\/v2\/pages\/196"}],"wp:attachment":[{"href":"https:\/\/wp.ufpel.edu.br\/scs\/wp-json\/wp\/v2\/media?parent=296"}],"curies":[{"name":"wp","href":"https:\/\/api.w.org\/{rel}","templated":true}]}}