{"id":1675,"date":"2014-04-10T17:15:50","date_gmt":"2014-04-10T20:15:50","guid":{"rendered":"https:\/\/wp.ufpel.edu.br\/scs\/?page_id=1675"},"modified":"2017-04-24T10:33:17","modified_gmt":"2017-04-24T13:33:17","slug":"2014-2","status":"publish","type":"page","link":"https:\/\/wp.ufpel.edu.br\/scs\/consun\/atas\/2014-2\/","title":{"rendered":"2014"},"content":{"rendered":"<p>Ata 01.14 &#8211; <a title=\"Ata CONSUN 012014\" href=\"https:\/\/wp.ufpel.edu.br\/scs\/files\/2014\/04\/Ata-012014.pdf\" target=\"_blank\">Reuni\u00e3o de 23.01.2014<\/a><\/p>\n<p>Ata 02.14 &#8211; <a title=\"Ata CONSUN 02\/2014\" href=\"https:\/\/wp.ufpel.edu.br\/scs\/files\/2014\/04\/Ata-022014.pdf\" target=\"_blank\">Reuni\u00e3o de 21.02.2014<\/a><\/p>\n<p>Ata 03.14 &#8211; <a title=\"Ata CONSUN 03\/2014\" href=\"https:\/\/wp.ufpel.edu.br\/scs\/files\/2014\/01\/Ata-032014.pdf\" target=\"_blank\">Reuni\u00e3o de 08.04.2014 &#8211; 14h<\/a><\/p>\n<p>Ata 04.14 &#8211; <a title=\"Ata CONSUN 04\/2014\" href=\"https:\/\/wp.ufpel.edu.br\/scs\/files\/2014\/04\/Ata-0420141.pdf\" target=\"_blank\">Reuni\u00e3o de 08.04.2014 &#8211; 15h30min<\/a><\/p>\n<p>Ata 05.14 &#8211; <a title=\"Ata CONSUN 05\/2014\" href=\"https:\/\/wp.ufpel.edu.br\/scs\/files\/2014\/04\/Ata-052014.pdf\" target=\"_blank\">Reuni\u00e3o de 09.05.2014<\/a><\/p>\n<p>Ata 06.14 &#8211; <a title=\"Ata CONSUN 06\/2014\" href=\"https:\/\/wp.ufpel.edu.br\/scs\/files\/2014\/04\/Ata-062014.pdf\" target=\"_blank\">Reuni\u00e3o de 15.05.2014<\/a><\/p>\n<p>Ata 07.14 &#8211; <a title=\"Ata CONSUN 07\/2014\" href=\"https:\/\/wp.ufpel.edu.br\/scs\/files\/2014\/04\/Ata-072014.pdf\" target=\"_blank\">Reuni\u00e3o de 22.07.2014<\/a><\/p>\n<p>Ata 08.14 &#8211; <a title=\"Ata CONSUN 08\/2014\" href=\"https:\/\/wp.ufpel.edu.br\/scs\/files\/2014\/04\/Ata-082014.pdf\" target=\"_blank\">Reuni\u00e3o de 24.07.2014<\/a><\/p>\n<p>Ata 09.14 &#8211; <a href=\"https:\/\/wp.ufpel.edu.br\/scs\/files\/2014\/04\/Ata-092014-CONSUN.pdf\">Reuni\u00e3o de 27.08.2014<\/a><\/p>\n<p>Ata 10.14 &#8211; <a title=\"Ata CONSUN 10\/2014\" href=\"https:\/\/wp.ufpel.edu.br\/scs\/files\/2014\/04\/Ata-102014.pdf\" target=\"_blank\">Reuni\u00e3o de 01.09.2014<\/a><\/p>\n<p>Ata 11.14 &#8211; <a title=\"Ata CONSUN 11\/2014\" href=\"https:\/\/wp.ufpel.edu.br\/scs\/files\/2014\/04\/Ata-112014.pdf\" target=\"_blank\">Reuni\u00e3o de 30.09.2014<\/a><\/p>\n<p>Ata 12.14 &#8211; <a href=\"https:\/\/wp.ufpel.edu.br\/scs\/files\/2014\/04\/Ata-122014.pdf\" target=\"_blank\">Reuni\u00e3o de 08.10.2014<\/a><\/p>\n<p>Ata 13.14 &#8211; <a href=\"https:\/\/wp.ufpel.edu.br\/scs\/files\/2014\/04\/Ata-132014.pdf\" target=\"_blank\">Reuni\u00e3o de 19.12.2014<\/a><\/p>\n<p>&nbsp;<\/p>\n<p>Ata Conjunta 01.14 &#8211; Reuni\u00e3o de 20.05.2014<\/p>\n<p>Ata Conjunta 02.14 &#8211; Reuni\u00e3o de 26.05.2014<\/p>\n<p>&nbsp;<\/p>\n<p>&nbsp;<\/p>\n","protected":false},"excerpt":{"rendered":"<p>Ata 01.14 &#8211; Reuni\u00e3o de 23.01.2014 Ata 02.14 &#8211; Reuni\u00e3o de 21.02.2014 Ata 03.14 &#8211; Reuni\u00e3o de 08.04.2014 &#8211; 14h Ata 04.14 &#8211; Reuni\u00e3o de 08.04.2014 &#8211; 15h30min Ata 05.14 &#8211; Reuni\u00e3o de 09.05.2014 Ata 06.14 &#8211; Reuni\u00e3o de 15.05.2014 Ata 07.14 &#8211; Reuni\u00e3o de 22.07.2014 Ata 08.14 &#8211; Reuni\u00e3o de 24.07.2014 Ata 09.14 &#8211; [&hellip;]<\/p>\n","protected":false},"author":29,"featured_media":0,"parent":1479,"menu_order":1,"comment_status":"closed","ping_status":"closed","template":"","meta":{"footnotes":""},"class_list":["post-1675","page","type-page","status-publish","hentry"],"_links":{"self":[{"href":"https:\/\/wp.ufpel.edu.br\/scs\/wp-json\/wp\/v2\/pages\/1675","targetHints":{"allow":["GET"]}}],"collection":[{"href":"https:\/\/wp.ufpel.edu.br\/scs\/wp-json\/wp\/v2\/pages"}],"about":[{"href":"https:\/\/wp.ufpel.edu.br\/scs\/wp-json\/wp\/v2\/types\/page"}],"author":[{"embeddable":true,"href":"https:\/\/wp.ufpel.edu.br\/scs\/wp-json\/wp\/v2\/users\/29"}],"replies":[{"embeddable":true,"href":"https:\/\/wp.ufpel.edu.br\/scs\/wp-json\/wp\/v2\/comments?post=1675"}],"version-history":[{"count":12,"href":"https:\/\/wp.ufpel.edu.br\/scs\/wp-json\/wp\/v2\/pages\/1675\/revisions"}],"predecessor-version":[{"id":2996,"href":"https:\/\/wp.ufpel.edu.br\/scs\/wp-json\/wp\/v2\/pages\/1675\/revisions\/2996"}],"up":[{"embeddable":true,"href":"https:\/\/wp.ufpel.edu.br\/scs\/wp-json\/wp\/v2\/pages\/1479"}],"wp:attachment":[{"href":"https:\/\/wp.ufpel.edu.br\/scs\/wp-json\/wp\/v2\/media?parent=1675"}],"curies":[{"name":"wp","href":"https:\/\/api.w.org\/{rel}","templated":true}]}}