{"id":10413,"date":"2026-02-20T15:33:22","date_gmt":"2026-02-20T18:33:22","guid":{"rendered":"https:\/\/wp.ufpel.edu.br\/scs\/?page_id=10413"},"modified":"2026-04-22T09:07:04","modified_gmt":"2026-04-22T12:07:04","slug":"resolucoes-cocepe-2026","status":"publish","type":"page","link":"https:\/\/wp.ufpel.edu.br\/scs\/cocepe\/resolucoes\/resolucoes-cocepe-2026\/","title":{"rendered":"Resolu\u00e7\u00f5es COCEPE 2026"},"content":{"rendered":"<p>Resolu\u00e7\u00e3o n\u00ba 103 do COCEPE, de 12 de fevereiro de 2026 \u2013 <a href=\"https:\/\/wp.ufpel.edu.br\/scs\/files\/2026\/02\/SEI_3688282_Resolucao_103.pdf\">Disp\u00f5e sobre a Regulamenta\u00e7\u00e3o do Programa de Perman\u00eancia para pessoas estudantes ind\u00edgenas e quilombolas regularmente matriculadas nos cursos de gradua\u00e7\u00e3o da UFPel.<\/a>\u00a0<span style=\"font-size: 10pt;\">Revoga a Resolu\u00e7\u00e3o COCEPE 50\/2023.<\/span><\/p>\n<p>Resolu\u00e7\u00e3o n\u00ba 104 do COCEPE, de 26 de mar\u00e7o de 2026 &#8211; <a href=\"https:\/\/wp.ufpel.edu.br\/scs\/files\/2026\/03\/SEI_3764576_Resolucao_104_2026.pdf\">Aprova o Programa de Aux\u00edlio Alimenta\u00e7\u00e3o da UFPEL<\/a>\u00a0&#8211; <span style=\"font-size: 10pt;\">Revoga a Resolu\u00e7\u00e3o n\u00ba 96\/2025.<\/span><\/p>\n<p class=\"Texto_Centralizado_Maiusculas\">Resolu\u00e7\u00e3o n\u00ba 105 do COCEPE, de 02 de abril de 2026 &#8211; <a href=\"https:\/\/wp.ufpel.edu.br\/scs\/files\/2026\/04\/SEI_3777716_Resolucao_105.pdf\">Aprova o Programa Institucional de Pedagogia Universit\u00e1ria \u2013 Forma\u00e7\u00e3o Permanente do Corpo Docente. <\/a><span style=\"font-size: 10pt;\">Revoga a Resolu\u00e7\u00e3o COCEPE 15\/2017.<\/span><\/p>\n<p>Resolu\u00e7\u00e3o N\u00ba 106 do COCEPE de 16 de abril de 2026 &#8211; <a href=\"https:\/\/wp.ufpel.edu.br\/scs\/files\/2026\/04\/SEI_3804190_Resolucao_106_2026.pdf\">Aprova a Normativa Institucional do Programa de Assist\u00eancia Estudantil (PAE) na UFPel vinculado \u00e0 PNAES. &#8211; <\/a><span style=\"font-size: 10pt;\">Revoga e Resolu\u00e7\u00e3o COCEPE 102\/2025<\/span><\/p>\n<p>Resolu\u00e7\u00e3o N\u00ba 107 do COCEPE de 16 de abril de 2026 &#8211; <a href=\"https:\/\/wp.ufpel.edu.br\/scs\/files\/2026\/04\/SEI_3805950_Resolucao_107_2026.pdf\">Disp\u00f5e sobre o aproveitamento de estudos realizados no \u00e2mbito do Programa Institucional de Bolsas de Inicia\u00e7\u00e3o \u00e0 Doc\u00eancia &#8211; PIBID para c\u00f4mputo de carga hor\u00e1ria dos est\u00e1gios curriculares supervisionados e\/ou estudos integradores dos cursos de licenciatura da Universidade Federal de Pelotas.<\/a><\/p>\n","protected":false},"excerpt":{"rendered":"<p>Resolu\u00e7\u00e3o n\u00ba 103 do COCEPE, de 12 de fevereiro de 2026 \u2013 Disp\u00f5e sobre a Regulamenta\u00e7\u00e3o do Programa de Perman\u00eancia para pessoas estudantes ind\u00edgenas e quilombolas regularmente matriculadas nos cursos de gradua\u00e7\u00e3o da UFPel.\u00a0Revoga a Resolu\u00e7\u00e3o COCEPE 50\/2023. Resolu\u00e7\u00e3o n\u00ba 104 do COCEPE, de 26 de mar\u00e7o de 2026 &#8211; Aprova o Programa de Aux\u00edlio [&hellip;]<\/p>\n","protected":false},"author":29,"featured_media":0,"parent":196,"menu_order":0,"comment_status":"closed","ping_status":"closed","template":"","meta":{"footnotes":""},"class_list":["post-10413","page","type-page","status-publish","hentry"],"_links":{"self":[{"href":"https:\/\/wp.ufpel.edu.br\/scs\/wp-json\/wp\/v2\/pages\/10413","targetHints":{"allow":["GET"]}}],"collection":[{"href":"https:\/\/wp.ufpel.edu.br\/scs\/wp-json\/wp\/v2\/pages"}],"about":[{"href":"https:\/\/wp.ufpel.edu.br\/scs\/wp-json\/wp\/v2\/types\/page"}],"author":[{"embeddable":true,"href":"https:\/\/wp.ufpel.edu.br\/scs\/wp-json\/wp\/v2\/users\/29"}],"replies":[{"embeddable":true,"href":"https:\/\/wp.ufpel.edu.br\/scs\/wp-json\/wp\/v2\/comments?post=10413"}],"version-history":[{"count":3,"href":"https:\/\/wp.ufpel.edu.br\/scs\/wp-json\/wp\/v2\/pages\/10413\/revisions"}],"predecessor-version":[{"id":10552,"href":"https:\/\/wp.ufpel.edu.br\/scs\/wp-json\/wp\/v2\/pages\/10413\/revisions\/10552"}],"up":[{"embeddable":true,"href":"https:\/\/wp.ufpel.edu.br\/scs\/wp-json\/wp\/v2\/pages\/196"}],"wp:attachment":[{"href":"https:\/\/wp.ufpel.edu.br\/scs\/wp-json\/wp\/v2\/media?parent=10413"}],"curies":[{"name":"wp","href":"https:\/\/api.w.org\/{rel}","templated":true}]}}

Resoluções COCEPE 2026

<p>Resolução nº 103 do COCEPE, de 12 de fevereiro de 2026 – <a href="https://wp.ufpel.edu.br/scs/files/2026/02/SEI_3688282_Resolucao_103.pdf">Dispõe sobre a Regulamentação do Programa de Permanência para pessoas estudantes indígenas e quilombolas regularmente matriculadas nos cursos de graduação da UFPel.</a> <span style="font-size: 10pt;">Revoga a Resolução COCEPE 50/2023.</span></p>
<p>Resolução nº 104 do COCEPE, de 26 de março de 2026 &#8211; <a href="https://wp.ufpel.edu.br/scs/files/2026/03/SEI_3764576_Resolucao_104_2026.pdf">Aprova o Programa de Auxílio Alimentação da UFPEL</a> &#8211; <span style="font-size: 10pt;">Revoga a Resolução nº 96/2025.</span></p>
<p class="Texto_Centralizado_Maiusculas">Resolução nº 105 do COCEPE, de 02 de abril de 2026 &#8211; <a href="https://wp.ufpel.edu.br/scs/files/2026/04/SEI_3777716_Resolucao_105.pdf">Aprova o Programa Institucional de Pedagogia Universitária – Formação Permanente do Corpo Docente. </a><span style="font-size: 10pt;">Revoga a Resolução COCEPE 15/2017.</span></p>
<p>Resolução Nº 106 do COCEPE de 16 de abril de 2026 &#8211; <a href="https://wp.ufpel.edu.br/scs/files/2026/04/SEI_3804190_Resolucao_106_2026.pdf">Aprova a Normativa Institucional do Programa de Assistência Estudantil (PAE) na UFPel vinculado à PNAES. &#8211; </a><span style="font-size: 10pt;">Revoga e Resolução COCEPE 102/2025</span></p>
<p>Resolução Nº 107 do COCEPE de 16 de abril de 2026 &#8211; <a href="https://wp.ufpel.edu.br/scs/files/2026/04/SEI_3805950_Resolucao_107_2026.pdf">Dispõe sobre o aproveitamento de estudos realizados no âmbito do Programa Institucional de Bolsas de Iniciação à Docência &#8211; PIBID para cômputo de carga horária dos estágios curriculares supervisionados e/ou estudos integradores dos cursos de licenciatura da Universidade Federal de Pelotas.</a></p>

<p>Resolução nº 103 do COCEPE, de 12 de fevereiro de 2026 – Dispõe sobre a Regulamentação do Programa de Permanência para pessoas estudantes indígenas e quilombolas regularmente matriculadas nos cursos de graduação da UFPel. Revoga a Resolução COCEPE 50/2023. Resolução nº 104 do COCEPE, de 26 de março de 2026 &#8211; Aprova o Programa de Auxílio [&hellip;]</p>
