{"id":5,"date":"2019-04-30T11:04:01","date_gmt":"2019-04-30T14:04:01","guid":{"rendered":"https:\/\/wp.ufpel.edu.br\/scpufpel\/?page_id=5"},"modified":"2019-05-06T18:18:23","modified_gmt":"2019-05-06T21:18:23","slug":"sobre-o-evento","status":"publish","type":"page","link":"https:\/\/wp.ufpel.edu.br\/scpufpel\/sobre-o-evento\/","title":{"rendered":"Sobre o evento"},"content":{"rendered":"<p><img class=\"size-medium wp-image-47 aligncenter\" src=\"https:\/\/wp.ufpel.edu.br\/scpufpel\/files\/2019\/05\/banner_site_scpufpel-400x88.jpg\" alt=\"\" width=\"400\" height=\"88\" srcset=\"https:\/\/wp.ufpel.edu.br\/scpufpel\/files\/2019\/05\/banner_site_scpufpel-400x88.jpg 400w, https:\/\/wp.ufpel.edu.br\/scpufpel\/files\/2019\/05\/banner_site_scpufpel-768x169.jpg 768w, https:\/\/wp.ufpel.edu.br\/scpufpel\/files\/2019\/05\/banner_site_scpufpel.jpg 800w\" sizes=\"(max-width: 400px) 100vw, 400px\" \/><\/p>\n<p style=\"text-align: justify\">O <strong>I Semin\u00e1rio de Ci\u00eancia Pol\u00edtica da UFPel<\/strong> \u00e9 um evento pensado e organizado por parte do corpo discente do Programa de P\u00f3s-Gradua\u00e7\u00e3o em Ci\u00eancia Pol\u00edtica da Universidade Federal de Pelotas (PPGCPOL|UFPel) e sua primeira edi\u00e7\u00e3o ser\u00e1 realizada na cidade de Pelotas, no sul do estado do Rio Grande do Sul, entre os dias 22 e 23 de agosto de 2019.<\/p>\n<p style=\"text-align: justify\">A atividade proposta busca integrar as pesquisas que est\u00e3o sendo realizadas pelas\/pelos estudantes do nosso Programa com as pesquisas externas a ele. Na interpreta\u00e7\u00e3o das\/dos organizadores do evento, \u00e9 necess\u00e1rio que exista uma maior comunica\u00e7\u00e3o das\/dos estudantes do PPGCPOL com o corpo discente dos demais Programas de P\u00f3s-Gradua\u00e7\u00e3o em Ci\u00eancia Pol\u00edtica do pa\u00eds.<\/p>\n<p style=\"text-align: justify\">O <strong>I Semin\u00e1rio de Ci\u00eancia Pol\u00edtica da UFPel<\/strong> busca contribuir, assim, para a aprendizagem coletiva, e, indo ao encontro do objetivo cient\u00edfico de divulga\u00e7\u00e3o de resultados parciais de pesquisa, visa a troca de experi\u00eancias e conex\u00f5es acad\u00eamicas que contribuam com as forma\u00e7\u00f5es discentes.<\/p>\n<p style=\"text-align: justify\">Contando com o apoio do corpo docente do PPGCPOL, da Coordena\u00e7\u00e3o do Programa e da Dire\u00e7\u00e3o do Instituto de Filosofia, Sociologia e Pol\u00edtica (IFISP|UFPel), o Semin\u00e1rio ir\u00e1, de forma intensa, com atividades concentradas em dois dias, promover palestras com professores convidados, sess\u00f5es de apresenta\u00e7\u00e3o de trabalhos, entre outras atividades a serem integradas \u00e0 programa\u00e7\u00e3o.<\/p>\n<p>O p\u00fablico alvo do evento s\u00e3o estudantes de Programa de P\u00f3s-Gradua\u00e7\u00e3o em Ci\u00eancia Pol\u00edtica e \u00e1reas afins de todo o pa\u00eds, havendo tamb\u00e9m, entre os Grupos de Trabalho, um espa\u00e7o reservado \u00e0 participa\u00e7\u00e3o de graduandas\/os. Como ouvintes, s\u00e3o bem-vindas todas as pessoas que, sejam da comunidade acad\u00eamica ou n\u00e3o, tenham interesse pelo tema.<\/p>\n<p>Ap\u00f3s a realiza\u00e7\u00e3o do evento, os trabalhos apresentados nos Grupos de Trabalho ser\u00e3o publicados no site, sob a forma de Anais Online.<\/p>\n<p>Informa\u00e7\u00f5es sobre o evento, cronograma, submiss\u00e3o de resumos podem ser encontradas no Menu do site.<\/p>\n","protected":false},"excerpt":{"rendered":"<p>O I Semin\u00e1rio de Ci\u00eancia Pol\u00edtica da UFPel \u00e9 um evento pensado e organizado por parte do corpo discente do Programa de P\u00f3s-Gradua\u00e7\u00e3o em Ci\u00eancia Pol\u00edtica da Universidade Federal de Pelotas (PPGCPOL|UFPel) e sua primeira edi\u00e7\u00e3o ser\u00e1 realizada na cidade de Pelotas, no sul do estado do Rio Grande do Sul, entre os dias 22 [&hellip;]<\/p>\n","protected":false},"author":880,"featured_media":0,"parent":0,"menu_order":0,"comment_status":"closed","ping_status":"closed","template":"","meta":{"_crdt_document":"","footnotes":""},"class_list":["post-5","page","type-page","status-publish","hentry"],"_links":{"self":[{"href":"https:\/\/wp.ufpel.edu.br\/scpufpel\/wp-json\/wp\/v2\/pages\/5","targetHints":{"allow":["GET"]}}],"collection":[{"href":"https:\/\/wp.ufpel.edu.br\/scpufpel\/wp-json\/wp\/v2\/pages"}],"about":[{"href":"https:\/\/wp.ufpel.edu.br\/scpufpel\/wp-json\/wp\/v2\/types\/page"}],"author":[{"embeddable":true,"href":"https:\/\/wp.ufpel.edu.br\/scpufpel\/wp-json\/wp\/v2\/users\/880"}],"replies":[{"embeddable":true,"href":"https:\/\/wp.ufpel.edu.br\/scpufpel\/wp-json\/wp\/v2\/comments?post=5"}],"version-history":[{"count":4,"href":"https:\/\/wp.ufpel.edu.br\/scpufpel\/wp-json\/wp\/v2\/pages\/5\/revisions"}],"predecessor-version":[{"id":48,"href":"https:\/\/wp.ufpel.edu.br\/scpufpel\/wp-json\/wp\/v2\/pages\/5\/revisions\/48"}],"wp:attachment":[{"href":"https:\/\/wp.ufpel.edu.br\/scpufpel\/wp-json\/wp\/v2\/media?parent=5"}],"curies":[{"name":"wp","href":"https:\/\/api.w.org\/{rel}","templated":true}]}}